CREATE TEMPORARY TABLE IF NOT EXISTS `INNODB_SYS_DATAFILES` (
  `SPACE` int(11) unsigned NOT NULL DEFAULT '0',
  `PATH` varchar(4000) NOT NULL DEFAULT ''
) TYPE=MEMORY;

# Dumping data for table information_schema.INNODB_SYS_DATAFILES: -1 rows
DELETE FROM `INNODB_SYS_DATAFILES`;
INSERT INTO `INNODB_SYS_DATAFILES` (`SPACE`, `PATH`) VALUES (1, '.\\mysql\\innodb_table_stats.ibd'), (2, '.\\mysql\\innodb_index_stats.ibd'), (3, '.\\mysql\\slave_relay_log_info.ibd'), (4, '.\\mysql\\slave_master_info.ibd'), (5, '.\\mysql\\slave_worker_info.ibd'), (170, '.\\biec_application\\biec_email_message.ibd'), (194, '.\\biec_application\\biec_firms.ibd'), (195, '.\\biec_application\\biec_indirect_exhibitor_product.ibd'), (198, '.\\biec_application\\biec_master_products.ibd'), (199, '.\\biec_application\\biec_master_prod_category.ibd'), (200, '.\\biec_application\\biec_master_signature_logo.ibd'), (201, '.\\biec_application\\biec_master_status.ibd'), (206, '.\\biec_application\\biec_members_collaboration.ibd'), (207, '.\\biec_application\\biec_members_documents.ibd'), (209, '.\\biec_application\\biec_members_foreign_collaboration.ibd'), (210, '.\\biec_application\\biec_members_imtma_activities_backup.ibd'), (213, '.\\biec_application\\biec_members_invoice_arrears.ibd'), (214, '.\\biec_application\\biec_members_production_data.ibd'), (215, '.\\biec_application\\biec_members_proposer_entries.ibd'), (217, '.\\biec_application\\biec_roles.ibd'), (222, '.\\biec_application\\reg_office_address.ibd'), (225, '.\\biec_application\\biec_exhibition_catalogue.ibd'), (232, '.\\biec_application\\biec_exhibition_misc_entries.ibd'), (233, '.\\biec_application\\biec_exhibition_security.ibd'), (235, '.\\biec_application\\biec_catalogue_rate_entry.ibd'), (242, '.\\biec_application\\biec_exhibitor_misc_payment_data.ibd'), (248, '.\\biec_application\\biec_misc_exhibitor_refund.ibd'), (249, '.\\biec_application\\biec_user_sessions.ibd'), (251, '.\\biec_application\\biec_users.ibd'), (451, '.\\orangehrmsnew\\hs_hr_attendance.ibd'), (452, '.\\orangehrmsnew\\hs_hr_compstructtree.ibd'), (453, '.\\orangehrmsnew\\hs_hr_comp_property.ibd'), (454, '.\\orangehrmsnew\\hs_hr_config.ibd'), (455, '.\\orangehrmsnew\\hs_hr_country.ibd'), (456, '.\\orangehrmsnew\\hs_hr_currency_type.ibd');
INSERT INTO `INNODB_SYS_DATAFILES` (`SPACE`, `PATH`) VALUES (457, '.\\orangehrmsnew\\hs_hr_customer.ibd'), (458, '.\\orangehrmsnew\\hs_hr_custom_export.ibd'), (459, '.\\orangehrmsnew\\hs_hr_custom_fields.ibd'), (460, '.\\orangehrmsnew\\hs_hr_custom_import.ibd'), (461, '.\\orangehrmsnew\\hs_hr_db_version.ibd'), (462, '.\\orangehrmsnew\\hs_hr_developer.ibd'), (463, '.\\orangehrmsnew\\hs_hr_district.ibd'), (464, '.\\orangehrmsnew\\hs_hr_education.ibd'), (465, '.\\orangehrmsnew\\hs_hr_eec.ibd'), (466, '.\\orangehrmsnew\\hs_hr_employee.ibd'), (467, '.\\orangehrmsnew\\hs_hr_employee_leave_quota.ibd'), (468, '.\\orangehrmsnew\\hs_hr_employee_timesheet_period.ibd'), (469, '.\\orangehrmsnew\\hs_hr_employee_workshift.ibd'), (470, '.\\orangehrmsnew\\hs_hr_empreport.ibd'), (471, '.\\orangehrmsnew\\hs_hr_emprep_usergroup.ibd'), (472, '.\\orangehrmsnew\\hs_hr_empstat.ibd'), (473, '.\\orangehrmsnew\\hs_hr_emp_attachment.ibd'), (474, '.\\orangehrmsnew\\hs_hr_emp_basicsalary.ibd'), (475, '.\\orangehrmsnew\\hs_hr_emp_children.ibd'), (476, '.\\orangehrmsnew\\hs_hr_emp_contract_extend.ibd'), (477, '.\\orangehrmsnew\\hs_hr_emp_dependents.ibd'), (478, '.\\orangehrmsnew\\hs_hr_emp_directdebit.ibd'), (479, '.\\orangehrmsnew\\hs_hr_emp_education.ibd'), (480, '.\\orangehrmsnew\\hs_hr_emp_emergency_contacts.ibd'), (481, '.\\orangehrmsnew\\hs_hr_emp_history_of_ealier_pos.ibd'), (482, '.\\orangehrmsnew\\hs_hr_emp_jobtitle_history.ibd'), (483, '.\\orangehrmsnew\\hs_hr_emp_language.ibd'), (484, '.\\orangehrmsnew\\hs_hr_emp_licenses.ibd'), (485, '.\\orangehrmsnew\\hs_hr_emp_locations.ibd'), (486, '.\\orangehrmsnew\\hs_hr_emp_location_history.ibd'), (487, '.\\orangehrmsnew\\hs_hr_emp_member_detail.ibd'), (488, '.\\orangehrmsnew\\hs_hr_emp_passport.ibd'), (489, '.\\orangehrmsnew\\hs_hr_emp_picture.ibd'), (490, '.\\orangehrmsnew\\hs_hr_emp_reportto.ibd'), (491, '.\\orangehrmsnew\\hs_hr_emp_skill.ibd');
INSERT INTO `INNODB_SYS_DATAFILES` (`SPACE`, `PATH`) VALUES (492, '.\\orangehrmsnew\\hs_hr_emp_somu.ibd'), (493, '.\\orangehrmsnew\\hs_hr_emp_subdivision_history.ibd'), (494, '.\\orangehrmsnew\\hs_hr_emp_us_tax.ibd'), (495, '.\\orangehrmsnew\\hs_hr_emp_work_experience.ibd'), (496, '.\\orangehrmsnew\\hs_hr_ethnic_race.ibd'), (497, '.\\orangehrmsnew\\hs_hr_file_version.ibd'), (498, '.\\orangehrmsnew\\hs_hr_genderinfo.ibd'), (499, '.\\orangehrmsnew\\hs_hr_geninfo.ibd'), (500, '.\\orangehrmsnew\\hs_hr_hcs_utility.ibd'), (501, '.\\orangehrmsnew\\hs_hr_holidays.ibd'), (502, '.\\orangehrmsnew\\hs_hr_hsp.ibd'), (503, '.\\orangehrmsnew\\hs_hr_hsp_payment_request.ibd'), (504, '.\\orangehrmsnew\\hs_hr_hsp_summary.ibd'), (505, '.\\orangehrmsnew\\hs_hr_jobtit_empstat.ibd'), (506, '.\\orangehrmsnew\\hs_hr_job_application.ibd'), (507, '.\\orangehrmsnew\\hs_hr_job_application_events.ibd'), (508, '.\\orangehrmsnew\\hs_hr_job_spec.ibd'), (509, '.\\orangehrmsnew\\hs_hr_job_title.ibd'), (510, '.\\orangehrmsnew\\hs_hr_job_vacancy.ibd'), (511, '.\\orangehrmsnew\\hs_hr_kpi.ibd'), (512, '.\\orangehrmsnew\\hs_hr_language.ibd'), (513, '.\\orangehrmsnew\\hs_hr_leave.ibd'), (514, '.\\orangehrmsnew\\hs_hr_leavetype.ibd'), (515, '.\\orangehrmsnew\\hs_hr_leave_period.ibd'), (516, '.\\orangehrmsnew\\hs_hr_leave_requests.ibd'), (517, '.\\orangehrmsnew\\hs_hr_licenses.ibd'), (518, '.\\orangehrmsnew\\hs_hr_location.ibd'), (519, '.\\orangehrmsnew\\hs_hr_mailnotifications.ibd'), (520, '.\\orangehrmsnew\\hs_hr_membership.ibd'), (521, '.\\orangehrmsnew\\hs_hr_membership_type.ibd'), (522, '.\\orangehrmsnew\\hs_hr_module.ibd'), (523, '.\\orangehrmsnew\\hs_hr_nationality.ibd'), (524, '.\\orangehrmsnew\\hs_hr_payperiod.ibd'), (525, '.\\orangehrmsnew\\hs_hr_pay_period.ibd'), (526, '.\\orangehrmsnew\\hs_hr_performance_review.ibd');
INSERT INTO `INNODB_SYS_DATAFILES` (`SPACE`, `PATH`) VALUES (527, '.\\orangehrmsnew\\hs_hr_performance_review_comments.ibd'), (528, '.\\orangehrmsnew\\hs_hr_project.ibd'), (529, '.\\orangehrmsnew\\hs_hr_project_activity.ibd'), (530, '.\\orangehrmsnew\\hs_hr_project_admin.ibd'), (531, '.\\orangehrmsnew\\hs_hr_province.ibd'), (532, '.\\orangehrmsnew\\hs_hr_rights.ibd'), (533, '.\\orangehrmsnew\\hs_hr_skill.ibd'), (534, '.\\orangehrmsnew\\hs_hr_timesheet.ibd'), (535, '.\\orangehrmsnew\\hs_hr_timesheet_submission_period.ibd'), (536, '.\\orangehrmsnew\\hs_hr_time_event.ibd'), (537, '.\\orangehrmsnew\\hs_hr_unique_id.ibd'), (538, '.\\orangehrmsnew\\hs_hr_users.ibd'), (539, '.\\orangehrmsnew\\hs_hr_user_group.ibd'), (540, '.\\orangehrmsnew\\hs_hr_versions.ibd'), (541, '.\\orangehrmsnew\\hs_hr_weekends.ibd'), (542, '.\\orangehrmsnew\\hs_hr_workshift.ibd'), (543, '.\\orangehrmsnew\\hs_pr_salary_currency_detail.ibd'), (544, '.\\orangehrmsnew\\hs_pr_salary_grade.ibd'), (545, '.\\orangehrmsnew\\testtable.ibd'), (548, '.\\biec_application\\master_states.ibd'), (644, '.\\biec_application\\biec_members_executive_council.ibd'), (655, '.\\biec_application\\biec_members_ref_documents.ibd'), (736, '.\\biec_application\\biec_financial_invoice.ibd'), (743, '.\\biec_application\\biec_members_activity.ibd'), (744, '.\\biec_billing\\billing_roles.ibd'), (747, '.\\biec_billing\\billing_shows_conference_center.ibd'), (748, '.\\biec_billing\\billing_shows_deffer_payment_tracking.ibd'), (752, '.\\biec_billing\\billing_shows_payment_tracking.ibd'), (754, '.\\biec_billing\\billing_shows_utilities_serivices.ibd'), (755, '.\\biec_billing\\logins.ibd'), (756, '.\\biec_billing\\login_sessions.ibd'), (757, '.\\biec_billing\\master_bank_name.ibd'), (761, '.\\biec_billing\\master_modules.ibd'), (762, '.\\biec_billing\\master_module_items.ibd'), (766, '.\\biec_billing\\master_states.ibd');
INSERT INTO `INNODB_SYS_DATAFILES` (`SPACE`, `PATH`) VALUES (769, '.\\biec_billing\\users.ibd'), (774, '.\\biec_application\\biec_exhibitor_billing_address.ibd'), (779, '.\\biec_application\\biec_exhibitor_payment_schedule.ibd'), (780, '.\\biec_application\\biec_master_bank_name.ibd'), (781, '.\\biec_application\\biec_master_state_list.ibd'), (788, '.\\biec_billing\\billing_shows_number.ibd'), (790, '.\\biec_billing\\billing_shows_open_area.ibd'), (791, '.\\biec_application\\biec_graph_invoices.ibd'), (807, '.\\biec_application\\temp_representatives.ibd'), (809, '.\\bms\\admin_logins.ibd'), (810, '.\\bms\\admin_login_sessions.ibd'), (811, '.\\bms\\admin_modules.ibd'), (813, '.\\bms\\admin_roles.ibd'), (814, '.\\bms\\admin_users.ibd'), (818, '.\\bms\\master_exhibitions.ibd'), (819, '.\\bms\\master_subcategories.ibd'), (820, '.\\bms\\master_subsubcategories.ibd'), (821, '.\\bms\\payment_authorisation.ibd'), (824, '.\\bms\\admin_module_items.ibd'), (835, '.\\bms\\vendor.ibd'), (836, '.\\bms\\master_vendor_categories.ibd'), (838, '.\\bms\\budget_payment.ibd'), (840, '.\\bms\\ind_frn_income_summary.ibd'), (841, '.\\bms\\raw_shell_income_summary.ibd'), (842, '.\\bms\\income_summary.ibd'), (843, '.\\biec_application\\temp_join_date.ibd'), (854, '.\\biec_billing\\billing_shows_signage.ibd'), (855, '.\\bms\\master_categories.ibd'), (857, '.\\bms\\budget_list.ibd'), (858, '.\\bms\\budget_head_types.ibd'), (859, '.\\biec_application\\biec_compaints_user_sessions.ibd'), (860, '.\\biec_application\\biec_complaints_roles.ibd'), (861, '.\\biec_application\\biec_complaints_users.ibd'), (862, '.\\biec_application\\complaint_categories.ibd'), (864, '.\\biec_application\\master_complaint_modules.ibd');
INSERT INTO `INNODB_SYS_DATAFILES` (`SPACE`, `PATH`) VALUES (865, '.\\biec_application\\master_complaint_module_items.ibd'), (866, '.\\biec_application\\master_halls.ibd'), (869, '.\\bms\\invoice_soft_copies.ibd'), (870, '.\\bms\\invoice_soft_copy_attachments.ibd'), (873, '.\\biec_application\\complaint_attachements.ibd'), (874, '.\\biec_application\\exhibition_complaints.ibd'), (879, '.\\safedrive\\drive_list.ibd'), (884, '.\\biec_dmtx\\biec_catalogue_rate_entry.ibd'), (885, '.\\biec_dmtx\\biec_currency_master.ibd'), (886, '.\\biec_dmtx\\biec_email_message.ibd'), (888, '.\\biec_dmtx\\biec_exhibition_catalogue.ibd'), (894, '.\\biec_dmtx\\biec_exhibition_misc_entries.ibd'), (895, '.\\biec_dmtx\\biec_exhibition_security.ibd'), (904, '.\\biec_dmtx\\biec_exhibitor_misc_payment_data.ibd'), (906, '.\\biec_dmtx\\biec_exhibitor_payment_schedule.ibd'), (911, '.\\biec_dmtx\\biec_financial_invoice.ibd'), (912, '.\\biec_dmtx\\biec_firms.ibd'), (913, '.\\biec_dmtx\\biec_graph_invoices.ibd'), (914, '.\\biec_dmtx\\biec_indirect_exhibitor_product.ibd'), (915, '.\\biec_dmtx\\biec_master_bank_name.ibd'), (916, '.\\biec_dmtx\\biec_master_halls.ibd'), (917, '.\\biec_dmtx\\biec_master_products.ibd'), (918, '.\\biec_dmtx\\biec_master_prod_category.ibd'), (919, '.\\biec_dmtx\\biec_master_signature_logo.ibd'), (920, '.\\biec_dmtx\\biec_master_state_list.ibd'), (921, '.\\biec_dmtx\\biec_master_tax.ibd'), (922, '.\\biec_dmtx\\biec_misc_exhibitor_refund.ibd'), (923, '.\\biec_dmtx\\biec_roles.ibd'), (924, '.\\biec_dmtx\\biec_users.ibd'), (925, '.\\biec_dmtx\\biec_user_sessions.ibd'), (926, '.\\biec_dmtx\\master_halls.ibd'), (927, '.\\biec_dmtx\\master_modules.ibd'), (928, '.\\biec_dmtx\\master_module_items.ibd'), (929, '.\\biec_dmtx\\master_states.ibd'), (930, '.\\biec_dmtx\\reg_office_address.ibd');
INSERT INTO `INNODB_SYS_DATAFILES` (`SPACE`, `PATH`) VALUES (937, '.\\biec_dmtx\\biec_exhibitor_billing_address.ibd'), (941, '.\\biec_application\\biec_master_halls.ibd'), (967, '.\\bms\\purchase_order.ibd'), (968, '.\\biec_billing\\billing_shows_hall_details.ibd'), (969, '.\\biec_billing\\billing_shows_reduce_space.ibd'), (986, '.\\biec_dmtx\\biec_exhibitor_product.ibd'), (987, '.\\biec_application\\biec_exhibitor_product.ibd'), (1021, '.\\biec_billing\\billing_shows_miscellaneous.ibd'), (1049, '.\\hrms_db\\departments.ibd'), (1050, '.\\hrms_db\\employees.ibd'), (1051, '.\\hrms_db\\employee_admin_hod_link.ibd'), (1052, '.\\hrms_db\\employee_hod_link.ibd'), (1053, '.\\hrms_db\\hs_hr_compstructtree.ibd'), (1054, '.\\hrms_db\\hs_hr_employee.ibd'), (1055, '.\\hrms_db\\hs_hr_job_title.ibd'), (1056, '.\\hrms_db\\master_designation.ibd'), (1057, '.\\biec_application\\biec_exhibition_sponsorship_rate_entry.ibd'), (1058, '.\\biec_dmtx\\biec_exhibition_sponsorship_rate_entry.ibd'), (1068, '.\\biec_application\\biec_exhibitor_refund.ibd'), (1069, '.\\biec_dmtx\\biec_exhibitor_refund.ibd'), (1071, '.\\biec_travel\\app_logins.ibd'), (1072, '.\\biec_travel\\app_login_sessions.ibd'), (1073, '.\\biec_travel\\app_modules.ibd'), (1074, '.\\biec_travel\\app_module_items.ibd'), (1075, '.\\biec_travel\\app_roles.ibd'), (1076, '.\\biec_travel\\designations.ibd'), (1077, '.\\biec_travel\\error_messages.ibd'), (1078, '.\\biec_travel\\invoice_soft_copies.ibd'), (1079, '.\\biec_travel\\invoice_soft_copy_attachments.ibd'), (1080, '.\\biec_travel\\master_email_messages.ibd'), (1081, '.\\biec_travel\\master_requisitions_list.ibd'), (1082, '.\\biec_travel\\master_vehicle_details.ibd'), (1083, '.\\biec_travel\\payment_authorisation.ibd'), (1084, '.\\biec_travel\\purchase_orders.ibd'), (1087, '.\\biec_travel\\requisition_status.ibd');
INSERT INTO `INNODB_SYS_DATAFILES` (`SPACE`, `PATH`) VALUES (1088, '.\\biec_travel\\transports.ibd'), (1089, '.\\biec_travel\\transport_vehicle_link.ibd'), (1090, '.\\biec_travel\\users.ibd'), (1091, '.\\biec_travel\\vendors.ibd'), (1095, '.\\biec_travel\\requisitions_items.ibd'), (1096, '.\\biec_travel\\requisitions.ibd'), (1097, '.\\biec_travel\\master_requisitions_status.ibd'), (1100, '.\\biec_application\\biec_exhibition_catalogue_details.ibd'), (1104, '.\\biec_application\\biec_exhibition_sponsorship_details.ibd'), (1107, '.\\biec_dmtx\\biec_exhibition_catalogue_details.ibd'), (1109, '.\\biec_dmtx\\biec_exhibition_sponsorship_details.ibd'), (1118, '.\\imtma_budget_mgmt\\activities.ibd'), (1119, '.\\imtma_budget_mgmt\\app_logins.ibd'), (1120, '.\\imtma_budget_mgmt\\app_login_sessions.ibd'), (1121, '.\\imtma_budget_mgmt\\app_modules.ibd'), (1122, '.\\imtma_budget_mgmt\\app_module_items.ibd'), (1123, '.\\imtma_budget_mgmt\\app_roles.ibd'), (1124, '.\\imtma_budget_mgmt\\budget_allotment.ibd'), (1125, '.\\imtma_budget_mgmt\\departments.ibd'), (1126, '.\\imtma_budget_mgmt\\departments_heads_link.ibd'), (1127, '.\\imtma_budget_mgmt\\error_messages.ibd'), (1128, '.\\imtma_budget_mgmt\\invoices.ibd'), (1129, '.\\imtma_budget_mgmt\\invoice_soft_copies.ibd'), (1130, '.\\imtma_budget_mgmt\\invoice_soft_copy_attachments.ibd'), (1131, '.\\imtma_budget_mgmt\\master_email_messages.ibd'), (1132, '.\\imtma_budget_mgmt\\master_heads.ibd'), (1133, '.\\imtma_budget_mgmt\\master_job_titles.ibd'), (1134, '.\\imtma_budget_mgmt\\master_vendor_types.ibd'), (1135, '.\\imtma_budget_mgmt\\purchase_orders.ibd'), (1136, '.\\imtma_budget_mgmt\\templates.ibd'), (1137, '.\\imtma_budget_mgmt\\templates_heads_link.ibd'), (1138, '.\\imtma_budget_mgmt\\users.ibd'), (1139, '.\\imtma_budget_mgmt\\vendors.ibd'), (1140, '.\\imtma_budget_mgmt\\vendor_branches.ibd'), (1142, '.\\biec_application\\biec_miscellaneous_data_details.ibd');
INSERT INTO `INNODB_SYS_DATAFILES` (`SPACE`, `PATH`) VALUES (1145, '.\\biec_application\\biec_miscellaneous_rate_entry.ibd'), (1147, '.\\biec_dmtx\\biec_miscellaneous_data_details.ibd'), (1150, '.\\biec_dmtx\\biec_miscellaneous_rate_entry.ibd'), (1160, '.\\biec_billing\\master_halls.ibd'), (1161, '.\\biec_billing\\master_open_area.ibd'), (1162, '.\\biec_billing\\master_conference_center.ibd'), (1163, '.\\biec_billing\\master_utilities_services.ibd'), (1164, '.\\biec_billing\\master_signage.ibd'), (1165, '.\\biec_billing\\master_signage_charges.ibd'), (1166, '.\\biec_billing\\master_hall_additional_facilities.ibd'), (1169, '.\\biec_billing\\master_accounts.ibd'), (1297, '.\\biec_application_staging\\biec_catalogue_rate_entry.ibd'), (1298, '.\\biec_application_staging\\biec_compaints_user_sessions.ibd'), (1299, '.\\biec_application_staging\\biec_complaints_roles.ibd'), (1300, '.\\biec_application_staging\\biec_complaints_users.ibd'), (1302, '.\\biec_application_staging\\biec_email_message.ibd'), (1304, '.\\biec_application_staging\\biec_exhibition_catalogue.ibd'), (1305, '.\\biec_application_staging\\biec_exhibition_catalogue_details.ibd'), (1307, '.\\biec_application_staging\\biec_exhibition_charges.ibd'), (1308, '.\\biec_application_staging\\biec_exhibition_conversion_rate.ibd'), (1310, '.\\biec_application_staging\\biec_exhibition_logo.ibd'), (1311, '.\\biec_application_staging\\biec_exhibition_misc_entries.ibd'), (1312, '.\\biec_application_staging\\biec_exhibition_security.ibd'), (1315, '.\\biec_application_staging\\biec_exhibition_sponsorship_details.ibd'), (1317, '.\\biec_application_staging\\biec_exhibition_sponsorship_rate_entry.ibd'), (1321, '.\\biec_application_staging\\biec_exhibitor_billing_address.ibd'), (1322, '.\\biec_application_staging\\biec_exhibitor_misc_payment_data.ibd'), (1323, '.\\biec_application_staging\\biec_exhibitor_payment.ibd'), (1324, '.\\biec_application_staging\\biec_exhibitor_payment_schedule.ibd'), (1325, '.\\biec_application_staging\\biec_exhibitor_product.ibd'), (1326, '.\\biec_application_staging\\biec_exhibitor_refund.ibd'), (1328, '.\\biec_application_staging\\biec_exibitor_allocation.ibd'), (1329, '.\\biec_application_staging\\biec_financial_invoice.ibd'), (1330, '.\\biec_application_staging\\biec_firms.ibd'), (1331, '.\\biec_application_staging\\biec_graph_invoices.ibd');
INSERT INTO `INNODB_SYS_DATAFILES` (`SPACE`, `PATH`) VALUES (1332, '.\\biec_application_staging\\biec_indirect_exhibitor_product.ibd'), (1333, '.\\biec_application_staging\\biec_master_bank_name.ibd'), (1334, '.\\biec_application_staging\\biec_master_halls.ibd'), (1336, '.\\biec_application_staging\\biec_master_products.ibd'), (1337, '.\\biec_application_staging\\biec_master_prod_category.ibd'), (1338, '.\\biec_application_staging\\biec_master_signature_logo.ibd'), (1339, '.\\biec_application_staging\\biec_master_state_list.ibd'), (1340, '.\\biec_application_staging\\biec_master_status.ibd'), (1341, '.\\biec_application_staging\\biec_master_tax.ibd'), (1343, '.\\biec_application_staging\\biec_members_activity.ibd'), (1344, '.\\biec_application_staging\\biec_members_address.ibd'), (1345, '.\\biec_application_staging\\biec_members_collaboration.ibd'), (1346, '.\\biec_application_staging\\biec_members_documents.ibd'), (1347, '.\\biec_application_staging\\biec_members_executive_council.ibd'), (1348, '.\\biec_application_staging\\biec_members_foreign_collaboration.ibd'), (1349, '.\\biec_application_staging\\biec_members_imtma_activities.ibd'), (1350, '.\\biec_application_staging\\biec_members_imtma_secretariat_visit_list.ibd'), (1351, '.\\biec_application_staging\\biec_members_invoice.ibd'), (1352, '.\\biec_application_staging\\biec_members_invoice_arrears.ibd'), (1353, '.\\biec_application_staging\\biec_members_production_data.ibd'), (1354, '.\\biec_application_staging\\biec_members_proposer_entries.ibd'), (1355, '.\\biec_application_staging\\biec_members_ref_documents.ibd'), (1356, '.\\biec_application_staging\\biec_miscellaneous_data_details.ibd'), (1359, '.\\biec_application_staging\\biec_miscellaneous_rate_entry.ibd'), (1360, '.\\biec_application_staging\\biec_misc_exhibitor_refund.ibd'), (1361, '.\\biec_application_staging\\biec_roles.ibd'), (1362, '.\\biec_application_staging\\biec_users.ibd'), (1363, '.\\biec_application_staging\\biec_user_sessions.ibd'), (1364, '.\\biec_application_staging\\complaint_attachements.ibd'), (1365, '.\\biec_application_staging\\complaint_categories.ibd'), (1366, '.\\biec_application_staging\\exhibition_complaints.ibd'), (1367, '.\\biec_application_staging\\master_complaint_modules.ibd'), (1368, '.\\biec_application_staging\\master_complaint_module_items.ibd'), (1369, '.\\biec_application_staging\\master_halls.ibd'), (1372, '.\\biec_application_staging\\master_states.ibd');
INSERT INTO `INNODB_SYS_DATAFILES` (`SPACE`, `PATH`) VALUES (1373, '.\\biec_application_staging\\reg_office_address.ibd'), (1374, '.\\biec_application_staging\\temp_join_date.ibd'), (1375, '.\\biec_application_staging\\temp_representatives.ibd'), (1376, '.\\biec_dmtx_staging\\biec_catalogue_rate_entry.ibd'), (1377, '.\\biec_dmtx_staging\\biec_currency_master.ibd'), (1378, '.\\biec_dmtx_staging\\biec_email_message.ibd'), (1380, '.\\biec_dmtx_staging\\biec_exhibition_catalogue.ibd'), (1381, '.\\biec_dmtx_staging\\biec_exhibition_catalogue_details.ibd'), (1383, '.\\biec_dmtx_staging\\biec_exhibition_charges.ibd'), (1384, '.\\biec_dmtx_staging\\biec_exhibition_conversion_rate.ibd'), (1386, '.\\biec_dmtx_staging\\biec_exhibition_logo.ibd'), (1387, '.\\biec_dmtx_staging\\biec_exhibition_misc_entries.ibd'), (1388, '.\\biec_dmtx_staging\\biec_exhibition_security.ibd'), (1389, '.\\biec_dmtx_staging\\biec_exhibition_space_rent.ibd'), (1391, '.\\biec_dmtx_staging\\biec_exhibition_sponsorship_details.ibd'), (1393, '.\\biec_dmtx_staging\\biec_exhibition_sponsorship_rate_entry.ibd'), (1397, '.\\biec_dmtx_staging\\biec_exhibitor_billing_address.ibd'), (1398, '.\\biec_dmtx_staging\\biec_exhibitor_misc_payment_data.ibd'), (1399, '.\\biec_dmtx_staging\\biec_exhibitor_payment.ibd'), (1400, '.\\biec_dmtx_staging\\biec_exhibitor_payment_schedule.ibd'), (1401, '.\\biec_dmtx_staging\\biec_exhibitor_product.ibd'), (1402, '.\\biec_dmtx_staging\\biec_exhibitor_refund.ibd'), (1404, '.\\biec_dmtx_staging\\biec_exibitor_allocation.ibd'), (1405, '.\\biec_dmtx_staging\\biec_financial_invoice.ibd'), (1406, '.\\biec_dmtx_staging\\biec_firms.ibd'), (1407, '.\\biec_dmtx_staging\\biec_graph_invoices.ibd'), (1408, '.\\biec_dmtx_staging\\biec_indirect_exhibitor_product.ibd'), (1409, '.\\biec_dmtx_staging\\biec_master_bank_name.ibd'), (1410, '.\\biec_dmtx_staging\\biec_master_halls.ibd'), (1411, '.\\biec_dmtx_staging\\biec_master_products.ibd'), (1412, '.\\biec_dmtx_staging\\biec_master_prod_category.ibd'), (1413, '.\\biec_dmtx_staging\\biec_master_signature_logo.ibd'), (1414, '.\\biec_dmtx_staging\\biec_master_state_list.ibd'), (1415, '.\\biec_dmtx_staging\\biec_master_tax.ibd'), (1416, '.\\biec_dmtx_staging\\biec_miscellaneous_data_details.ibd');
INSERT INTO `INNODB_SYS_DATAFILES` (`SPACE`, `PATH`) VALUES (1419, '.\\biec_dmtx_staging\\biec_miscellaneous_rate_entry.ibd'), (1420, '.\\biec_dmtx_staging\\biec_misc_exhibitor_refund.ibd'), (1421, '.\\biec_dmtx_staging\\biec_roles.ibd'), (1422, '.\\biec_dmtx_staging\\biec_users.ibd'), (1423, '.\\biec_dmtx_staging\\biec_user_sessions.ibd'), (1424, '.\\biec_dmtx_staging\\master_halls.ibd'), (1425, '.\\biec_dmtx_staging\\master_modules.ibd'), (1426, '.\\biec_dmtx_staging\\master_module_items.ibd'), (1427, '.\\biec_dmtx_staging\\master_states.ibd'), (1428, '.\\biec_dmtx_staging\\reg_office_address.ibd'), (1429, '.\\biec_customers\\cities.ibd'), (1431, '.\\biec_customers\\import_customer_data.ibd'), (1432, '.\\biec_customers\\master_country.ibd'), (1433, '.\\biec_customers\\master_state_list.ibd'), (1434, '.\\biec_customers\\states.ibd'), (1435, '.\\biec_customers_staging\\cities.ibd'), (1436, '.\\biec_customers_staging\\customers.ibd'), (1437, '.\\biec_customers_staging\\import_customer_data.ibd'), (1438, '.\\biec_customers_staging\\master_country.ibd'), (1439, '.\\biec_customers_staging\\master_state_list.ibd'), (1440, '.\\biec_customers_staging\\states.ibd'), (1441, '.\\biec_billing_staging\\billing_roles.ibd'), (1442, '.\\biec_billing_staging\\billing_shows.ibd'), (1443, '.\\biec_billing_staging\\billing_shows_additional_facilities.ibd'), (1444, '.\\biec_billing_staging\\billing_shows_conference_center.ibd'), (1445, '.\\biec_billing_staging\\billing_shows_deffer_payment_tracking.ibd'), (1446, '.\\biec_billing_staging\\billing_shows_hall_details.ibd'), (1447, '.\\biec_billing_staging\\billing_shows_miscellaneous.ibd'), (1448, '.\\biec_billing_staging\\billing_shows_number.ibd'), (1449, '.\\biec_billing_staging\\billing_shows_open_area.ibd'), (1451, '.\\biec_billing_staging\\billing_shows_payment_tracking.ibd'), (1452, '.\\biec_billing_staging\\billing_shows_reduce_space.ibd'), (1453, '.\\biec_billing_staging\\billing_shows_signage.ibd'), (1454, '.\\biec_billing_staging\\billing_shows_utilities_serivices.ibd'), (1455, '.\\biec_billing_staging\\logins.ibd');
INSERT INTO `INNODB_SYS_DATAFILES` (`SPACE`, `PATH`) VALUES (1456, '.\\biec_billing_staging\\login_sessions.ibd'), (1457, '.\\biec_billing_staging\\master_accounts.ibd'), (1458, '.\\biec_billing_staging\\master_bank_name.ibd'), (1459, '.\\biec_billing_staging\\master_conference_center.ibd'), (1460, '.\\biec_billing_staging\\master_halls.ibd'), (1461, '.\\biec_billing_staging\\master_hall_additional_facilities.ibd'), (1462, '.\\biec_billing_staging\\master_modules.ibd'), (1463, '.\\biec_billing_staging\\master_module_items.ibd'), (1464, '.\\biec_billing_staging\\master_open_area.ibd'), (1465, '.\\biec_billing_staging\\master_signage.ibd'), (1466, '.\\biec_billing_staging\\master_signage_charges.ibd'), (1467, '.\\biec_billing_staging\\master_states.ibd'), (1468, '.\\biec_billing_staging\\master_tax.ibd'), (1469, '.\\biec_billing_staging\\master_utilities_services.ibd'), (1470, '.\\biec_billing_staging\\users.ibd'), (1471, '.\\biec_application_staging\\temp_mem_category.ibd'), (1475, '.\\biec_application_staging\\biec_master_mem_category.ibd'), (1478, '.\\biec_application\\biec_master_mem_category.ibd'), (1479, '.\\biec_application\\temp_mem_category.ibd'), (1489, '.\\biec_application_staging\\biec_exhibition.ibd'), (1491, '.\\biec_dmtx_staging\\biec_exhibition.ibd'), (1493, '.\\biec_application_staging\\biec_exhibition_space_rent.ibd'), (1512, '.\\biec_customers\\customers.ibd'), (1516, '.\\biec_application\\temp_exhibitor_19_07_2016.ibd'), (1627, '.\\biec_application_staging\\biec_members.ibd'), (1638, '.\\biec_customers\\new_code_update.ibd'), (1644, '.\\biec_application\\biec_members_information_directory_address.ibd'), (1743, '.\\biec_application\\biec_exhibitor_old.ibd'), (1747, '.\\biec_application\\biec_exhibition_description.ibd'), (1748, '.\\biec_application_staging\\biec_exhibition_description.ibd'), (1749, '.\\biec_dmtx\\biec_exhibition_description.ibd'), (1750, '.\\biec_dmtx_staging\\biec_exhibition_description.ibd'), (1773, '.\\biec_application\\biec_currency_master.ibd'), (1774, '.\\biec_application_staging\\biec_currency_master.ibd'), (1777, '.\\biec_application\\master_module_items.ibd');
INSERT INTO `INNODB_SYS_DATAFILES` (`SPACE`, `PATH`) VALUES (1780, '.\\biec_application\\master_modules.ibd'), (1783, '.\\biec_application_staging\\master_modules.ibd'), (1786, '.\\biec_application_staging\\master_module_items.ibd'), (1789, '.\\biec_application_staging\\biec_exhibition_sponsorship_data_entry.ibd'), (1790, '.\\biec_application_staging\\biec_exibition_catalouge_data_entry.ibd'), (1793, '.\\biec_dmtx_staging\\biec_exhibition_sponsorship_data_entry.ibd'), (1794, '.\\biec_dmtx_staging\\biec_exibition_catalouge_data_entry.ibd'), (1795, '.\\biec_dmtx_staging\\biec_miscellaneous_data_entry.ibd'), (1798, '.\\biec_application_staging\\biec_miscellaneous_data_entry.ibd'), (1908, '.\\biec_application\\xxx_update_member_category.ibd'), (2007, '.\\biec_application_staging\\biec_exhibition_catalogue_payment_entry.ibd'), (2009, '.\\biec_dmtx_staging\\biec_exhibition_catalogue_payment_entry.ibd'), (2010, '.\\biec_dmtx_staging\\biec_exhibition_sponsorship_payment_entry.ibd'), (2011, '.\\biec_dmtx\\biec_exhibition_sponsorship_payment_entry.ibd'), (2012, '.\\biec_application_staging\\biec_exhibition_sponsorship_payment_entry.ibd'), (2013, '.\\biec_application\\biec_exhibition_sponsorship_payment_entry.ibd'), (2024, '.\\biec_dmtx_staging\\biec_exhibitors_entry.ibd'), (2027, '.\\biec_dmtx\\biec_exhibitors_entry.ibd'), (2030, '.\\biec_application\\biec_exhibitors_entry.ibd'), (2033, '.\\biec_application_staging\\biec_exhibitors_entry.ibd'), (2035, '.\\biec_application_staging\\biec_exhibition_starting_no.ibd'), (2037, '.\\biec_dmtx_staging\\biec_exhibition_starting_no.ibd'), (2043, '.\\biec_dmtx_staging\\biec_workshop_rate_entry.ibd'), (2046, '.\\biec_dmtx_staging\\biec_exibition_workshop_data_entry.ibd'), (2049, '.\\biec_dmtx_staging\\biec_exhibition_workshop_details.ibd'), (2055, '.\\biec_dmtx\\biec_workshop_rate_entry.ibd'), (2061, '.\\biec_dmtx\\biec_exhibition_workshop_details.ibd'), (2079, '.\\biec_application_staging\\biec_workshop_rate_entry.ibd'), (2082, '.\\biec_application_staging\\biec_exibition_workshop_data_entry.ibd'), (2085, '.\\biec_application_staging\\biec_exhibition_workshop_details.ibd'), (2091, '.\\biec_application\\biec_workshop_rate_entry.ibd'), (2097, '.\\biec_application\\biec_exhibition_workshop_details.ibd'), (2103, '.\\biec_billing\\master_tax.ibd'), (2111, '.\\biec_application\\biec_members_address.ibd'), (2116, '.\\biec_dmtx\\biec_exibitor_allocation.ibd');
INSERT INTO `INNODB_SYS_DATAFILES` (`SPACE`, `PATH`) VALUES (2132, '.\\biec_dmtx\\biec_exhibition_catalogue_payment_entry.ibd'), (2135, '.\\biec_dmtx\\biec_exhibitor_payment.ibd'), (2137, '.\\biec_application\\biec_exhibition_catalogue_payment_entry.ibd'), (2148, '.\\biec_application\\temp_payment_process.ibd'), (2151, '.\\biec_dmtx\\temp_payment_process.ibd'), (2154, '.\\biec_application\\biec_exibitor_allocation.ibd'), (2162, '.\\biec_dmtx\\temp_final_invoice_process.ibd'), (2166, '.\\biec_billing\\billing_shows_payment_receipt.ibd'), (2167, '.\\biec_billing_staging\\billing_shows_payment_receipt.ibd'), (2168, '.\\biec_application\\biec_master_tax.ibd'), (2271, '.\\biec_application\\temp_final_invoice_process.ibd'), (2275, '.\\biec_application\\temp_repush_payment_receipt.ibd'), (2317, '.\\orange_hrms_staging\\hs_hr_emp_reportto.ibd'), (2318, '.\\orange_hrms_staging\\hs_hr_emp_skill.ibd'), (2319, '.\\orange_hrms_staging\\hs_hr_emp_somu.ibd'), (2320, '.\\orange_hrms_staging\\hs_hr_emp_subdivision_history.ibd'), (2321, '.\\orange_hrms_staging\\hs_hr_emp_us_tax.ibd'), (2322, '.\\orange_hrms_staging\\hs_hr_emp_work_experience.ibd'), (2323, '.\\orange_hrms_staging\\hs_hr_ethnic_race.ibd'), (2324, '.\\orange_hrms_staging\\hs_hr_file_version.ibd'), (2325, '.\\orange_hrms_staging\\hs_hr_genderinfo.ibd'), (2326, '.\\orange_hrms_staging\\hs_hr_geninfo.ibd'), (2327, '.\\orange_hrms_staging\\hs_hr_hcs_utility.ibd'), (2328, '.\\orange_hrms_staging\\hs_hr_hod_sub_departs.ibd'), (2329, '.\\orange_hrms_staging\\hs_hr_holidays.ibd'), (2334, '.\\orange_hrms_staging\\hs_hr_job_application.ibd'), (2335, '.\\orange_hrms_staging\\hs_hr_job_application_events.ibd'), (2336, '.\\orange_hrms_staging\\hs_hr_job_spec.ibd'), (2337, '.\\orange_hrms_staging\\hs_hr_job_title.ibd'), (2338, '.\\orange_hrms_staging\\hs_hr_job_vacancy.ibd'), (2339, '.\\orange_hrms_staging\\hs_hr_kpi.ibd'), (2340, '.\\orange_hrms_staging\\hs_hr_language.ibd'), (2341, '.\\orange_hrms_staging\\hs_hr_leave.ibd'), (2342, '.\\orange_hrms_staging\\hs_hr_leavetype.ibd'), (2343, '.\\orange_hrms_staging\\hs_hr_leave_period.ibd');
INSERT INTO `INNODB_SYS_DATAFILES` (`SPACE`, `PATH`) VALUES (2344, '.\\orange_hrms_staging\\hs_hr_leave_requests.ibd'), (2345, '.\\orange_hrms_staging\\hs_hr_licenses.ibd'), (2346, '.\\orange_hrms_staging\\hs_hr_location.ibd'), (2347, '.\\orange_hrms_staging\\hs_hr_mailnotifications.ibd'), (2348, '.\\orange_hrms_staging\\hs_hr_membership.ibd'), (2349, '.\\orange_hrms_staging\\hs_hr_membership_type.ibd'), (2350, '.\\orange_hrms_staging\\hs_hr_module.ibd'), (2351, '.\\orange_hrms_staging\\hs_hr_nationality.ibd'), (2352, '.\\orange_hrms_staging\\hs_hr_payperiod.ibd'), (2353, '.\\orange_hrms_staging\\hs_hr_pay_period.ibd'), (2354, '.\\orange_hrms_staging\\hs_hr_performance_review.ibd'), (2355, '.\\orange_hrms_staging\\hs_hr_performance_review_comments.ibd'), (2356, '.\\orange_hrms_staging\\hs_hr_project.ibd'), (2357, '.\\orange_hrms_staging\\hs_hr_project_activity.ibd'), (2358, '.\\orange_hrms_staging\\hs_hr_project_admin.ibd'), (2359, '.\\orange_hrms_staging\\hs_hr_province.ibd'), (2360, '.\\orange_hrms_staging\\hs_hr_rights.ibd'), (2361, '.\\orange_hrms_staging\\hs_hr_skill.ibd'), (2362, '.\\orange_hrms_staging\\hs_hr_timesheet.ibd'), (2363, '.\\orange_hrms_staging\\hs_hr_timesheet_submission_period.ibd'), (2364, '.\\orange_hrms_staging\\hs_hr_time_event.ibd'), (2365, '.\\orange_hrms_staging\\hs_hr_unique_id.ibd'), (2366, '.\\orange_hrms_staging\\hs_hr_users.ibd'), (2367, '.\\orange_hrms_staging\\hs_hr_user_group.ibd'), (2368, '.\\orange_hrms_staging\\hs_hr_versions.ibd'), (2369, '.\\orange_hrms_staging\\hs_hr_weekends.ibd'), (2370, '.\\orange_hrms_staging\\hs_hr_workshift.ibd'), (2371, '.\\orange_hrms_staging\\hs_pr_salary_currency_detail.ibd'), (2372, '.\\orange_hrms_staging\\hs_pr_salary_grade.ibd'), (2373, '.\\orange_hrms_staging\\testtable.ibd'), (2376, '.\\biec_application\\biec_mmi_magazines.ibd'), (2382, '.\\biec_application\\biec_mmi_magazine_catalogue_details.ibd'), (2388, '.\\biec_application\\biec_mmi_magazine_catalogue_payment_entry.ibd'), (2391, '.\\biec_application\\biec_mmi_rate_entry.ibd'), (2394, '.\\biec_customers\\master_vendors.ibd');
INSERT INTO `INNODB_SYS_DATAFILES` (`SPACE`, `PATH`) VALUES (2397, '.\\biec_dmtx_staging\\biec_exhibitor.ibd'), (2398, '.\\biec_customers\\master_vendors_address.ibd'), (2402, '.\\biec_application\\xxx_payment_journal.ibd'), (2411, '.\\biec_dmtx\\biec_exhibition_logo.ibd'), (2412, '.\\biec_dmtx\\biec_exhibition_starting_no.ibd'), (2416, '.\\biec_application\\biec_members_information_directory.ibd'), (2426, '.\\biec_dmtx\\biec_exhibition_charges.ibd'), (2449, '.\\biec_dmtx\\biec_exhibition_sponsorship_data_entry.ibd'), (2450, '.\\biec_dmtx\\biec_exibition_catalouge_data_entry.ibd'), (2451, '.\\biec_dmtx\\biec_miscellaneous_data_entry.ibd'), (2452, '.\\biec_billing\\billing_shows_additional_facilities.ibd'), (2454, '.\\biec_application\\imtma_login_log.ibd'), (2457, '.\\biec_application\\imtma_test.ibd'), (2460, '.\\biec_dmtx\\biec_exibition_workshop_data_entry.ibd'), (2463, '.\\biec_dmtx\\biec_exhibition_space_rent.ibd'), (2466, '.\\biec_application\\biec_exhibition_workshop_payment_entry.ibd'), (2467, '.\\biec_dmtx\\biec_exhibition_workshop_payment_entry.ibd'), (2468, '.\\biec_dmtx_staging\\biec_exhibition_workshop_payment_entry.ibd'), (2469, '.\\biec_application_staging\\biec_exhibition_workshop_payment_entry.ibd'), (2471, '.\\biec_application\\biec_exibition_workshop_data_entry.ibd'), (2477, '.\\biec_application\\biec_members_imtma_activities.ibd'), (2489, '.\\biec_dmtx\\biec_exhibition_main_space_rent.ibd'), (2492, '.\\biec_dmtx\\biec_exhibition_ame_space_rent.ibd'), (2495, '.\\biec_dmtx\\biec_exhibition_industry_space_rent.ibd'), (2561, '.\\orange_hrms_staging\\hs_hr_emp_picture.ibd'), (3077, '.\\biec_application\\biec_secretariat_visitors_target.ibd'), (3079, '.\\biec_application\\biec_secretariat_visitors.ibd'), (3080, '.\\biec_application\\biec_members_imtma_secretariat_visit_list.ibd'), (3084, '.\\biec_dmtx\\biec_miscellaneous_payment_entry.ibd'), (3085, '.\\biec_application\\biec_miscellaneous_payment_entry.ibd'), (3086, '.\\biec_dmtx_staging\\biec_miscellaneous_payment_entry.ibd'), (3087, '.\\biec_application_staging\\biec_miscellaneous_payment_entry.ibd'), (3126, '.\\biec_application\\biec_event_catalogue_details.ibd'), (3129, '.\\biec_application\\biec_events.ibd'), (3254, '.\\biec_dmtx\\biec_exhibition_conversion_rate.ibd');
INSERT INTO `INNODB_SYS_DATAFILES` (`SPACE`, `PATH`) VALUES (3255, '.\\biec_application\\biec_exhibition_conversion_rate.ibd'), (3805, '.\\orange_hrms_staging\\areas.ibd'), (3806, '.\\orange_hrms_staging\\areas_confirm.ibd'), (3807, '.\\orange_hrms_staging\\competency_rating.ibd'), (3808, '.\\orange_hrms_staging\\hs_hr_attendance.ibd'), (3809, '.\\orange_hrms_staging\\hs_hr_blood_grp_type.ibd'), (3810, '.\\orange_hrms_staging\\hs_hr_compstructtree.ibd'), (3811, '.\\orange_hrms_staging\\hs_hr_comp_property.ibd'), (3812, '.\\orange_hrms_staging\\hs_hr_config.ibd'), (3813, '.\\orange_hrms_staging\\hs_hr_country.ibd'), (3814, '.\\orange_hrms_staging\\hs_hr_currency_type.ibd'), (3815, '.\\orange_hrms_staging\\hs_hr_customer.ibd'), (3816, '.\\orange_hrms_staging\\hs_hr_custom_export.ibd'), (3817, '.\\orange_hrms_staging\\hs_hr_custom_fields.ibd'), (3818, '.\\orange_hrms_staging\\hs_hr_custom_import.ibd'), (3819, '.\\orange_hrms_staging\\hs_hr_db_version.ibd'), (3820, '.\\orange_hrms_staging\\hs_hr_developer.ibd'), (3821, '.\\orange_hrms_staging\\hs_hr_district.ibd'), (3822, '.\\orange_hrms_staging\\hs_hr_education.ibd'), (3823, '.\\orange_hrms_staging\\hs_hr_eec.ibd'), (3824, '.\\orange_hrms_staging\\hs_hr_employee.ibd'), (3825, '.\\orange_hrms_staging\\hs_hr_employee_feedback.ibd'), (3826, '.\\orange_hrms_staging\\hs_hr_employee_leave_quota.ibd'), (3827, '.\\orange_hrms_staging\\hs_hr_employee_timesheet_period.ibd'), (3828, '.\\orange_hrms_staging\\hs_hr_employee_workshift.ibd'), (3829, '.\\orange_hrms_staging\\hs_hr_empreport.ibd'), (3830, '.\\orange_hrms_staging\\hs_hr_emprep_usergroup.ibd'), (3831, '.\\orange_hrms_staging\\hs_hr_empstat.ibd'), (3832, '.\\orange_hrms_staging\\hs_hr_emp_attachment.ibd'), (3833, '.\\orange_hrms_staging\\hs_hr_emp_basicsalary.ibd'), (3834, '.\\orange_hrms_staging\\hs_hr_emp_children.ibd'), (3835, '.\\orange_hrms_staging\\hs_hr_emp_contract_extend.ibd'), (3836, '.\\orange_hrms_staging\\hs_hr_emp_dependents.ibd'), (3837, '.\\orange_hrms_staging\\hs_hr_emp_directdebit.ibd'), (3838, '.\\orange_hrms_staging\\hs_hr_emp_education.ibd');
INSERT INTO `INNODB_SYS_DATAFILES` (`SPACE`, `PATH`) VALUES (3839, '.\\orange_hrms_staging\\hs_hr_emp_emergency_contacts.ibd'), (3840, '.\\orange_hrms_staging\\hs_hr_emp_history_of_ealier_pos.ibd'), (3841, '.\\orange_hrms_staging\\hs_hr_emp_jobtitle_history.ibd'), (3842, '.\\orange_hrms_staging\\hs_hr_emp_language.ibd'), (3843, '.\\orange_hrms_staging\\hs_hr_emp_licenses.ibd'), (3844, '.\\orange_hrms_staging\\hs_hr_emp_locations.ibd'), (3845, '.\\orange_hrms_staging\\hs_hr_emp_location_history.ibd'), (3846, '.\\orange_hrms_staging\\hs_hr_emp_member_detail.ibd'), (3847, '.\\orange_hrms_staging\\hs_hr_emp_passport.ibd'), (3848, '.\\orange_hrms_staging\\hs_hr_hsp.ibd'), (3849, '.\\orange_hrms_staging\\hs_hr_hsp_payment_request.ibd'), (3850, '.\\orange_hrms_staging\\hs_hr_hsp_summary.ibd'), (3851, '.\\orange_hrms_staging\\hs_hr_information_share.ibd'), (3852, '.\\orange_hrms_staging\\hs_hr_jobtit_empstat.ibd'), (6727, '.\\biec_application\\email_processing.ibd'), (6730, '.\\biec_application\\email_templates.ibd'), (8800, '.\\biec_billing\\billing_shows.ibd'), (14412, '.\\biec_application\\biec_exhibition_starting_no.ibd'), (14413, '.\\biec_application\\biec_exhibition_logo.ibd'), (14414, '.\\biec_application\\biec_members.ibd'), (14844, '.\\biec_application\\biec_event_catalogue_entry.ibd'), (14856, '.\\biec_application\\biec_mmi_magazines_settings.ibd'), (14857, '.\\biec_application\\biec_mmi_magazine_catalogue_entry.ibd'), (14899, '.\\biec_application\\biec_members_invoice.ibd'), (14902, '.\\biec_application\\biec_exhibition_space_rent.ibd'), (14903, '.\\biec_application\\biec_exhibition_charges.ibd'), (15404, '.\\orangehrms_new\\hs_hr_emp_picture.ibd'), (15576, '.\\orangehrms_new\\anon.ibd'), (15577, '.\\orangehrms_new\\areas.ibd'), (15578, '.\\orangehrms_new\\areas_confirm.ibd'), (15579, '.\\orangehrms_new\\biometricemail.ibd'), (15580, '.\\orangehrms_new\\biometricemail_all.ibd'), (15581, '.\\orangehrms_new\\competency_rating.ibd'), (15582, '.\\orangehrms_new\\hs_hr_answers.ibd'), (15583, '.\\orangehrms_new\\hs_hr_attendance.ibd');
INSERT INTO `INNODB_SYS_DATAFILES` (`SPACE`, `PATH`) VALUES (15584, '.\\orangehrms_new\\hs_hr_blood_grp_type.ibd'), (15585, '.\\orangehrms_new\\hs_hr_compstructtree.ibd'), (15586, '.\\orangehrms_new\\hs_hr_comp_property.ibd'), (15587, '.\\orangehrms_new\\hs_hr_config.ibd'), (15588, '.\\orangehrms_new\\hs_hr_country.ibd'), (15589, '.\\orangehrms_new\\hs_hr_currency_type.ibd'), (15590, '.\\orangehrms_new\\hs_hr_customer.ibd'), (15591, '.\\orangehrms_new\\hs_hr_custom_export.ibd'), (15592, '.\\orangehrms_new\\hs_hr_custom_fields.ibd'), (15593, '.\\orangehrms_new\\hs_hr_custom_import.ibd'), (15594, '.\\orangehrms_new\\hs_hr_db_version.ibd'), (15595, '.\\orangehrms_new\\hs_hr_developer.ibd'), (15596, '.\\orangehrms_new\\hs_hr_district.ibd'), (15597, '.\\orangehrms_new\\hs_hr_education.ibd'), (15598, '.\\orangehrms_new\\hs_hr_eec.ibd'), (15599, '.\\orangehrms_new\\hs_hr_employee.ibd'), (15600, '.\\orangehrms_new\\hs_hr_employee_feedback.ibd'), (15601, '.\\orangehrms_new\\hs_hr_employee_leave_quota.ibd'), (15602, '.\\orangehrms_new\\hs_hr_employee_timesheet_period.ibd'), (15603, '.\\orangehrms_new\\hs_hr_employee_workshift.ibd'), (15604, '.\\orangehrms_new\\hs_hr_empreport.ibd'), (15605, '.\\orangehrms_new\\hs_hr_emprep_usergroup.ibd'), (15606, '.\\orangehrms_new\\hs_hr_empstat.ibd'), (15607, '.\\orangehrms_new\\hs_hr_emp_attachment.ibd'), (15608, '.\\orangehrms_new\\hs_hr_emp_basicsalary.ibd'), (15609, '.\\orangehrms_new\\hs_hr_emp_children.ibd'), (15610, '.\\orangehrms_new\\hs_hr_emp_contract_extend.ibd'), (15611, '.\\orangehrms_new\\hs_hr_emp_dependents.ibd'), (15612, '.\\orangehrms_new\\hs_hr_emp_directdebit.ibd'), (15613, '.\\orangehrms_new\\hs_hr_emp_education.ibd'), (15614, '.\\orangehrms_new\\hs_hr_emp_emergency_contacts.ibd'), (15615, '.\\orangehrms_new\\hs_hr_emp_history_of_ealier_pos.ibd'), (15616, '.\\orangehrms_new\\hs_hr_emp_jobtitle_history.ibd'), (15617, '.\\orangehrms_new\\hs_hr_emp_language.ibd'), (15618, '.\\orangehrms_new\\hs_hr_emp_licenses.ibd');
INSERT INTO `INNODB_SYS_DATAFILES` (`SPACE`, `PATH`) VALUES (15619, '.\\orangehrms_new\\hs_hr_emp_locations.ibd'), (15620, '.\\orangehrms_new\\hs_hr_emp_location_history.ibd'), (15621, '.\\orangehrms_new\\hs_hr_emp_member_detail.ibd'), (15622, '.\\orangehrms_new\\hs_hr_emp_passport.ibd'), (15623, '.\\orangehrms_new\\hs_hr_emp_reportto.ibd'), (15624, '.\\orangehrms_new\\hs_hr_emp_skill.ibd'), (15625, '.\\orangehrms_new\\hs_hr_emp_somu.ibd'), (15626, '.\\orangehrms_new\\hs_hr_emp_subdivision_history.ibd'), (15627, '.\\orangehrms_new\\hs_hr_emp_us_tax.ibd'), (15628, '.\\orangehrms_new\\hs_hr_emp_work_experience.ibd'), (15629, '.\\orangehrms_new\\hs_hr_ethnic_race.ibd'), (15630, '.\\orangehrms_new\\hs_hr_file_version.ibd'), (15631, '.\\orangehrms_new\\hs_hr_genderinfo.ibd'), (15632, '.\\orangehrms_new\\hs_hr_geninfo.ibd'), (15633, '.\\orangehrms_new\\hs_hr_hcs_utility.ibd'), (15634, '.\\orangehrms_new\\hs_hr_hod_sub_departs.ibd'), (15635, '.\\orangehrms_new\\hs_hr_holidays.ibd'), (15636, '.\\orangehrms_new\\hs_hr_hsp.ibd'), (15637, '.\\orangehrms_new\\hs_hr_hsp_payment_request.ibd'), (15638, '.\\orangehrms_new\\hs_hr_hsp_summary.ibd'), (15639, '.\\orangehrms_new\\hs_hr_information_share.ibd'), (15640, '.\\orangehrms_new\\hs_hr_jobtit_empstat.ibd'), (15641, '.\\orangehrms_new\\hs_hr_job_application.ibd'), (15642, '.\\orangehrms_new\\hs_hr_job_application_events.ibd'), (15643, '.\\orangehrms_new\\hs_hr_job_spec.ibd'), (15644, '.\\orangehrms_new\\hs_hr_job_title.ibd'), (15645, '.\\orangehrms_new\\hs_hr_job_vacancy.ibd'), (15646, '.\\orangehrms_new\\hs_hr_kpi.ibd'), (15647, '.\\orangehrms_new\\hs_hr_language.ibd'), (15648, '.\\orangehrms_new\\hs_hr_leave.ibd'), (15649, '.\\orangehrms_new\\hs_hr_leavetype.ibd'), (15650, '.\\orangehrms_new\\hs_hr_leave_period.ibd'), (15651, '.\\orangehrms_new\\hs_hr_leave_requests.ibd'), (15652, '.\\orangehrms_new\\hs_hr_licenses.ibd'), (15653, '.\\orangehrms_new\\hs_hr_location.ibd');
INSERT INTO `INNODB_SYS_DATAFILES` (`SPACE`, `PATH`) VALUES (15654, '.\\orangehrms_new\\hs_hr_mailnotifications.ibd'), (15655, '.\\orangehrms_new\\hs_hr_membership.ibd'), (15656, '.\\orangehrms_new\\hs_hr_membership_type.ibd'), (15657, '.\\orangehrms_new\\hs_hr_module.ibd'), (15658, '.\\orangehrms_new\\hs_hr_nationality.ibd'), (15659, '.\\orangehrms_new\\hs_hr_payperiod.ibd'), (15660, '.\\orangehrms_new\\hs_hr_pay_period.ibd'), (15661, '.\\orangehrms_new\\hs_hr_performance_review.ibd'), (15662, '.\\orangehrms_new\\hs_hr_performance_review_comments.ibd'), (15663, '.\\orangehrms_new\\hs_hr_project.ibd'), (15664, '.\\orangehrms_new\\hs_hr_project_activity.ibd'), (15665, '.\\orangehrms_new\\hs_hr_project_admin.ibd'), (15666, '.\\orangehrms_new\\hs_hr_province.ibd'), (15667, '.\\orangehrms_new\\hs_hr_quiz.ibd'), (15668, '.\\orangehrms_new\\hs_hr_rights.ibd'), (15669, '.\\orangehrms_new\\hs_hr_skill.ibd'), (15670, '.\\orangehrms_new\\hs_hr_timesheet.ibd'), (15671, '.\\orangehrms_new\\hs_hr_timesheet_submission_period.ibd'), (15672, '.\\orangehrms_new\\hs_hr_time_event.ibd'), (15673, '.\\orangehrms_new\\hs_hr_unique_id.ibd'), (15674, '.\\orangehrms_new\\hs_hr_users.ibd'), (15675, '.\\orangehrms_new\\hs_hr_user_group.ibd'), (15676, '.\\orangehrms_new\\hs_hr_versions.ibd'), (15677, '.\\orangehrms_new\\hs_hr_weekends.ibd'), (15678, '.\\orangehrms_new\\hs_hr_workshift.ibd'), (15679, '.\\orangehrms_new\\hs_pr_salary_currency_detail.ibd'), (15680, '.\\orangehrms_new\\hs_pr_salary_grade.ibd'), (15681, '.\\orangehrms_new\\nonregularise.ibd'), (15682, '.\\orangehrms_new\\regulariserep.ibd'), (15683, '.\\orangehrms_new\\table1.ibd'), (15684, '.\\orangehrms_new\\testtable.ibd'), (15685, '.\\imtma_einvoice\\einvoicedata.ibd'), (15686, '.\\imtma_einvoice\\einvoicedata_dmtx_invoice.ibd'), (15687, '.\\imtma_einvoice\\einvoicedata_imtex_invoice.ibd'), (15688, '.\\imtma_einvoice\\einvoicedata_membership_invoice.ibd');
INSERT INTO `INNODB_SYS_DATAFILES` (`SPACE`, `PATH`) VALUES (15690, '.\\biec_application\\biec_miscellaneous_data_entry.ibd'), (15691, '.\\biec_application\\biec_exhibition_sponsorship_data_entry.ibd'), (15692, '.\\biec_application\\biec_exibition_catalouge_data_entry.ibd'), (15693, '.\\biec_application\\biec_exhibitor.ibd'), (15694, '.\\biec_application_staging\\biec_exhibitor.ibd'), (15923, '.\\biec_application\\biec_exhibition.ibd'), (15924, '.\\biec_application\\biec_event_settings.ibd'), (15925, '.\\biec_dmtx\\biec_exhibition.ibd'), (15926, '.\\biec_dmtx\\biec_exhibitor.ibd'), (15927, '.\\biec_application\\biec_event_rate_entry.ibd');


# Dumping structure for table information_schema.INNODB_SYS_FIELDS
CREATE TEMPORARY TABLE IF NOT EXISTS `INNODB_SYS_FIELDS` (
  `INDEX_ID` bigint(21) unsigned NOT NULL DEFAULT '0',
  `NAME` varchar(193) NOT NULL DEFAULT '',
  `POS` int(11) unsigned NOT NULL DEFAULT '0'
) TYPE=MEMORY;

# Dumping data for table information_schema.INNODB_SYS_FIELDS: -1 rows
DELETE FROM `INNODB_SYS_FIELDS`;
INSERT INTO `INNODB_SYS_FIELDS` (`INDEX_ID`, `NAME`, `POS`) VALUES (11, 'ID', 0), (12, 'FOR_NAME', 0), (13, 'REF_NAME', 0), (14, 'ID', 0), (14, 'POS', 1), (15, 'SPACE', 0), (16, 'SPACE', 0), (17, 'database_name', 0), (17, 'table_name', 1), (18, 'database_name', 0), (18, 'table_name', 1), (18, 'index_name', 2), (18, 'stat_name', 3), (19, 'Id', 0), (20, 'Host', 0), (20, 'Port', 1), (21, 'Id', 0), (292, 'catalogue_id', 0), (293, 'ID', 0), (295, 'exhibition_catalogue_id', 0), (301, 'misc_id', 0), (311, 'misc_payment_id', 0), (317, 'firm_id', 0), (318, 'id', 0), (321, 'product_id', 0), (322, 'product_category_id', 0), (323, 'ID', 0), (324, 'status_id', 0), (329, 'collaboration_id', 0), (330, 'document_id', 0), (332, 'collaboration_id', 0), (333, 'imtma_activity_id', 0), (336, 'arrear_id', 0), (337, 'production_id', 0), (338, 'proposer_id', 0), (339, 'id', 0), (340, 'role_id', 0), (342, 'id', 0), (345, 'roa_id', 0), (347, 'user_id', 0), (711, 'attendance_id', 0), (712, 'id', 0), (713, 'loc_code', 0), (714, 'prop_id', 0), (715, 'emp_id', 0), (716, 'key', 0), (717, 'cou_code', 0), (718, 'currency_id', 0), (719, 'customer_id', 0), (720, 'export_id', 0), (721, 'export_id', 0), (722, 'field_num', 0), (723, 'field_num', 0), (724, 'screen', 0), (725, 'import_id', 0), (726, 'import_id', 0), (727, 'id', 0), (728, 'entered_by', 0), (729, 'modified_by', 0), (730, 'id', 0), (731, 'district_code', 0), (732, 'edu_code', 0), (733, 'eec_code', 0), (734, 'emp_number', 0), (735, 'work_station', 0), (736, 'ethnic_race_code', 0), (737, 'nation_code', 0), (738, 'job_title_code', 0), (739, 'emp_status', 0), (740, 'eeo_cat_code', 0), (741, 'leave_period_id', 0), (742, 'employee_id', 0), (743, 'leave_period_id', 0), (744, 'timesheet_period_id', 0), (744, 'employee_id', 1), (745, 'employee_id', 0), (746, 'workshift_id', 0), (746, 'emp_number', 1), (747, 'emp_number', 0), (748, 'rep_code', 0), (749, 'rep_name', 0), (750, 'userg_id', 0), (750, 'rep_code', 1), (751, 'rep_code', 0), (752, 'estat_code', 0), (753, 'emp_number', 0), (753, 'eattach_id', 1), (754, 'screen', 0), (755, 'emp_number', 0), (755, 'sal_grd_code', 1), (755, 'currency_id', 2), (756, 'sal_grd_code', 0), (757, 'currency_id', 0), (758, 'payperiod_code', 0), (759, 'emp_number', 0), (759, 'ec_seqno', 1), (760, 'emp_number', 0), (760, 'econ_extend_id', 1), (761, 'emp_number', 0), (761, 'ed_seqno', 1), (762, 'emp_number', 0), (762, 'dd_seqno', 1), (763, 'edu_code', 0), (763, 'emp_number', 1), (764, 'emp_number', 0), (765, 'emp_number', 0), (765, 'eec_seqno', 1), (766, 'emp_number', 0), (766, 'emp_seqno', 1), (767, 'id', 0), (768, 'emp_number', 0), (769, 'emp_number', 0), (769, 'lang_code', 1), (769, 'elang_type', 2), (770, 'lang_code', 0), (771, 'emp_number', 0), (771, 'licenses_code', 1), (772, 'licenses_code', 0), (773, 'emp_number', 0), (773, 'loc_code', 1), (774, 'loc_code', 0), (775, 'id', 0), (776, 'emp_number', 0), (777, 'emp_number', 0), (777, 'membship_code', 1), (777, 'membtype_code', 2), (778, 'membtype_code', 0), (779, 'membship_code', 0), (780, 'emp_number', 0), (780, 'ep_seqno', 1), (781, 'emp_number', 0), (782, 'erep_sup_emp_number', 0), (782, 'erep_sub_emp_number', 1), (782, 'erep_reporting_mode', 2), (783, 'erep_sub_emp_number', 0), (785, 'emp_number', 0), (786, 'skill_code', 0), (787, 'emp_number', 0), (788, 'id', 0), (789, 'emp_number', 0), (790, 'emp_number', 0), (791, 'emp_number', 0), (791, 'eexp_seqno', 1), (792, 'ethnic_race_code', 0), (793, 'id', 0), (794, 'altered_module', 0), (795, 'entered_by', 0), (796, 'modified_by', 0), (797, 'gen_code', 0), (798, 'code', 0), (799, 'utility_id', 0), (801, 'id', 0), (802, 'employee_id', 0), (803, 'id', 0), (804, 'employee_id', 0), (805, 'hsp_id', 0), (806, 'summary_id', 0), (807, 'jobtit_code', 0), (807, 'estat_code', 1), (808, 'estat_code', 0), (809, 'application_id', 0), (810, 'vacancy_id', 0), (811, 'id', 0), (812, 'application_id', 0), (813, 'created_by', 0), (814, 'owner', 0), (815, 'jobspec_id', 0), (816, 'jobtit_code', 0), (817, 'sal_grd_code', 0), (818, 'jobspec_id', 0), (819, 'vacancy_id', 0), (820, 'jobtit_code', 0), (821, 'manager_id', 0), (822, 'id', 0), (823, 'lang_code', 0), (824, 'leave_id', 0), (824, 'leave_request_id', 1), (825, 'leave_request_id', 0), (825, 'leave_type_id', 1), (825, 'employee_id', 2), (826, 'leave_type_id', 0), (827, 'employee_id', 0), (828, 'leave_type_id', 0), (829, 'leave_period_id', 0), (830, 'leave_request_id', 0), (830, 'leave_type_id', 1), (830, 'employee_id', 2), (831, 'employee_id', 0), (832, 'leave_type_id', 0), (833, 'leave_period_id', 0), (834, 'licenses_code', 0), (835, 'loc_code', 0), (836, 'loc_country', 0), (838, 'user_id', 0), (839, 'notification_type_id', 0), (840, 'membship_code', 0), (841, 'membtype_code', 0), (842, 'membtype_code', 0), (843, 'mod_id', 0), (844, 'version', 0), (845, 'nat_code', 0), (846, 'payperiod_code', 0), (847, 'id', 0), (848, 'id', 0), (849, 'id', 0), (850, 'project_id', 0), (850, 'customer_id', 1), (851, 'customer_id', 0), (852, 'activity_id', 0), (853, 'project_id', 0), (854, 'project_id', 0), (854, 'emp_number', 1), (855, 'emp_number', 0), (856, 'id', 0), (857, 'mod_id', 0), (857, 'userg_id', 1), (858, 'userg_id', 0), (859, 'skill_code', 0), (860, 'timesheet_id', 0), (860, 'employee_id', 1), (860, 'timesheet_period_id', 2), (861, 'employee_id', 0), (862, 'timesheet_period_id', 0), (863, 'timesheet_period_id', 0), (864, 'time_event_id', 0), (864, 'project_id', 1), (864, 'employee_id', 2), (864, 'timesheet_id', 3), (865, 'project_id', 0), (866, 'activity_id', 0), (867, 'employee_id', 0), (868, 'timesheet_id', 0), (869, 'id', 0), (870, 'table_name', 0), (870, 'field_name', 1), (871, 'id', 0), (872, 'user_name', 0), (873, 'modified_user_id', 0), (874, 'created_by', 0), (875, 'userg_id', 0), (876, 'emp_number', 0), (877, 'userg_id', 0), (878, 'id', 0), (879, 'modified_by', 0), (880, 'created_by', 0), (881, 'db_version', 0), (882, 'file_version', 0), (883, 'day', 0), (884, 'workshift_id', 0), (885, 'sal_grd_code', 0), (885, 'currency_id', 1), (886, 'currency_id', 0), (887, 'sal_grd_code', 0), (888, 'sal_grd_name', 0), (892, 'id', 0), (1072, 'council_id', 0), (1084, 'ID', 0), (1088, 'document_id', 0), (1119, 'activity_id', 0), (1120, 'role_id', 0), (1123, 'id', 0), (1124, 'deffer_payment_id', 0), (1128, 'payment_date_id', 0), (1130, 'id', 0), (1131, 'login_id', 0), (1132, 'login_id', 0), (1132, 'session_id', 1), (1133, 'bank_id', 0), (1137, 'module_id', 0), (1138, 'item_id', 0), (1142, 'id', 0), (1145, 'user_id', 0), (1150, 'exhibitor_billing_id', 0), (1155, 'payment_schedule_id', 0), (1156, 'bank_id', 0), (1157, 'id', 0), (1164, 'ID', 0), (1166, 'id', 0), (1185, 'login_id', 0), (1186, 'login_id', 0), (1186, 'session_id', 1), (1187, 'module_id', 0), (1189, 'role_id', 0), (1190, 'user_id', 0), (1194, 'exhibition_id', 0), (1195, 'subcategory_id', 0), (1196, 'subsubcategory_id', 0), (1197, 'payment_authorisation_id', 0), (1200, 'item_id', 0), (1211, 'vendor_id', 0), (1212, 'vendor_cat_id', 0), (1214, 'pid', 0), (1216, 'ind_frm_id', 0), (1217, 'raw_shell_id', 0), (1218, 'summary_id', 0), (1230, 'id', 0), (1231, 'category_id', 0), (1233, 'budget_id', 0), (1234, 'head_type_id', 0), (1235, 'id', 0), (1236, 'role_id', 0), (1237, 'user_id', 0), (1238, 'complaint_cat_id', 0), (1240, 'module_id', 0), (1241, 'item_id', 0), (1242, 'hall_id', 0), (1244, 'softcopy_id', 0), (1245, 'id', 0), (1248, 'id', 0), (1249, 'complaint_id', 0), (1253, 'id', 0), (1258, 'catalogue_id', 0), (1259, 'currency_id', 0), (1260, 'ID', 0), (1262, 'exhibition_catalogue_id', 0), (1268, 'misc_id', 0), (1277, 'exhibitor_billing_id', 0), (1278, 'misc_payment_id', 0), (1280, 'payment_schedule_id', 0), (1285, 'ID', 0), (1286, 'firm_id', 0), (1288, 'id', 0), (1289, 'bank_id', 0), (1290, 'hall_id', 0), (1291, 'product_id', 0), (1292, 'product_category_id', 0), (1293, 'ID', 0), (1294, 'id', 0), (1295, 'tax_id', 0), (1296, 'id', 0), (1297, 'role_id', 0), (1298, 'user_id', 0), (1299, 'id', 0), (1300, 'hall_id', 0), (1301, 'module_id', 0), (1302, 'item_id', 0), (1303, 'id', 0), (1304, 'roa_id', 0), (1306, 'hall_id', 0), (1332, 'purchase_order_id', 0), (1333, 'id', 0), (1334, 'id', 0), (1351, 'id', 0), (1352, 'id', 0), (1386, 'id', 0), (1414, 'department_id', 0), (1415, 'employee_id', 0), (1418, 'id', 0), (1419, 'loc_code', 0), (1420, 'emp_number', 0), (1421, 'jobtit_code', 0), (1422, 'sal_grd_code', 0), (1423, 'jobspec_id', 0), (1424, 'designation_id', 0), (1425, 'sponsorship_id', 0), (1426, 'sponsorship_id', 0), (1436, 'id', 0), (1437, 'id', 0), (1439, 'login_id', 0), (1440, 'login_id', 0), (1440, 'session_id', 1), (1441, 'module_id', 0), (1442, 'item_id', 0), (1443, 'role_id', 0), (1444, 'designation_id', 0), (1445, 'error_id', 0), (1446, 'softcopy_id', 0), (1447, 'id', 0), (1448, 'id', 0), (1449, 'id', 0), (1450, 'id', 0), (1451, 'payment_authorisation_id', 0), (1452, 'purchase_order_id', 0), (1454, 'item_id', 0), (1456, 'transport_id', 0), (1457, 'link_id', 0), (1458, 'user_id', 0), (1459, 'vendor_id', 0), (1460, 'requisition_id', 0), (1461, 'id', 0), (1464, 'id', 0), (1468, 'id', 0), (1471, 'id', 0), (1473, 'id', 0), (1482, 'activity_id', 0), (1483, 'login_id', 0), (1484, 'login_id', 0), (1484, 'session_id', 1), (1485, 'module_id', 0), (1486, 'item_id', 0), (1487, 'role_id', 0), (1488, 'allotment_id', 0), (1489, 'department_id', 0), (1490, 'id', 0), (1491, 'error_id', 0), (1492, 'invoice_id', 0), (1493, 'soft_copy_id', 0), (1494, 'id', 0), (1495, 'id', 0), (1496, 'head_id', 0), (1497, 'job_title_id', 0), (1498, 'type_id', 0), (1499, 'order_id', 0), (1500, 'template_id', 0), (1501, 'id', 0), (1502, 'user_id', 0), (1503, 'vendor_id', 0), (1504, 'branch_id', 0), (1506, 'id', 0), (1509, 'miscellaneous_id', 0), (1511, 'id', 0), (1514, 'miscellaneous_id', 0), (1524, 'hall_id', 0), (1525, 'open_area_id', 0), (1526, 'conference_center_id', 0), (1527, 'service_id', 0), (1528, 'signage_id', 0), (1529, 'signage_charge_id', 0), (1530, 'additional_facility_id', 0), (1533, 'account_id', 0), (1661, 'catalogue_id', 0), (1662, 'id', 0), (1663, 'role_id', 0), (1664, 'user_id', 0), (1666, 'ID', 0), (1668, 'exhibition_catalogue_id', 0), (1669, 'id', 0), (1671, 'charges_id', 0), (1672, 'conversion_rate_id', 0), (1674, 'logo_id', 0), (1675, 'misc_id', 0), (1679, 'id', 0), (1681, 'sponsorship_id', 0), (1685, 'exhibitor_billing_id', 0), (1686, 'misc_payment_id', 0), (1687, 'id', 0), (1688, 'payment_schedule_id', 0), (1689, 'id', 0), (1690, 'id', 0), (1692, 'id', 0), (1693, 'ID', 0), (1694, 'firm_id', 0), (1696, 'id', 0), (1697, 'bank_id', 0), (1698, 'hall_id', 0), (1700, 'product_id', 0), (1701, 'product_category_id', 0), (1702, 'ID', 0), (1703, 'id', 0), (1704, 'status_id', 0), (1705, 'tax_id', 0), (1707, 'activity_id', 0), (1708, 'address_id', 0), (1709, 'collaboration_id', 0), (1710, 'document_id', 0), (1711, 'council_id', 0), (1712, 'collaboration_id', 0), (1713, 'imtma_activity_id', 0), (1714, 'imtma_visit_id', 0), (1715, 'INVOICE_ID', 0), (1716, 'arrear_id', 0), (1717, 'production_id', 0), (1718, 'proposer_id', 0), (1719, 'document_id', 0), (1720, 'id', 0), (1723, 'miscellaneous_id', 0), (1724, 'id', 0), (1725, 'role_id', 0), (1726, 'user_id', 0), (1727, 'id', 0), (1728, 'id', 0), (1729, 'complaint_cat_id', 0), (1730, 'complaint_id', 0), (1731, 'module_id', 0), (1732, 'item_id', 0), (1733, 'hall_id', 0), (1736, 'id', 0), (1737, 'roa_id', 0), (1740, 'catalogue_id', 0), (1741, 'currency_id', 0), (1742, 'ID', 0), (1744, 'exhibition_catalogue_id', 0), (1745, 'id', 0), (1747, 'charges_id', 0), (1748, 'conversion_rate_id', 0), (1750, 'logo_id', 0), (1751, 'misc_id', 0), (1753, 'space_rent_id', 0), (1755, 'id', 0), (1757, 'sponsorship_id', 0), (1761, 'exhibitor_billing_id', 0), (1762, 'misc_payment_id', 0), (1763, 'id', 0), (1764, 'payment_schedule_id', 0), (1765, 'id', 0), (1766, 'id', 0), (1768, 'id', 0), (1769, 'ID', 0), (1770, 'firm_id', 0), (1772, 'id', 0), (1773, 'bank_id', 0), (1774, 'hall_id', 0), (1775, 'product_id', 0), (1776, 'product_category_id', 0), (1777, 'ID', 0), (1778, 'id', 0), (1779, 'tax_id', 0), (1780, 'id', 0), (1783, 'miscellaneous_id', 0), (1784, 'id', 0), (1785, 'role_id', 0), (1786, 'user_id', 0), (1787, 'id', 0), (1788, 'hall_id', 0), (1789, 'module_id', 0), (1790, 'item_id', 0), (1791, 'id', 0), (1792, 'roa_id', 0), (1793, 'id', 0), (1795, 'id', 0), (1796, 'id', 0), (1797, 'id', 0), (1798, 'id', 0), (1799, 'id', 0), (1800, 'customer_id', 0), (1801, 'id', 0), (1802, 'id', 0), (1803, 'id', 0), (1804, 'id', 0), (1805, 'role_id', 0), (1806, 'show_id', 0), (1807, 'id', 0), (1808, 'id', 0), (1809, 'deffer_payment_id', 0), (1810, 'id', 0), (1811, 'id', 0), (1812, 'ID', 0), (1813, 'id', 0), (1815, 'payment_date_id', 0), (1816, 'id', 0), (1817, 'id', 0), (1818, 'id', 0), (1819, 'login_id', 0), (1820, 'login_id', 0), (1820, 'session_id', 1), (1821, 'account_id', 0), (1822, 'bank_id', 0), (1823, 'conference_center_id', 0), (1824, 'hall_id', 0), (1825, 'additional_facility_id', 0), (1826, 'module_id', 0), (1827, 'item_id', 0), (1828, 'open_area_id', 0), (1829, 'signage_id', 0), (1830, 'signage_charge_id', 0), (1831, 'id', 0), (1832, 'tax_id', 0), (1833, 'service_id', 0), (1834, 'user_id', 0), (1839, 'mem_cat_id', 0), (1842, 'mem_cat_id', 0), (1853, 'exhibition_id', 0), (1855, 'exhibition_id', 0), (1857, 'space_rent_id', 0), (1876, 'customer_id', 0), (1880, 'id', 0), (2077, 'member_id', 0), (2088, 'id', 0), (2094, 'address_id', 0), (2279, 'exhibitor_id', 0), (2283, 'description_id', 0), (2284, 'description_id', 0), (2285, 'description_id', 0), (2286, 'description_id', 0), (2309, 'currency_id', 0), (2310, 'currency_id', 0), (2313, 'item_id', 0), (2316, 'module_id', 0), (2319, 'module_id', 0), (2322, 'item_id', 0), (2325, 'sponsorship_data_id', 0), (2326, 'exhibition_catalogue_id', 0), (2329, 'sponsorship_data_id', 0), (2330, 'exhibition_catalogue_id', 0), (2331, 'data_id', 0), (2334, 'data_id', 0), (2530, 'id', 0), (2715, 'catalogue_payment_id', 0), (2717, 'catalogue_payment_id', 0), (2718, 'sponsorship_payment_id', 0), (2719, 'sponsorship_payment_id', 0), (2720, 'sponsorship_payment_id', 0), (2721, 'sponsorship_payment_id', 0), (2732, 'exhibitors_entry_id', 0), (2735, 'exhibitors_entry_id', 0), (2738, 'exhibitors_entry_id', 0), (2741, 'exhibitors_entry_id', 0), (2743, 'starting_no_id', 0), (2745, 'starting_no_id', 0), (2751, 'workshop_id', 0), (2754, 'exhibition_workshop_id', 0), (2757, 'id', 0), (2763, 'workshop_id', 0), (2769, 'id', 0), (2787, 'workshop_id', 0), (2790, 'exhibition_workshop_id', 0), (2793, 'id', 0), (2799, 'workshop_id', 0), (2805, 'id', 0), (2811, 'tax_id', 0), (2819, 'address_id', 0), (2824, 'id', 0), (2840, 'catalogue_payment_id', 0), (2843, 'id', 0), (2845, 'catalogue_payment_id', 0), (2856, 'id', 0), (2859, 'id', 0), (2862, 'id', 0), (2870, 'id', 0), (2874, 'receipt_id', 0), (2875, 'receipt_id', 0), (2876, 'tax_id', 0), (3065, 'id', 0), (3069, 'id', 0), (3144, 'erep_sup_emp_number', 0), (3144, 'erep_sub_emp_number', 1), (3144, 'erep_reporting_mode', 2), (3145, 'erep_sub_emp_number', 0), (3147, 'emp_number', 0), (3148, 'skill_code', 0), (3149, 'emp_number', 0), (3150, 'id', 0), (3151, 'emp_number', 0), (3152, 'emp_number', 0), (3153, 'emp_number', 0), (3153, 'eexp_seqno', 1), (3154, 'ethnic_race_code', 0), (3155, 'id', 0), (3156, 'altered_module', 0), (3157, 'entered_by', 0), (3158, 'modified_by', 0), (3160, 'code', 0), (3161, 'utility_id', 0), (3164, 'holiday_id', 0), (3173, 'application_id', 0), (3174, 'vacancy_id', 0), (3175, 'id', 0), (3176, 'application_id', 0), (3177, 'created_by', 0), (3178, 'owner', 0), (3179, 'jobspec_id', 0), (3180, 'jobtit_code', 0), (3181, 'sal_grd_code', 0), (3182, 'jobspec_id', 0), (3183, 'vacancy_id', 0), (3184, 'jobtit_code', 0), (3185, 'manager_id', 0), (3186, 'id', 0), (3187, 'lang_code', 0), (3188, 'leave_id', 0), (3188, 'leave_type_id', 1), (3188, 'employee_id', 2), (3188, 'leave_request_id', 3), (3189, 'leave_request_id', 0), (3189, 'leave_type_id', 1), (3189, 'employee_id', 2), (3190, 'leave_type_id', 0), (3191, 'employee_id', 0), (3192, 'leave_type_id', 0), (3193, 'leave_period_id', 0), (3194, 'leave_request_id', 0), (3194, 'leave_type_id', 1), (3194, 'employee_id', 2), (3195, 'employee_id', 0), (3196, 'leave_type_id', 0), (3197, 'leave_period_id', 0), (3198, 'licenses_code', 0), (3199, 'loc_code', 0), (3200, 'loc_country', 0), (3202, 'user_id', 0), (3203, 'notification_type_id', 0), (3204, 'membship_code', 0), (3205, 'membtype_code', 0), (3206, 'membtype_code', 0), (3207, 'mod_id', 0), (3208, 'version', 0), (3209, 'nat_code', 0), (3210, 'payperiod_code', 0), (3211, 'id', 0), (3212, 'id', 0), (3213, 'id', 0), (3214, 'project_id', 0), (3214, 'customer_id', 1), (3215, 'customer_id', 0), (3216, 'activity_id', 0), (3217, 'project_id', 0), (3218, 'project_id', 0), (3218, 'emp_number', 1), (3219, 'emp_number', 0), (3220, 'id', 0), (3221, 'mod_id', 0), (3221, 'userg_id', 1), (3222, 'userg_id', 0), (3223, 'skill_code', 0), (3224, 'timesheet_id', 0), (3224, 'employee_id', 1);
INSERT INTO `INNODB_SYS_FIELDS` (`INDEX_ID`, `NAME`, `POS`) VALUES (3224, 'timesheet_period_id', 2), (3225, 'employee_id', 0), (3226, 'timesheet_period_id', 0), (3227, 'timesheet_period_id', 0), (3228, 'time_event_id', 0), (3228, 'project_id', 1), (3228, 'employee_id', 2), (3228, 'timesheet_id', 3), (3229, 'project_id', 0), (3230, 'activity_id', 0), (3231, 'employee_id', 0), (3232, 'timesheet_id', 0), (3233, 'id', 0), (3234, 'table_name', 0), (3234, 'field_name', 1), (3235, 'id', 0), (3236, 'user_name', 0), (3237, 'modified_user_id', 0), (3238, 'created_by', 0), (3239, 'userg_id', 0), (3240, 'emp_number', 0), (3241, 'userg_id', 0), (3242, 'id', 0), (3243, 'modified_by', 0), (3244, 'created_by', 0), (3245, 'db_version', 0), (3246, 'file_version', 0), (3247, 'day', 0), (3248, 'workshift_id', 0), (3249, 'sal_grd_code', 0), (3249, 'currency_id', 1), (3250, 'currency_id', 0), (3251, 'sal_grd_code', 0), (3252, 'sal_grd_name', 0), (3256, 'magazine_id', 0), (3262, 'id', 0), (3268, 'catalogue_payment_id', 0), (3271, 'rate_id', 0), (3274, 'vendor_id', 0), (3277, 'exhibitor_id', 0), (3278, 'address_id', 0), (3291, 'logo_id', 0), (3292, 'starting_no_id', 0), (3296, 'id', 0), (3306, 'charges_id', 0), (3329, 'sponsorship_data_id', 0), (3330, 'exhibition_catalogue_id', 0), (3331, 'data_id', 0), (3332, 'id', 0), (3334, 'id', 0), (3338, 'exhibition_workshop_id', 0), (3341, 'space_rent_id', 0), (3344, 'workshop_payment_id', 0), (3345, 'workshop_payment_id', 0), (3346, 'workshop_payment_id', 0), (3347, 'workshop_payment_id', 0), (3349, 'exhibition_workshop_id', 0), (3355, 'id', 0), (3367, 'rent_id', 0), (3370, 'rent_id', 0), (3373, 'rent_id', 0), (3481, 'emp_number', 0), (4364, 'imtma_visit_id', 0), (4372, 'id', 0), (4373, 'visitor_id', 0), (4373, 'financial_year', 1), (4375, 'visitor_id', 0), (4379, 'miscellaneous_payment_id', 0), (4380, 'miscellaneous_payment_id', 0), (4381, 'miscellaneous_payment_id', 0), (4382, 'miscellaneous_payment_id', 0), (4427, 'id', 0), (4430, 'event_id', 0), (4555, 'conversion_rate_id', 0), (4556, 'conversion_rate_id', 0), (5192, 'competencyrating_id', 0), (5193, 'attendance_id', 0), (5194, 'blood_grp_id', 0), (5195, 'blood_grp_id', 0), (5196, 'id', 0), (5197, 'loc_code', 0), (5198, 'prop_id', 0), (5199, 'emp_id', 0), (5200, 'key', 0), (5201, 'cou_code', 0), (5202, 'currency_id', 0), (5203, 'customer_id', 0), (5204, 'export_id', 0), (5205, 'export_id', 0), (5206, 'field_num', 0), (5207, 'field_num', 0), (5208, 'screen', 0), (5209, 'import_id', 0), (5210, 'import_id', 0), (5211, 'id', 0), (5212, 'entered_by', 0), (5213, 'modified_by', 0), (5214, 'id', 0), (5215, 'district_code', 0), (5216, 'edu_code', 0), (5217, 'eec_code', 0), (5218, 'emp_number', 0), (5219, 'work_station', 0), (5220, 'ethnic_race_code', 0), (5221, 'nation_code', 0), (5222, 'job_title_code', 0), (5223, 'emp_status', 0), (5224, 'eeo_cat_code', 0), (5226, 'leave_period_id', 0), (5227, 'employee_id', 0), (5228, 'leave_type_id', 0), (5229, 'timesheet_period_id', 0), (5229, 'employee_id', 1), (5230, 'employee_id', 0), (5231, 'workshift_id', 0), (5231, 'emp_number', 1), (5232, 'emp_number', 0), (5233, 'rep_code', 0), (5234, 'rep_name', 0), (5235, 'userg_id', 0), (5235, 'rep_code', 1), (5236, 'rep_code', 0), (5237, 'estat_code', 0), (5238, 'emp_number', 0), (5238, 'eattach_id', 1), (5239, 'screen', 0), (5240, 'emp_number', 0), (5240, 'sal_grd_code', 1), (5240, 'currency_id', 2), (5241, 'sal_grd_code', 0), (5242, 'currency_id', 0), (5243, 'payperiod_code', 0), (5244, 'ec_seqno', 0), (5245, 'emp_number', 0), (5245, 'econ_extend_id', 1), (5246, 'emp_number', 0), (5246, 'ed_seqno', 1), (5247, 'emp_number', 0), (5247, 'dd_seqno', 1), (5248, 'edu_code', 0), (5248, 'emp_number', 1), (5249, 'emp_number', 0), (5250, 'emp_number', 0), (5251, 'emp_number', 0), (5251, 'emp_seqno', 1), (5252, 'id', 0), (5253, 'emp_number', 0), (5254, 'emp_number', 0), (5254, 'lang_code', 1), (5254, 'elang_type', 2), (5255, 'lang_code', 0), (5256, 'emp_number', 0), (5256, 'licenses_code', 1), (5257, 'licenses_code', 0), (5258, 'emp_number', 0), (5258, 'loc_code', 1), (5259, 'loc_code', 0), (5260, 'id', 0), (5261, 'emp_number', 0), (5262, 'emp_number', 0), (5262, 'membship_code', 1), (5262, 'membtype_code', 2), (5263, 'membtype_code', 0), (5264, 'membship_code', 0), (5265, 'emp_number', 0), (5266, 'id', 0), (5267, 'employee_id', 0), (5268, 'id', 0), (5269, 'employee_id', 0), (5270, 'hsp_id', 0), (5271, 'summary_id', 0), (5272, 'info_id', 0), (5273, 'jobtit_code', 0), (5273, 'estat_code', 1), (5274, 'estat_code', 0), (8332, 'id', 0), (8335, 'id', 0), (10405, 'show_id', 0), (16168, 'starting_no_id', 0), (16169, 'logo_id', 0), (16170, 'member_id', 0), (16610, 'catalogue_id', 0), (16622, 'id', 0), (16623, 'magazine_catalogue_id', 0), (16670, 'INVOICE_ID', 0), (16673, 'space_rent_id', 0), (16674, 'charges_id', 0), (16675, 'exhibition_id', 0), (16675, 'type', 1), (17553, 'emp_number', 0), (17869, 'competencyrating_id', 0), (17871, 'attendance_id', 0), (17872, 'blood_grp_id', 0), (17873, 'blood_grp_id', 0), (17874, 'id', 0), (17875, 'loc_code', 0), (17876, 'prop_id', 0), (17877, 'emp_id', 0), (17878, 'key', 0), (17879, 'cou_code', 0), (17880, 'currency_id', 0), (17881, 'customer_id', 0), (17882, 'export_id', 0), (17883, 'export_id', 0), (17884, 'field_num', 0), (17885, 'field_num', 0), (17886, 'screen', 0), (17887, 'import_id', 0), (17888, 'import_id', 0), (17889, 'id', 0), (17890, 'entered_by', 0), (17891, 'modified_by', 0), (17892, 'id', 0), (17893, 'district_code', 0), (17894, 'edu_code', 0), (17895, 'eec_code', 0), (17896, 'emp_number', 0), (17897, 'work_station', 0), (17898, 'ethnic_race_code', 0), (17899, 'nation_code', 0), (17900, 'job_title_code', 0), (17901, 'emp_status', 0), (17902, 'eeo_cat_code', 0), (17904, 'leave_period_id', 0), (17905, 'employee_id', 0), (17906, 'leave_type_id', 0), (17907, 'timesheet_period_id', 0), (17907, 'employee_id', 1), (17908, 'employee_id', 0), (17909, 'workshift_id', 0), (17909, 'emp_number', 1), (17910, 'emp_number', 0), (17911, 'rep_code', 0), (17912, 'rep_name', 0), (17913, 'userg_id', 0), (17913, 'rep_code', 1), (17914, 'rep_code', 0), (17915, 'estat_code', 0), (17916, 'emp_number', 0), (17916, 'eattach_id', 1), (17917, 'screen', 0), (17918, 'emp_number', 0), (17918, 'sal_grd_code', 1), (17918, 'currency_id', 2), (17919, 'sal_grd_code', 0), (17920, 'currency_id', 0), (17921, 'payperiod_code', 0), (17922, 'ec_seqno', 0), (17923, 'emp_number', 0), (17923, 'econ_extend_id', 1), (17924, 'emp_number', 0), (17924, 'ed_seqno', 1), (17925, 'emp_number', 0), (17925, 'dd_seqno', 1), (17926, 'edu_code', 0), (17926, 'emp_number', 1), (17927, 'emp_number', 0), (17928, 'emp_number', 0), (17929, 'emp_number', 0), (17929, 'emp_seqno', 1), (17930, 'id', 0), (17931, 'emp_number', 0), (17932, 'emp_number', 0), (17932, 'lang_code', 1), (17932, 'elang_type', 2), (17933, 'lang_code', 0), (17934, 'emp_number', 0), (17934, 'licenses_code', 1), (17935, 'licenses_code', 0), (17936, 'emp_number', 0), (17936, 'loc_code', 1), (17937, 'loc_code', 0), (17938, 'id', 0), (17939, 'emp_number', 0), (17940, 'emp_number', 0), (17940, 'membship_code', 1), (17940, 'membtype_code', 2), (17941, 'membtype_code', 0), (17942, 'membship_code', 0), (17943, 'emp_number', 0), (17944, 'erep_sup_emp_number', 0), (17944, 'erep_sub_emp_number', 1), (17944, 'erep_reporting_mode', 2), (17945, 'erep_sub_emp_number', 0), (17947, 'emp_number', 0), (17948, 'skill_code', 0), (17949, 'emp_number', 0), (17950, 'id', 0), (17951, 'emp_number', 0), (17952, 'emp_number', 0), (17953, 'emp_number', 0), (17953, 'eexp_seqno', 1), (17954, 'ethnic_race_code', 0), (17955, 'id', 0), (17956, 'altered_module', 0), (17957, 'entered_by', 0), (17958, 'modified_by', 0), (17960, 'code', 0), (17961, 'utility_id', 0), (17964, 'holiday_id', 0), (17965, 'id', 0), (17966, 'employee_id', 0), (17967, 'id', 0), (17968, 'employee_id', 0), (17969, 'hsp_id', 0), (17970, 'summary_id', 0), (17971, 'info_id', 0), (17972, 'jobtit_code', 0), (17972, 'estat_code', 1), (17973, 'estat_code', 0), (17974, 'application_id', 0), (17975, 'vacancy_id', 0), (17976, 'id', 0), (17977, 'application_id', 0), (17978, 'created_by', 0), (17979, 'owner', 0), (17980, 'jobspec_id', 0), (17981, 'jobtit_code', 0), (17982, 'sal_grd_code', 0), (17983, 'jobspec_id', 0), (17984, 'vacancy_id', 0), (17985, 'jobtit_code', 0), (17986, 'manager_id', 0), (17987, 'id', 0), (17988, 'lang_code', 0), (17989, 'leave_id', 0), (17989, 'leave_type_id', 1), (17989, 'employee_id', 2), (17989, 'leave_request_id', 3), (17990, 'leave_request_id', 0), (17990, 'leave_type_id', 1), (17990, 'employee_id', 2), (17991, 'leave_type_id', 0), (17992, 'employee_id', 0), (17993, 'leave_type_id', 0), (17994, 'leave_period_id', 0), (17995, 'leave_request_id', 0), (17995, 'leave_type_id', 1), (17995, 'employee_id', 2), (17996, 'employee_id', 0), (17997, 'leave_type_id', 0), (17998, 'leave_period_id', 0), (17999, 'licenses_code', 0), (18000, 'loc_code', 0), (18001, 'loc_country', 0), (18003, 'user_id', 0), (18004, 'notification_type_id', 0), (18005, 'membship_code', 0), (18006, 'membtype_code', 0), (18007, 'membtype_code', 0), (18008, 'mod_id', 0), (18009, 'version', 0), (18010, 'nat_code', 0), (18011, 'payperiod_code', 0), (18012, 'id', 0), (18013, 'id', 0), (18014, 'id', 0), (18015, 'project_id', 0), (18015, 'customer_id', 1), (18016, 'customer_id', 0), (18017, 'activity_id', 0), (18018, 'project_id', 0), (18019, 'project_id', 0), (18019, 'emp_number', 1), (18020, 'emp_number', 0), (18021, 'id', 0), (18022, 'empid', 0), (18022, 'QuestionNo', 1), (18023, 'mod_id', 0), (18023, 'userg_id', 1), (18024, 'userg_id', 0), (18025, 'skill_code', 0), (18026, 'timesheet_id', 0), (18026, 'employee_id', 1), (18026, 'timesheet_period_id', 2), (18027, 'employee_id', 0), (18028, 'timesheet_period_id', 0), (18029, 'timesheet_period_id', 0), (18030, 'time_event_id', 0), (18030, 'project_id', 1), (18030, 'employee_id', 2), (18030, 'timesheet_id', 3), (18031, 'project_id', 0), (18032, 'activity_id', 0), (18033, 'employee_id', 0), (18034, 'timesheet_id', 0), (18035, 'id', 0), (18036, 'table_name', 0), (18036, 'field_name', 1), (18037, 'id', 0), (18038, 'user_name', 0), (18039, 'modified_user_id', 0), (18040, 'created_by', 0), (18041, 'userg_id', 0), (18042, 'emp_number', 0), (18043, 'userg_id', 0), (18044, 'id', 0), (18045, 'modified_by', 0), (18046, 'created_by', 0), (18047, 'db_version', 0), (18048, 'file_version', 0), (18049, 'day', 0), (18050, 'workshift_id', 0), (18051, 'sal_grd_code', 0), (18051, 'currency_id', 1), (18052, 'currency_id', 0), (18053, 'sal_grd_code', 0), (18054, 'sal_grd_name', 0), (18059, 'id', 0), (18060, 'id', 0), (18061, 'id', 0), (18062, 'id', 0), (18064, 'data_id', 0), (18065, 'sponsorship_data_id', 0), (18066, 'exhibition_catalogue_id', 0), (18067, 'exhibitor_id', 0), (18068, 'exhibitor_id', 0), (18292, 'exhibition_id', 0), (18293, 'id', 0), (18294, 'exhibition_id', 0), (18295, 'exhibitor_id', 0), (18296, 'rate_id', 0);


# Dumping structure for table information_schema.INNODB_SYS_FOREIGN
CREATE TEMPORARY TABLE IF NOT EXISTS `INNODB_SYS_FOREIGN` (
  `ID` varchar(193) NOT NULL DEFAULT '',
  `FOR_NAME` varchar(193) NOT NULL DEFAULT '',
  `REF_NAME` varchar(193) NOT NULL DEFAULT '',
  `N_COLS` int(11) unsigned NOT NULL DEFAULT '0',
  `TYPE` int(11) unsigned NOT NULL DEFAULT '0'
) TYPE=MEMORY;

# Dumping data for table information_schema.INNODB_SYS_FOREIGN: -1 rows
DELETE FROM `INNODB_SYS_FOREIGN`;
INSERT INTO `INNODB_SYS_FOREIGN` (`ID`, `FOR_NAME`, `REF_NAME`, `N_COLS`, `TYPE`) VALUES ('orangehrmsnew/hs_hr_compstructtree_ibfk_1', 'orangehrmsnew/hs_hr_compstructtree', 'orangehrmsnew/hs_hr_location', 1, 0), ('orangehrmsnew/hs_hr_db_version_ibfk_1', 'orangehrmsnew/hs_hr_db_version', 'orangehrmsnew/hs_hr_users', 1, 1), ('orangehrmsnew/hs_hr_db_version_ibfk_2', 'orangehrmsnew/hs_hr_db_version', 'orangehrmsnew/hs_hr_users', 1, 1), ('orangehrmsnew/hs_hr_employee_timesheet_period_ibfk_1', 'orangehrmsnew/hs_hr_employee_timesheet_period', 'orangehrmsnew/hs_hr_employee', 1, 1), ('orangehrmsnew/hs_hr_employee_timesheet_period_ibfk_2', 'orangehrmsnew/hs_hr_employee_timesheet_period', 'orangehrmsnew/hs_hr_timesheet_submission_period', 1, 1), ('orangehrmsnew/hs_hr_employee_workshift_ibfk_1', 'orangehrmsnew/hs_hr_employee_workshift', 'orangehrmsnew/hs_hr_workshift', 1, 1), ('orangehrmsnew/hs_hr_employee_workshift_ibfk_2', 'orangehrmsnew/hs_hr_employee_workshift', 'orangehrmsnew/hs_hr_employee', 1, 1), ('orangehrmsnew/hs_hr_emprep_usergroup_ibfk_1', 'orangehrmsnew/hs_hr_emprep_usergroup', 'orangehrmsnew/hs_hr_user_group', 1, 1), ('orangehrmsnew/hs_hr_emprep_usergroup_ibfk_2', 'orangehrmsnew/hs_hr_emprep_usergroup', 'orangehrmsnew/hs_hr_empreport', 1, 1), ('orangehrmsnew/hs_hr_emp_attachment_ibfk_1', 'orangehrmsnew/hs_hr_emp_attachment', 'orangehrmsnew/hs_hr_employee', 1, 1), ('orangehrmsnew/hs_hr_emp_basicsalary_ibfk_1', 'orangehrmsnew/hs_hr_emp_basicsalary', 'orangehrmsnew/hs_pr_salary_grade', 1, 1), ('orangehrmsnew/hs_hr_emp_basicsalary_ibfk_2', 'orangehrmsnew/hs_hr_emp_basicsalary', 'orangehrmsnew/hs_hr_currency_type', 1, 1), ('orangehrmsnew/hs_hr_emp_basicsalary_ibfk_3', 'orangehrmsnew/hs_hr_emp_basicsalary', 'orangehrmsnew/hs_hr_employee', 1, 1), ('orangehrmsnew/hs_hr_emp_basicsalary_ibfk_4', 'orangehrmsnew/hs_hr_emp_basicsalary', 'orangehrmsnew/hs_hr_payperiod', 1, 1), ('orangehrmsnew/hs_hr_emp_children_ibfk_1', 'orangehrmsnew/hs_hr_emp_children', 'orangehrmsnew/hs_hr_employee', 1, 1), ('orangehrmsnew/hs_hr_emp_contract_extend_ibfk_1', 'orangehrmsnew/hs_hr_emp_contract_extend', 'orangehrmsnew/hs_hr_employee', 1, 1), ('orangehrmsnew/hs_hr_emp_dependents_ibfk_1', 'orangehrmsnew/hs_hr_emp_dependents', 'orangehrmsnew/hs_hr_employee', 1, 1), ('orangehrmsnew/hs_hr_emp_directdebit_ibfk_1', 'orangehrmsnew/hs_hr_emp_directdebit', 'orangehrmsnew/hs_hr_employee', 1, 1), ('orangehrmsnew/hs_hr_emp_education_ibfk_1', 'orangehrmsnew/hs_hr_emp_education', 'orangehrmsnew/hs_hr_employee', 1, 1), ('orangehrmsnew/hs_hr_emp_education_ibfk_2', 'orangehrmsnew/hs_hr_emp_education', 'orangehrmsnew/hs_hr_education', 1, 1), ('orangehrmsnew/hs_hr_emp_emergency_contacts_ibfk_1', 'orangehrmsnew/hs_hr_emp_emergency_contacts', 'orangehrmsnew/hs_hr_employee', 1, 1), ('orangehrmsnew/hs_hr_emp_history_of_ealier_pos_ibfk_1', 'orangehrmsnew/hs_hr_emp_history_of_ealier_pos', 'orangehrmsnew/hs_hr_employee', 1, 1), ('orangehrmsnew/hs_hr_emp_jobtitle_history_ibfk_1', 'orangehrmsnew/hs_hr_emp_jobtitle_history', 'orangehrmsnew/hs_hr_employee', 1, 1), ('orangehrmsnew/hs_hr_emp_language_ibfk_1', 'orangehrmsnew/hs_hr_emp_language', 'orangehrmsnew/hs_hr_employee', 1, 1), ('orangehrmsnew/hs_hr_emp_language_ibfk_2', 'orangehrmsnew/hs_hr_emp_language', 'orangehrmsnew/hs_hr_language', 1, 1), ('orangehrmsnew/hs_hr_emp_licenses_ibfk_1', 'orangehrmsnew/hs_hr_emp_licenses', 'orangehrmsnew/hs_hr_employee', 1, 1), ('orangehrmsnew/hs_hr_emp_licenses_ibfk_2', 'orangehrmsnew/hs_hr_emp_licenses', 'orangehrmsnew/hs_hr_licenses', 1, 1), ('orangehrmsnew/hs_hr_emp_locations_ibfk_1', 'orangehrmsnew/hs_hr_emp_locations', 'orangehrmsnew/hs_hr_location', 1, 1), ('orangehrmsnew/hs_hr_emp_locations_ibfk_2', 'orangehrmsnew/hs_hr_emp_locations', 'orangehrmsnew/hs_hr_employee', 1, 1), ('orangehrmsnew/hs_hr_emp_location_history_ibfk_1', 'orangehrmsnew/hs_hr_emp_location_history', 'orangehrmsnew/hs_hr_employee', 1, 1), ('orangehrmsnew/hs_hr_emp_member_detail_ibfk_1', 'orangehrmsnew/hs_hr_emp_member_detail', 'orangehrmsnew/hs_hr_membership_type', 1, 1), ('orangehrmsnew/hs_hr_emp_member_detail_ibfk_2', 'orangehrmsnew/hs_hr_emp_member_detail', 'orangehrmsnew/hs_hr_membership', 1, 1), ('orangehrmsnew/hs_hr_emp_member_detail_ibfk_3', 'orangehrmsnew/hs_hr_emp_member_detail', 'orangehrmsnew/hs_hr_employee', 1, 1), ('orangehrmsnew/hs_hr_emp_passport_ibfk_1', 'orangehrmsnew/hs_hr_emp_passport', 'orangehrmsnew/hs_hr_employee', 1, 1), ('orangehrmsnew/hs_hr_emp_picture_ibfk_1', 'orangehrmsnew/hs_hr_emp_picture', 'orangehrmsnew/hs_hr_employee', 1, 1), ('orangehrmsnew/hs_hr_emp_reportto_ibfk_1', 'orangehrmsnew/hs_hr_emp_reportto', 'orangehrmsnew/hs_hr_employee', 1, 1), ('orangehrmsnew/hs_hr_emp_reportto_ibfk_2', 'orangehrmsnew/hs_hr_emp_reportto', 'orangehrmsnew/hs_hr_employee', 1, 1), ('orangehrmsnew/hs_hr_emp_skill_ibfk_1', 'orangehrmsnew/hs_hr_emp_skill', 'orangehrmsnew/hs_hr_employee', 1, 1), ('orangehrmsnew/hs_hr_emp_skill_ibfk_2', 'orangehrmsnew/hs_hr_emp_skill', 'orangehrmsnew/hs_hr_skill', 1, 1), ('orangehrmsnew/hs_hr_emp_somu_ibfk_1', 'orangehrmsnew/hs_hr_emp_somu', 'orangehrmsnew/hs_hr_employee', 1, 1), ('orangehrmsnew/hs_hr_emp_subdivision_history_ibfk_1', 'orangehrmsnew/hs_hr_emp_subdivision_history', 'orangehrmsnew/hs_hr_employee', 1, 1), ('orangehrmsnew/hs_hr_emp_us_tax_ibfk_1', 'orangehrmsnew/hs_hr_emp_us_tax', 'orangehrmsnew/hs_hr_employee', 1, 1), ('orangehrmsnew/hs_hr_file_version_ibfk_1', 'orangehrmsnew/hs_hr_file_version', 'orangehrmsnew/hs_hr_module', 1, 1), ('orangehrmsnew/hs_hr_file_version_ibfk_2', 'orangehrmsnew/hs_hr_file_version', 'orangehrmsnew/hs_hr_users', 1, 1), ('orangehrmsnew/hs_hr_file_version_ibfk_3', 'orangehrmsnew/hs_hr_file_version', 'orangehrmsnew/hs_hr_users', 1, 1), ('orangehrmsnew/hs_hr_hsp_ibfk_1', 'orangehrmsnew/hs_hr_hsp', 'orangehrmsnew/hs_hr_employee', 1, 1), ('orangehrmsnew/hs_hr_hsp_payment_request_ibfk_1', 'orangehrmsnew/hs_hr_hsp_payment_request', 'orangehrmsnew/hs_hr_employee', 1, 1), ('orangehrmsnew/hs_hr_jobtit_empstat_ibfk_1', 'orangehrmsnew/hs_hr_jobtit_empstat', 'orangehrmsnew/hs_hr_job_title', 1, 1), ('orangehrmsnew/hs_hr_jobtit_empstat_ibfk_2', 'orangehrmsnew/hs_hr_jobtit_empstat', 'orangehrmsnew/hs_hr_empstat', 1, 1), ('orangehrmsnew/hs_hr_job_application_events_ibfk_1', 'orangehrmsnew/hs_hr_job_application_events', 'orangehrmsnew/hs_hr_job_application', 1, 1), ('orangehrmsnew/hs_hr_job_application_events_ibfk_2', 'orangehrmsnew/hs_hr_job_application_events', 'orangehrmsnew/hs_hr_users', 1, 2), ('orangehrmsnew/hs_hr_job_application_events_ibfk_3', 'orangehrmsnew/hs_hr_job_application_events', 'orangehrmsnew/hs_hr_employee', 1, 2), ('orangehrmsnew/hs_hr_job_application_ibfk_1', 'orangehrmsnew/hs_hr_job_application', 'orangehrmsnew/hs_hr_job_vacancy', 1, 1), ('orangehrmsnew/hs_hr_job_title_ibfk_1', 'orangehrmsnew/hs_hr_job_title', 'orangehrmsnew/hs_pr_salary_grade', 1, 2), ('orangehrmsnew/hs_hr_job_title_ibfk_2', 'orangehrmsnew/hs_hr_job_title', 'orangehrmsnew/hs_hr_job_spec', 1, 2), ('orangehrmsnew/hs_hr_job_vacancy_ibfk_1', 'orangehrmsnew/hs_hr_job_vacancy', 'orangehrmsnew/hs_hr_employee', 1, 2), ('orangehrmsnew/hs_hr_job_vacancy_ibfk_2', 'orangehrmsnew/hs_hr_job_vacancy', 'orangehrmsnew/hs_hr_job_title', 1, 2), ('orangehrmsnew/hs_hr_leave_ibfk_1', 'orangehrmsnew/hs_hr_leave', 'orangehrmsnew/hs_hr_leave_requests', 3, 1), ('orangehrmsnew/hs_hr_leave_requests_ibfk_1', 'orangehrmsnew/hs_hr_leave_requests', 'orangehrmsnew/hs_hr_employee', 1, 1), ('orangehrmsnew/hs_hr_leave_requests_ibfk_2', 'orangehrmsnew/hs_hr_leave_requests', 'orangehrmsnew/hs_hr_leave_period', 1, 1), ('orangehrmsnew/hs_hr_leave_requests_ibfk_3', 'orangehrmsnew/hs_hr_leave_requests', 'orangehrmsnew/hs_hr_leavetype', 1, 1), ('orangehrmsnew/hs_hr_location_ibfk_1', 'orangehrmsnew/hs_hr_location', 'orangehrmsnew/hs_hr_country', 1, 1), ('orangehrmsnew/hs_hr_mailnotifications_ibfk_1', 'orangehrmsnew/hs_hr_mailnotifications', 'orangehrmsnew/hs_hr_users', 1, 1), ('orangehrmsnew/hs_hr_membership_ibfk_1', 'orangehrmsnew/hs_hr_membership', 'orangehrmsnew/hs_hr_membership_type', 1, 1), ('orangehrmsnew/hs_hr_module_ibfk_1', 'orangehrmsnew/hs_hr_module', 'orangehrmsnew/hs_hr_versions', 1, 1), ('orangehrmsnew/hs_hr_project_activity_ibfk_1', 'orangehrmsnew/hs_hr_project_activity', 'orangehrmsnew/hs_hr_project', 1, 1), ('orangehrmsnew/hs_hr_project_admin_ibfk_1', 'orangehrmsnew/hs_hr_project_admin', 'orangehrmsnew/hs_hr_project', 1, 1), ('orangehrmsnew/hs_hr_project_admin_ibfk_2', 'orangehrmsnew/hs_hr_project_admin', 'orangehrmsnew/hs_hr_employee', 1, 1), ('orangehrmsnew/hs_hr_project_ibfk_1', 'orangehrmsnew/hs_hr_project', 'orangehrmsnew/hs_hr_customer', 1, 0), ('orangehrmsnew/hs_hr_rights_ibfk_1', 'orangehrmsnew/hs_hr_rights', 'orangehrmsnew/hs_hr_module', 1, 1), ('orangehrmsnew/hs_hr_rights_ibfk_2', 'orangehrmsnew/hs_hr_rights', 'orangehrmsnew/hs_hr_user_group', 1, 1), ('orangehrmsnew/hs_hr_timesheet_ibfk_1', 'orangehrmsnew/hs_hr_timesheet', 'orangehrmsnew/hs_hr_employee', 1, 1), ('orangehrmsnew/hs_hr_timesheet_ibfk_2', 'orangehrmsnew/hs_hr_timesheet', 'orangehrmsnew/hs_hr_timesheet_submission_period', 1, 1), ('orangehrmsnew/hs_hr_time_event_ibfk_1', 'orangehrmsnew/hs_hr_time_event', 'orangehrmsnew/hs_hr_timesheet', 1, 1), ('orangehrmsnew/hs_hr_time_event_ibfk_2', 'orangehrmsnew/hs_hr_time_event', 'orangehrmsnew/hs_hr_project_activity', 1, 1), ('orangehrmsnew/hs_hr_time_event_ibfk_3', 'orangehrmsnew/hs_hr_time_event', 'orangehrmsnew/hs_hr_project', 1, 1), ('orangehrmsnew/hs_hr_time_event_ibfk_4', 'orangehrmsnew/hs_hr_time_event', 'orangehrmsnew/hs_hr_employee', 1, 1), ('orangehrmsnew/hs_hr_users_ibfk_1', 'orangehrmsnew/hs_hr_users', 'orangehrmsnew/hs_hr_users', 1, 2), ('orangehrmsnew/hs_hr_users_ibfk_2', 'orangehrmsnew/hs_hr_users', 'orangehrmsnew/hs_hr_users', 1, 2), ('orangehrmsnew/hs_hr_users_ibfk_3', 'orangehrmsnew/hs_hr_users', 'orangehrmsnew/hs_hr_user_group', 1, 2), ('orangehrmsnew/hs_hr_users_ibfk_4', 'orangehrmsnew/hs_hr_users', 'orangehrmsnew/hs_hr_employee', 1, 2), ('orangehrmsnew/hs_hr_versions_ibfk_1', 'orangehrmsnew/hs_hr_versions', 'orangehrmsnew/hs_hr_users', 1, 1), ('orangehrmsnew/hs_hr_versions_ibfk_2', 'orangehrmsnew/hs_hr_versions', 'orangehrmsnew/hs_hr_users', 1, 1), ('orangehrmsnew/hs_hr_versions_ibfk_3', 'orangehrmsnew/hs_hr_versions', 'orangehrmsnew/hs_hr_db_version', 1, 1), ('orangehrmsnew/hs_hr_versions_ibfk_4', 'orangehrmsnew/hs_hr_versions', 'orangehrmsnew/hs_hr_file_version', 1, 1), ('orangehrmsnew/hs_pr_salary_currency_detail_ibfk_1', 'orangehrmsnew/hs_pr_salary_currency_detail', 'orangehrmsnew/hs_hr_currency_type', 1, 1), ('orangehrmsnew/hs_pr_salary_currency_detail_ibfk_2', 'orangehrmsnew/hs_pr_salary_currency_detail', 'orangehrmsnew/hs_pr_salary_grade', 1, 1), ('orangehrms_new/hs_hr_compstructtree_ibfk_1', 'orangehrms_new/hs_hr_compstructtree', 'orangehrms_new/hs_hr_location', 1, 0), ('orangehrms_new/hs_hr_db_version_ibfk_1', 'orangehrms_new/hs_hr_db_version', 'orangehrms_new/hs_hr_users', 1, 1), ('orangehrms_new/hs_hr_db_version_ibfk_2', 'orangehrms_new/hs_hr_db_version', 'orangehrms_new/hs_hr_users', 1, 1), ('orangehrms_new/hs_hr_employee_ibfk_1', 'orangehrms_new/hs_hr_employee', 'orangehrms_new/hs_hr_compstructtree', 1, 2), ('orangehrms_new/hs_hr_employee_ibfk_2', 'orangehrms_new/hs_hr_employee', 'orangehrms_new/hs_hr_ethnic_race', 1, 2), ('orangehrms_new/hs_hr_employee_ibfk_4', 'orangehrms_new/hs_hr_employee', 'orangehrms_new/hs_hr_job_title', 1, 2), ('orangehrms_new/hs_hr_employee_ibfk_5', 'orangehrms_new/hs_hr_employee', 'orangehrms_new/hs_hr_empstat', 1, 2), ('orangehrms_new/hs_hr_employee_ibfk_6', 'orangehrms_new/hs_hr_employee', 'orangehrms_new/hs_hr_eec', 1, 2), ('orangehrms_new/hs_hr_employee_leave_quota_ibfk_1', 'orangehrms_new/hs_hr_employee_leave_quota', 'orangehrms_new/hs_hr_leavetype', 1, 1), ('orangehrms_new/hs_hr_employee_leave_quota_ibfk_2', 'orangehrms_new/hs_hr_employee_leave_quota', 'orangehrms_new/hs_hr_employee', 1, 1), ('orangehrms_new/hs_hr_employee_timesheet_period_ibfk_1', 'orangehrms_new/hs_hr_employee_timesheet_period', 'orangehrms_new/hs_hr_employee', 1, 1), ('orangehrms_new/hs_hr_employee_timesheet_period_ibfk_2', 'orangehrms_new/hs_hr_employee_timesheet_period', 'orangehrms_new/hs_hr_timesheet_submission_period', 1, 1), ('orangehrms_new/hs_hr_employee_workshift_ibfk_1', 'orangehrms_new/hs_hr_employee_workshift', 'orangehrms_new/hs_hr_workshift', 1, 1), ('orangehrms_new/hs_hr_employee_workshift_ibfk_2', 'orangehrms_new/hs_hr_employee_workshift', 'orangehrms_new/hs_hr_employee', 1, 1), ('orangehrms_new/hs_hr_emprep_usergroup_ibfk_1', 'orangehrms_new/hs_hr_emprep_usergroup', 'orangehrms_new/hs_hr_user_group', 1, 1), ('orangehrms_new/hs_hr_emprep_usergroup_ibfk_2', 'orangehrms_new/hs_hr_emprep_usergroup', 'orangehrms_new/hs_hr_empreport', 1, 1), ('orangehrms_new/hs_hr_emp_attachment_ibfk_1', 'orangehrms_new/hs_hr_emp_attachment', 'orangehrms_new/hs_hr_employee', 1, 1), ('orangehrms_new/hs_hr_emp_basicsalary_ibfk_1', 'orangehrms_new/hs_hr_emp_basicsalary', 'orangehrms_new/hs_pr_salary_grade', 1, 1), ('orangehrms_new/hs_hr_emp_basicsalary_ibfk_2', 'orangehrms_new/hs_hr_emp_basicsalary', 'orangehrms_new/hs_hr_currency_type', 1, 1), ('orangehrms_new/hs_hr_emp_basicsalary_ibfk_3', 'orangehrms_new/hs_hr_emp_basicsalary', 'orangehrms_new/hs_hr_employee', 1, 1), ('orangehrms_new/hs_hr_emp_basicsalary_ibfk_4', 'orangehrms_new/hs_hr_emp_basicsalary', 'orangehrms_new/hs_hr_payperiod', 1, 1), ('orangehrms_new/hs_hr_emp_contract_extend_ibfk_1', 'orangehrms_new/hs_hr_emp_contract_extend', 'orangehrms_new/hs_hr_employee', 1, 1), ('orangehrms_new/hs_hr_emp_dependents_ibfk_1', 'orangehrms_new/hs_hr_emp_dependents', 'orangehrms_new/hs_hr_employee', 1, 1), ('orangehrms_new/hs_hr_emp_directdebit_ibfk_1', 'orangehrms_new/hs_hr_emp_directdebit', 'orangehrms_new/hs_hr_employee', 1, 1), ('orangehrms_new/hs_hr_emp_education_ibfk_1', 'orangehrms_new/hs_hr_emp_education', 'orangehrms_new/hs_hr_employee', 1, 1), ('orangehrms_new/hs_hr_emp_education_ibfk_2', 'orangehrms_new/hs_hr_emp_education', 'orangehrms_new/hs_hr_education', 1, 1), ('orangehrms_new/hs_hr_emp_emergency_contacts_ibfk_1', 'orangehrms_new/hs_hr_emp_emergency_contacts', 'orangehrms_new/hs_hr_employee', 1, 1), ('orangehrms_new/hs_hr_emp_history_of_ealier_pos_ibfk_1', 'orangehrms_new/hs_hr_emp_history_of_ealier_pos', 'orangehrms_new/hs_hr_employee', 1, 1), ('orangehrms_new/hs_hr_emp_jobtitle_history_ibfk_1', 'orangehrms_new/hs_hr_emp_jobtitle_history', 'orangehrms_new/hs_hr_employee', 1, 1), ('orangehrms_new/hs_hr_emp_language_ibfk_1', 'orangehrms_new/hs_hr_emp_language', 'orangehrms_new/hs_hr_employee', 1, 1), ('orangehrms_new/hs_hr_emp_language_ibfk_2', 'orangehrms_new/hs_hr_emp_language', 'orangehrms_new/hs_hr_language', 1, 1), ('orangehrms_new/hs_hr_emp_licenses_ibfk_1', 'orangehrms_new/hs_hr_emp_licenses', 'orangehrms_new/hs_hr_employee', 1, 1), ('orangehrms_new/hs_hr_emp_licenses_ibfk_2', 'orangehrms_new/hs_hr_emp_licenses', 'orangehrms_new/hs_hr_licenses', 1, 1), ('orangehrms_new/hs_hr_emp_locations_ibfk_1', 'orangehrms_new/hs_hr_emp_locations', 'orangehrms_new/hs_hr_location', 1, 1), ('orangehrms_new/hs_hr_emp_locations_ibfk_2', 'orangehrms_new/hs_hr_emp_locations', 'orangehrms_new/hs_hr_employee', 1, 1), ('orangehrms_new/hs_hr_emp_location_history_ibfk_1', 'orangehrms_new/hs_hr_emp_location_history', 'orangehrms_new/hs_hr_employee', 1, 1), ('orangehrms_new/hs_hr_emp_member_detail_ibfk_1', 'orangehrms_new/hs_hr_emp_member_detail', 'orangehrms_new/hs_hr_membership_type', 1, 1), ('orangehrms_new/hs_hr_emp_member_detail_ibfk_2', 'orangehrms_new/hs_hr_emp_member_detail', 'orangehrms_new/hs_hr_membership', 1, 1), ('orangehrms_new/hs_hr_emp_member_detail_ibfk_3', 'orangehrms_new/hs_hr_emp_member_detail', 'orangehrms_new/hs_hr_employee', 1, 1), ('orangehrms_new/hs_hr_emp_passport_ibfk_1', 'orangehrms_new/hs_hr_emp_passport', 'orangehrms_new/hs_hr_employee', 1, 1), ('orangehrms_new/hs_hr_emp_picture_ibfk_1', 'orangehrms_new/hs_hr_emp_picture', 'orangehrms_new/hs_hr_employee', 1, 1), ('orangehrms_new/hs_hr_emp_reportto_ibfk_1', 'orangehrms_new/hs_hr_emp_reportto', 'orangehrms_new/hs_hr_employee', 1, 1), ('orangehrms_new/hs_hr_emp_reportto_ibfk_2', 'orangehrms_new/hs_hr_emp_reportto', 'orangehrms_new/hs_hr_employee', 1, 1), ('orangehrms_new/hs_hr_emp_skill_ibfk_1', 'orangehrms_new/hs_hr_emp_skill', 'orangehrms_new/hs_hr_employee', 1, 1), ('orangehrms_new/hs_hr_emp_skill_ibfk_2', 'orangehrms_new/hs_hr_emp_skill', 'orangehrms_new/hs_hr_skill', 1, 1), ('orangehrms_new/hs_hr_emp_somu_ibfk_1', 'orangehrms_new/hs_hr_emp_somu', 'orangehrms_new/hs_hr_employee', 1, 1), ('orangehrms_new/hs_hr_emp_subdivision_history_ibfk_1', 'orangehrms_new/hs_hr_emp_subdivision_history', 'orangehrms_new/hs_hr_employee', 1, 1), ('orangehrms_new/hs_hr_emp_us_tax_ibfk_1', 'orangehrms_new/hs_hr_emp_us_tax', 'orangehrms_new/hs_hr_employee', 1, 1), ('orangehrms_new/hs_hr_emp_work_experience_ibfk_1', 'orangehrms_new/hs_hr_emp_work_experience', 'orangehrms_new/hs_hr_employee', 1, 1), ('orangehrms_new/hs_hr_file_version_ibfk_1', 'orangehrms_new/hs_hr_file_version', 'orangehrms_new/hs_hr_module', 1, 1), ('orangehrms_new/hs_hr_file_version_ibfk_2', 'orangehrms_new/hs_hr_file_version', 'orangehrms_new/hs_hr_users', 1, 1), ('orangehrms_new/hs_hr_file_version_ibfk_3', 'orangehrms_new/hs_hr_file_version', 'orangehrms_new/hs_hr_users', 1, 1), ('orangehrms_new/hs_hr_hsp_ibfk_1', 'orangehrms_new/hs_hr_hsp', 'orangehrms_new/hs_hr_employee', 1, 1), ('orangehrms_new/hs_hr_hsp_payment_request_ibfk_1', 'orangehrms_new/hs_hr_hsp_payment_request', 'orangehrms_new/hs_hr_employee', 1, 1), ('orangehrms_new/hs_hr_jobtit_empstat_ibfk_1', 'orangehrms_new/hs_hr_jobtit_empstat', 'orangehrms_new/hs_hr_job_title', 1, 1), ('orangehrms_new/hs_hr_jobtit_empstat_ibfk_2', 'orangehrms_new/hs_hr_jobtit_empstat', 'orangehrms_new/hs_hr_empstat', 1, 1), ('orangehrms_new/hs_hr_job_application_events_ibfk_1', 'orangehrms_new/hs_hr_job_application_events', 'orangehrms_new/hs_hr_job_application', 1, 1), ('orangehrms_new/hs_hr_job_application_events_ibfk_2', 'orangehrms_new/hs_hr_job_application_events', 'orangehrms_new/hs_hr_users', 1, 2), ('orangehrms_new/hs_hr_job_application_events_ibfk_3', 'orangehrms_new/hs_hr_job_application_events', 'orangehrms_new/hs_hr_employee', 1, 2), ('orangehrms_new/hs_hr_job_application_ibfk_1', 'orangehrms_new/hs_hr_job_application', 'orangehrms_new/hs_hr_job_vacancy', 1, 1), ('orangehrms_new/hs_hr_job_title_ibfk_1', 'orangehrms_new/hs_hr_job_title', 'orangehrms_new/hs_pr_salary_grade', 1, 2), ('orangehrms_new/hs_hr_job_title_ibfk_2', 'orangehrms_new/hs_hr_job_title', 'orangehrms_new/hs_hr_job_spec', 1, 2), ('orangehrms_new/hs_hr_job_vacancy_ibfk_1', 'orangehrms_new/hs_hr_job_vacancy', 'orangehrms_new/hs_hr_employee', 1, 2), ('orangehrms_new/hs_hr_job_vacancy_ibfk_2', 'orangehrms_new/hs_hr_job_vacancy', 'orangehrms_new/hs_hr_job_title', 1, 2), ('orangehrms_new/hs_hr_leave_ibfk_1', 'orangehrms_new/hs_hr_leave', 'orangehrms_new/hs_hr_leave_requests', 3, 5), ('orangehrms_new/hs_hr_leave_requests_ibfk_1', 'orangehrms_new/hs_hr_leave_requests', 'orangehrms_new/hs_hr_employee', 1, 5), ('orangehrms_new/hs_hr_leave_requests_ibfk_2', 'orangehrms_new/hs_hr_leave_requests', 'orangehrms_new/hs_hr_leave_period', 1, 5), ('orangehrms_new/hs_hr_leave_requests_ibfk_3', 'orangehrms_new/hs_hr_leave_requests', 'orangehrms_new/hs_hr_leavetype', 1, 5), ('orangehrms_new/hs_hr_location_ibfk_1', 'orangehrms_new/hs_hr_location', 'orangehrms_new/hs_hr_country', 1, 1), ('orangehrms_new/hs_hr_mailnotifications_ibfk_1', 'orangehrms_new/hs_hr_mailnotifications', 'orangehrms_new/hs_hr_users', 1, 1), ('orangehrms_new/hs_hr_membership_ibfk_1', 'orangehrms_new/hs_hr_membership', 'orangehrms_new/hs_hr_membership_type', 1, 1), ('orangehrms_new/hs_hr_module_ibfk_1', 'orangehrms_new/hs_hr_module', 'orangehrms_new/hs_hr_versions', 1, 1), ('orangehrms_new/hs_hr_project_activity_ibfk_1', 'orangehrms_new/hs_hr_project_activity', 'orangehrms_new/hs_hr_project', 1, 1), ('orangehrms_new/hs_hr_project_admin_ibfk_1', 'orangehrms_new/hs_hr_project_admin', 'orangehrms_new/hs_hr_project', 1, 1), ('orangehrms_new/hs_hr_project_admin_ibfk_2', 'orangehrms_new/hs_hr_project_admin', 'orangehrms_new/hs_hr_employee', 1, 1), ('orangehrms_new/hs_hr_project_ibfk_1', 'orangehrms_new/hs_hr_project', 'orangehrms_new/hs_hr_customer', 1, 0), ('orangehrms_new/hs_hr_rights_ibfk_1', 'orangehrms_new/hs_hr_rights', 'orangehrms_new/hs_hr_module', 1, 1), ('orangehrms_new/hs_hr_rights_ibfk_2', 'orangehrms_new/hs_hr_rights', 'orangehrms_new/hs_hr_user_group', 1, 1), ('orangehrms_new/hs_hr_timesheet_ibfk_1', 'orangehrms_new/hs_hr_timesheet', 'orangehrms_new/hs_hr_employee', 1, 1), ('orangehrms_new/hs_hr_timesheet_ibfk_2', 'orangehrms_new/hs_hr_timesheet', 'orangehrms_new/hs_hr_timesheet_submission_period', 1, 1), ('orangehrms_new/hs_hr_time_event_ibfk_1', 'orangehrms_new/hs_hr_time_event', 'orangehrms_new/hs_hr_timesheet', 1, 1), ('orangehrms_new/hs_hr_time_event_ibfk_2', 'orangehrms_new/hs_hr_time_event', 'orangehrms_new/hs_hr_project_activity', 1, 1), ('orangehrms_new/hs_hr_time_event_ibfk_3', 'orangehrms_new/hs_hr_time_event', 'orangehrms_new/hs_hr_project', 1, 1), ('orangehrms_new/hs_hr_time_event_ibfk_4', 'orangehrms_new/hs_hr_time_event', 'orangehrms_new/hs_hr_employee', 1, 1), ('orangehrms_new/hs_hr_users_ibfk_1', 'orangehrms_new/hs_hr_users', 'orangehrms_new/hs_hr_users', 1, 2), ('orangehrms_new/hs_hr_users_ibfk_2', 'orangehrms_new/hs_hr_users', 'orangehrms_new/hs_hr_users', 1, 2), ('orangehrms_new/hs_hr_users_ibfk_3', 'orangehrms_new/hs_hr_users', 'orangehrms_new/hs_hr_user_group', 1, 0), ('orangehrms_new/hs_hr_users_ibfk_4', 'orangehrms_new/hs_hr_users', 'orangehrms_new/hs_hr_employee', 1, 2), ('orangehrms_new/hs_hr_versions_ibfk_1', 'orangehrms_new/hs_hr_versions', 'orangehrms_new/hs_hr_users', 1, 1), ('orangehrms_new/hs_hr_versions_ibfk_2', 'orangehrms_new/hs_hr_versions', 'orangehrms_new/hs_hr_users', 1, 1), ('orangehrms_new/hs_hr_versions_ibfk_3', 'orangehrms_new/hs_hr_versions', 'orangehrms_new/hs_hr_db_version', 1, 1), ('orangehrms_new/hs_hr_versions_ibfk_4', 'orangehrms_new/hs_hr_versions', 'orangehrms_new/hs_hr_file_version', 1, 1), ('orangehrms_new/hs_pr_salary_currency_detail_ibfk_1', 'orangehrms_new/hs_pr_salary_currency_detail', 'orangehrms_new/hs_hr_currency_type', 1, 1), ('orangehrms_new/hs_pr_salary_currency_detail_ibfk_2', 'orangehrms_new/hs_pr_salary_currency_detail', 'orangehrms_new/hs_pr_salary_grade', 1, 1), ('orange_hrms_staging/hs_hr_compstructtree_ibfk_1', 'orange_hrms_staging/hs_hr_compstructtree', 'orange_hrms_staging/hs_hr_location', 1, 0), ('orange_hrms_staging/hs_hr_db_version_ibfk_1', 'orange_hrms_staging/hs_hr_db_version', 'orange_hrms_staging/hs_hr_users', 1, 1), ('orange_hrms_staging/hs_hr_db_version_ibfk_2', 'orange_hrms_staging/hs_hr_db_version', 'orange_hrms_staging/hs_hr_users', 1, 1), ('orange_hrms_staging/hs_hr_employee_ibfk_1', 'orange_hrms_staging/hs_hr_employee', 'orange_hrms_staging/hs_hr_compstructtree', 1, 2), ('orange_hrms_staging/hs_hr_employee_ibfk_2', 'orange_hrms_staging/hs_hr_employee', 'orange_hrms_staging/hs_hr_ethnic_race', 1, 2), ('orange_hrms_staging/hs_hr_employee_ibfk_4', 'orange_hrms_staging/hs_hr_employee', 'orange_hrms_staging/hs_hr_job_title', 1, 2), ('orange_hrms_staging/hs_hr_employee_ibfk_5', 'orange_hrms_staging/hs_hr_employee', 'orange_hrms_staging/hs_hr_empstat', 1, 2), ('orange_hrms_staging/hs_hr_employee_ibfk_6', 'orange_hrms_staging/hs_hr_employee', 'orange_hrms_staging/hs_hr_eec', 1, 2), ('orange_hrms_staging/hs_hr_employee_leave_quota_ibfk_1', 'orange_hrms_staging/hs_hr_employee_leave_quota', 'orange_hrms_staging/hs_hr_leavetype', 1, 1), ('orange_hrms_staging/hs_hr_employee_leave_quota_ibfk_2', 'orange_hrms_staging/hs_hr_employee_leave_quota', 'orange_hrms_staging/hs_hr_employee', 1, 1), ('orange_hrms_staging/hs_hr_employee_timesheet_period_ibfk_1', 'orange_hrms_staging/hs_hr_employee_timesheet_period', 'orange_hrms_staging/hs_hr_employee', 1, 1), ('orange_hrms_staging/hs_hr_employee_timesheet_period_ibfk_2', 'orange_hrms_staging/hs_hr_employee_timesheet_period', 'orange_hrms_staging/hs_hr_timesheet_submission_period', 1, 1), ('orange_hrms_staging/hs_hr_employee_workshift_ibfk_1', 'orange_hrms_staging/hs_hr_employee_workshift', 'orange_hrms_staging/hs_hr_workshift', 1, 1), ('orange_hrms_staging/hs_hr_employee_workshift_ibfk_2', 'orange_hrms_staging/hs_hr_employee_workshift', 'orange_hrms_staging/hs_hr_employee', 1, 1), ('orange_hrms_staging/hs_hr_emprep_usergroup_ibfk_1', 'orange_hrms_staging/hs_hr_emprep_usergroup', 'orange_hrms_staging/hs_hr_user_group', 1, 1), ('orange_hrms_staging/hs_hr_emprep_usergroup_ibfk_2', 'orange_hrms_staging/hs_hr_emprep_usergroup', 'orange_hrms_staging/hs_hr_empreport', 1, 1), ('orange_hrms_staging/hs_hr_emp_attachment_ibfk_1', 'orange_hrms_staging/hs_hr_emp_attachment', 'orange_hrms_staging/hs_hr_employee', 1, 1), ('orange_hrms_staging/hs_hr_emp_basicsalary_ibfk_1', 'orange_hrms_staging/hs_hr_emp_basicsalary', 'orange_hrms_staging/hs_pr_salary_grade', 1, 1), ('orange_hrms_staging/hs_hr_emp_basicsalary_ibfk_2', 'orange_hrms_staging/hs_hr_emp_basicsalary', 'orange_hrms_staging/hs_hr_currency_type', 1, 1), ('orange_hrms_staging/hs_hr_emp_basicsalary_ibfk_3', 'orange_hrms_staging/hs_hr_emp_basicsalary', 'orange_hrms_staging/hs_hr_employee', 1, 1), ('orange_hrms_staging/hs_hr_emp_basicsalary_ibfk_4', 'orange_hrms_staging/hs_hr_emp_basicsalary', 'orange_hrms_staging/hs_hr_payperiod', 1, 1), ('orange_hrms_staging/hs_hr_emp_contract_extend_ibfk_1', 'orange_hrms_staging/hs_hr_emp_contract_extend', 'orange_hrms_staging/hs_hr_employee', 1, 1), ('orange_hrms_staging/hs_hr_emp_dependents_ibfk_1', 'orange_hrms_staging/hs_hr_emp_dependents', 'orange_hrms_staging/hs_hr_employee', 1, 1), ('orange_hrms_staging/hs_hr_emp_directdebit_ibfk_1', 'orange_hrms_staging/hs_hr_emp_directdebit', 'orange_hrms_staging/hs_hr_employee', 1, 1), ('orange_hrms_staging/hs_hr_emp_education_ibfk_1', 'orange_hrms_staging/hs_hr_emp_education', 'orange_hrms_staging/hs_hr_employee', 1, 1), ('orange_hrms_staging/hs_hr_emp_education_ibfk_2', 'orange_hrms_staging/hs_hr_emp_education', 'orange_hrms_staging/hs_hr_education', 1, 1), ('orange_hrms_staging/hs_hr_emp_emergency_contacts_ibfk_1', 'orange_hrms_staging/hs_hr_emp_emergency_contacts', 'orange_hrms_staging/hs_hr_employee', 1, 1), ('orange_hrms_staging/hs_hr_emp_history_of_ealier_pos_ibfk_1', 'orange_hrms_staging/hs_hr_emp_history_of_ealier_pos', 'orange_hrms_staging/hs_hr_employee', 1, 1), ('orange_hrms_staging/hs_hr_emp_jobtitle_history_ibfk_1', 'orange_hrms_staging/hs_hr_emp_jobtitle_history', 'orange_hrms_staging/hs_hr_employee', 1, 1), ('orange_hrms_staging/hs_hr_emp_language_ibfk_1', 'orange_hrms_staging/hs_hr_emp_language', 'orange_hrms_staging/hs_hr_employee', 1, 1), ('orange_hrms_staging/hs_hr_emp_language_ibfk_2', 'orange_hrms_staging/hs_hr_emp_language', 'orange_hrms_staging/hs_hr_language', 1, 1), ('orange_hrms_staging/hs_hr_emp_licenses_ibfk_1', 'orange_hrms_staging/hs_hr_emp_licenses', 'orange_hrms_staging/hs_hr_employee', 1, 1), ('orange_hrms_staging/hs_hr_emp_licenses_ibfk_2', 'orange_hrms_staging/hs_hr_emp_licenses', 'orange_hrms_staging/hs_hr_licenses', 1, 1), ('orange_hrms_staging/hs_hr_emp_locations_ibfk_1', 'orange_hrms_staging/hs_hr_emp_locations', 'orange_hrms_staging/hs_hr_location', 1, 1), ('orange_hrms_staging/hs_hr_emp_locations_ibfk_2', 'orange_hrms_staging/hs_hr_emp_locations', 'orange_hrms_staging/hs_hr_employee', 1, 1), ('orange_hrms_staging/hs_hr_emp_location_history_ibfk_1', 'orange_hrms_staging/hs_hr_emp_location_history', 'orange_hrms_staging/hs_hr_employee', 1, 1), ('orange_hrms_staging/hs_hr_emp_member_detail_ibfk_1', 'orange_hrms_staging/hs_hr_emp_member_detail', 'orange_hrms_staging/hs_hr_membership_type', 1, 1), ('orange_hrms_staging/hs_hr_emp_member_detail_ibfk_2', 'orange_hrms_staging/hs_hr_emp_member_detail', 'orange_hrms_staging/hs_hr_membership', 1, 1), ('orange_hrms_staging/hs_hr_emp_member_detail_ibfk_3', 'orange_hrms_staging/hs_hr_emp_member_detail', 'orange_hrms_staging/hs_hr_employee', 1, 1), ('orange_hrms_staging/hs_hr_emp_passport_ibfk_1', 'orange_hrms_staging/hs_hr_emp_passport', 'orange_hrms_staging/hs_hr_employee', 1, 1), ('orange_hrms_staging/hs_hr_emp_picture_ibfk_1', 'orange_hrms_staging/hs_hr_emp_picture', 'orange_hrms_staging/hs_hr_employee', 1, 1), ('orange_hrms_staging/hs_hr_emp_reportto_ibfk_1', 'orange_hrms_staging/hs_hr_emp_reportto', 'orange_hrms_staging/hs_hr_employee', 1, 1), ('orange_hrms_staging/hs_hr_emp_reportto_ibfk_2', 'orange_hrms_staging/hs_hr_emp_reportto', 'orange_hrms_staging/hs_hr_employee', 1, 1), ('orange_hrms_staging/hs_hr_emp_skill_ibfk_1', 'orange_hrms_staging/hs_hr_emp_skill', 'orange_hrms_staging/hs_hr_employee', 1, 1), ('orange_hrms_staging/hs_hr_emp_skill_ibfk_2', 'orange_hrms_staging/hs_hr_emp_skill', 'orange_hrms_staging/hs_hr_skill', 1, 1), ('orange_hrms_staging/hs_hr_emp_somu_ibfk_1', 'orange_hrms_staging/hs_hr_emp_somu', 'orange_hrms_staging/hs_hr_employee', 1, 1), ('orange_hrms_staging/hs_hr_emp_subdivision_history_ibfk_1', 'orange_hrms_staging/hs_hr_emp_subdivision_history', 'orange_hrms_staging/hs_hr_employee', 1, 1), ('orange_hrms_staging/hs_hr_emp_us_tax_ibfk_1', 'orange_hrms_staging/hs_hr_emp_us_tax', 'orange_hrms_staging/hs_hr_employee', 1, 1), ('orange_hrms_staging/hs_hr_emp_work_experience_ibfk_1', 'orange_hrms_staging/hs_hr_emp_work_experience', 'orange_hrms_staging/hs_hr_employee', 1, 1), ('orange_hrms_staging/hs_hr_file_version_ibfk_1', 'orange_hrms_staging/hs_hr_file_version', 'orange_hrms_staging/hs_hr_module', 1, 1), ('orange_hrms_staging/hs_hr_file_version_ibfk_2', 'orange_hrms_staging/hs_hr_file_version', 'orange_hrms_staging/hs_hr_users', 1, 1), ('orange_hrms_staging/hs_hr_file_version_ibfk_3', 'orange_hrms_staging/hs_hr_file_version', 'orange_hrms_staging/hs_hr_users', 1, 1), ('orange_hrms_staging/hs_hr_hsp_ibfk_1', 'orange_hrms_staging/hs_hr_hsp', 'orange_hrms_staging/hs_hr_employee', 1, 1), ('orange_hrms_staging/hs_hr_hsp_payment_request_ibfk_1', 'orange_hrms_staging/hs_hr_hsp_payment_request', 'orange_hrms_staging/hs_hr_employee', 1, 1), ('orange_hrms_staging/hs_hr_jobtit_empstat_ibfk_1', 'orange_hrms_staging/hs_hr_jobtit_empstat', 'orange_hrms_staging/hs_hr_job_title', 1, 1), ('orange_hrms_staging/hs_hr_jobtit_empstat_ibfk_2', 'orange_hrms_staging/hs_hr_jobtit_empstat', 'orange_hrms_staging/hs_hr_empstat', 1, 1), ('orange_hrms_staging/hs_hr_job_application_events_ibfk_1', 'orange_hrms_staging/hs_hr_job_application_events', 'orange_hrms_staging/hs_hr_job_application', 1, 1), ('orange_hrms_staging/hs_hr_job_application_events_ibfk_2', 'orange_hrms_staging/hs_hr_job_application_events', 'orange_hrms_staging/hs_hr_users', 1, 2);
INSERT INTO `INNODB_SYS_FOREIGN` (`ID`, `FOR_NAME`, `REF_NAME`, `N_COLS`, `TYPE`) VALUES ('orange_hrms_staging/hs_hr_job_application_events_ibfk_3', 'orange_hrms_staging/hs_hr_job_application_events', 'orange_hrms_staging/hs_hr_employee', 1, 2), ('orange_hrms_staging/hs_hr_job_application_ibfk_1', 'orange_hrms_staging/hs_hr_job_application', 'orange_hrms_staging/hs_hr_job_vacancy', 1, 1), ('orange_hrms_staging/hs_hr_job_title_ibfk_1', 'orange_hrms_staging/hs_hr_job_title', 'orange_hrms_staging/hs_pr_salary_grade', 1, 2), ('orange_hrms_staging/hs_hr_job_title_ibfk_2', 'orange_hrms_staging/hs_hr_job_title', 'orange_hrms_staging/hs_hr_job_spec', 1, 2), ('orange_hrms_staging/hs_hr_job_vacancy_ibfk_1', 'orange_hrms_staging/hs_hr_job_vacancy', 'orange_hrms_staging/hs_hr_employee', 1, 2), ('orange_hrms_staging/hs_hr_job_vacancy_ibfk_2', 'orange_hrms_staging/hs_hr_job_vacancy', 'orange_hrms_staging/hs_hr_job_title', 1, 2), ('orange_hrms_staging/hs_hr_leave_ibfk_1', 'orange_hrms_staging/hs_hr_leave', 'orange_hrms_staging/hs_hr_leave_requests', 3, 5), ('orange_hrms_staging/hs_hr_leave_requests_ibfk_1', 'orange_hrms_staging/hs_hr_leave_requests', 'orange_hrms_staging/hs_hr_employee', 1, 5), ('orange_hrms_staging/hs_hr_leave_requests_ibfk_2', 'orange_hrms_staging/hs_hr_leave_requests', 'orange_hrms_staging/hs_hr_leave_period', 1, 5), ('orange_hrms_staging/hs_hr_leave_requests_ibfk_3', 'orange_hrms_staging/hs_hr_leave_requests', 'orange_hrms_staging/hs_hr_leavetype', 1, 5), ('orange_hrms_staging/hs_hr_location_ibfk_1', 'orange_hrms_staging/hs_hr_location', 'orange_hrms_staging/hs_hr_country', 1, 1), ('orange_hrms_staging/hs_hr_mailnotifications_ibfk_1', 'orange_hrms_staging/hs_hr_mailnotifications', 'orange_hrms_staging/hs_hr_users', 1, 1), ('orange_hrms_staging/hs_hr_membership_ibfk_1', 'orange_hrms_staging/hs_hr_membership', 'orange_hrms_staging/hs_hr_membership_type', 1, 1), ('orange_hrms_staging/hs_hr_module_ibfk_1', 'orange_hrms_staging/hs_hr_module', 'orange_hrms_staging/hs_hr_versions', 1, 1), ('orange_hrms_staging/hs_hr_project_activity_ibfk_1', 'orange_hrms_staging/hs_hr_project_activity', 'orange_hrms_staging/hs_hr_project', 1, 1), ('orange_hrms_staging/hs_hr_project_admin_ibfk_1', 'orange_hrms_staging/hs_hr_project_admin', 'orange_hrms_staging/hs_hr_project', 1, 1), ('orange_hrms_staging/hs_hr_project_admin_ibfk_2', 'orange_hrms_staging/hs_hr_project_admin', 'orange_hrms_staging/hs_hr_employee', 1, 1), ('orange_hrms_staging/hs_hr_project_ibfk_1', 'orange_hrms_staging/hs_hr_project', 'orange_hrms_staging/hs_hr_customer', 1, 0), ('orange_hrms_staging/hs_hr_rights_ibfk_1', 'orange_hrms_staging/hs_hr_rights', 'orange_hrms_staging/hs_hr_module', 1, 1), ('orange_hrms_staging/hs_hr_rights_ibfk_2', 'orange_hrms_staging/hs_hr_rights', 'orange_hrms_staging/hs_hr_user_group', 1, 1), ('orange_hrms_staging/hs_hr_timesheet_ibfk_1', 'orange_hrms_staging/hs_hr_timesheet', 'orange_hrms_staging/hs_hr_employee', 1, 1), ('orange_hrms_staging/hs_hr_timesheet_ibfk_2', 'orange_hrms_staging/hs_hr_timesheet', 'orange_hrms_staging/hs_hr_timesheet_submission_period', 1, 1), ('orange_hrms_staging/hs_hr_time_event_ibfk_1', 'orange_hrms_staging/hs_hr_time_event', 'orange_hrms_staging/hs_hr_timesheet', 1, 1), ('orange_hrms_staging/hs_hr_time_event_ibfk_2', 'orange_hrms_staging/hs_hr_time_event', 'orange_hrms_staging/hs_hr_project_activity', 1, 1), ('orange_hrms_staging/hs_hr_time_event_ibfk_3', 'orange_hrms_staging/hs_hr_time_event', 'orange_hrms_staging/hs_hr_project', 1, 1), ('orange_hrms_staging/hs_hr_time_event_ibfk_4', 'orange_hrms_staging/hs_hr_time_event', 'orange_hrms_staging/hs_hr_employee', 1, 1), ('orange_hrms_staging/hs_hr_users_ibfk_1', 'orange_hrms_staging/hs_hr_users', 'orange_hrms_staging/hs_hr_users', 1, 2), ('orange_hrms_staging/hs_hr_users_ibfk_2', 'orange_hrms_staging/hs_hr_users', 'orange_hrms_staging/hs_hr_users', 1, 2), ('orange_hrms_staging/hs_hr_users_ibfk_3', 'orange_hrms_staging/hs_hr_users', 'orange_hrms_staging/hs_hr_user_group', 1, 0), ('orange_hrms_staging/hs_hr_users_ibfk_4', 'orange_hrms_staging/hs_hr_users', 'orange_hrms_staging/hs_hr_employee', 1, 2), ('orange_hrms_staging/hs_hr_versions_ibfk_1', 'orange_hrms_staging/hs_hr_versions', 'orange_hrms_staging/hs_hr_users', 1, 1), ('orange_hrms_staging/hs_hr_versions_ibfk_2', 'orange_hrms_staging/hs_hr_versions', 'orange_hrms_staging/hs_hr_users', 1, 1), ('orange_hrms_staging/hs_hr_versions_ibfk_3', 'orange_hrms_staging/hs_hr_versions', 'orange_hrms_staging/hs_hr_db_version', 1, 1), ('orange_hrms_staging/hs_hr_versions_ibfk_4', 'orange_hrms_staging/hs_hr_versions', 'orange_hrms_staging/hs_hr_file_version', 1, 1), ('orange_hrms_staging/hs_pr_salary_currency_detail_ibfk_1', 'orange_hrms_staging/hs_pr_salary_currency_detail', 'orange_hrms_staging/hs_hr_currency_type', 1, 1), ('orange_hrms_staging/hs_pr_salary_currency_detail_ibfk_2', 'orange_hrms_staging/hs_pr_salary_currency_detail', 'orange_hrms_staging/hs_pr_salary_grade', 1, 1);


# Dumping structure for table information_schema.INNODB_SYS_FOREIGN_COLS
CREATE TEMPORARY TABLE IF NOT EXISTS `INNODB_SYS_FOREIGN_COLS` (
  `ID` varchar(193) NOT NULL DEFAULT '',
  `FOR_COL_NAME` varchar(193) NOT NULL DEFAULT '',
  `REF_COL_NAME` varchar(193) NOT NULL DEFAULT '',
  `POS` int(11) unsigned NOT NULL DEFAULT '0'
) TYPE=MEMORY;

# Dumping data for table information_schema.INNODB_SYS_FOREIGN_COLS: -1 rows
DELETE FROM `INNODB_SYS_FOREIGN_COLS`;
INSERT INTO `INNODB_SYS_FOREIGN_COLS` (`ID`, `FOR_COL_NAME`, `REF_COL_NAME`, `POS`) VALUES ('orangehrmsnew/hs_hr_compstructtree_ibfk_1', 'loc_code', 'loc_code', 0), ('orangehrmsnew/hs_hr_db_version_ibfk_1', 'entered_by', 'id', 0), ('orangehrmsnew/hs_hr_db_version_ibfk_2', 'modified_by', 'id', 0), ('orangehrmsnew/hs_hr_employee_timesheet_period_ibfk_1', 'employee_id', 'emp_number', 0), ('orangehrmsnew/hs_hr_employee_timesheet_period_ibfk_2', 'timesheet_period_id', 'timesheet_period_id', 0), ('orangehrmsnew/hs_hr_employee_workshift_ibfk_1', 'workshift_id', 'workshift_id', 0), ('orangehrmsnew/hs_hr_employee_workshift_ibfk_2', 'emp_number', 'emp_number', 0), ('orangehrmsnew/hs_hr_emprep_usergroup_ibfk_1', 'userg_id', 'userg_id', 0), ('orangehrmsnew/hs_hr_emprep_usergroup_ibfk_2', 'rep_code', 'rep_code', 0), ('orangehrmsnew/hs_hr_emp_attachment_ibfk_1', 'emp_number', 'emp_number', 0), ('orangehrmsnew/hs_hr_emp_basicsalary_ibfk_1', 'sal_grd_code', 'sal_grd_code', 0), ('orangehrmsnew/hs_hr_emp_basicsalary_ibfk_2', 'currency_id', 'currency_id', 0), ('orangehrmsnew/hs_hr_emp_basicsalary_ibfk_3', 'emp_number', 'emp_number', 0), ('orangehrmsnew/hs_hr_emp_basicsalary_ibfk_4', 'payperiod_code', 'payperiod_code', 0), ('orangehrmsnew/hs_hr_emp_children_ibfk_1', 'emp_number', 'emp_number', 0), ('orangehrmsnew/hs_hr_emp_contract_extend_ibfk_1', 'emp_number', 'emp_number', 0), ('orangehrmsnew/hs_hr_emp_dependents_ibfk_1', 'emp_number', 'emp_number', 0), ('orangehrmsnew/hs_hr_emp_directdebit_ibfk_1', 'emp_number', 'emp_number', 0), ('orangehrmsnew/hs_hr_emp_education_ibfk_1', 'emp_number', 'emp_number', 0), ('orangehrmsnew/hs_hr_emp_education_ibfk_2', 'edu_code', 'edu_code', 0), ('orangehrmsnew/hs_hr_emp_emergency_contacts_ibfk_1', 'emp_number', 'emp_number', 0), ('orangehrmsnew/hs_hr_emp_history_of_ealier_pos_ibfk_1', 'emp_number', 'emp_number', 0), ('orangehrmsnew/hs_hr_emp_jobtitle_history_ibfk_1', 'emp_number', 'emp_number', 0), ('orangehrmsnew/hs_hr_emp_language_ibfk_1', 'emp_number', 'emp_number', 0), ('orangehrmsnew/hs_hr_emp_language_ibfk_2', 'lang_code', 'lang_code', 0), ('orangehrmsnew/hs_hr_emp_licenses_ibfk_1', 'emp_number', 'emp_number', 0), ('orangehrmsnew/hs_hr_emp_licenses_ibfk_2', 'licenses_code', 'licenses_code', 0), ('orangehrmsnew/hs_hr_emp_locations_ibfk_1', 'loc_code', 'loc_code', 0), ('orangehrmsnew/hs_hr_emp_locations_ibfk_2', 'emp_number', 'emp_number', 0), ('orangehrmsnew/hs_hr_emp_location_history_ibfk_1', 'emp_number', 'emp_number', 0), ('orangehrmsnew/hs_hr_emp_member_detail_ibfk_1', 'membtype_code', 'membtype_code', 0), ('orangehrmsnew/hs_hr_emp_member_detail_ibfk_2', 'membship_code', 'membship_code', 0), ('orangehrmsnew/hs_hr_emp_member_detail_ibfk_3', 'emp_number', 'emp_number', 0), ('orangehrmsnew/hs_hr_emp_passport_ibfk_1', 'emp_number', 'emp_number', 0), ('orangehrmsnew/hs_hr_emp_picture_ibfk_1', 'emp_number', 'emp_number', 0), ('orangehrmsnew/hs_hr_emp_reportto_ibfk_1', 'erep_sup_emp_number', 'emp_number', 0), ('orangehrmsnew/hs_hr_emp_reportto_ibfk_2', 'erep_sub_emp_number', 'emp_number', 0), ('orangehrmsnew/hs_hr_emp_skill_ibfk_1', 'emp_number', 'emp_number', 0), ('orangehrmsnew/hs_hr_emp_skill_ibfk_2', 'skill_code', 'skill_code', 0), ('orangehrmsnew/hs_hr_emp_somu_ibfk_1', 'emp_number', 'emp_number', 0), ('orangehrmsnew/hs_hr_emp_subdivision_history_ibfk_1', 'emp_number', 'emp_number', 0), ('orangehrmsnew/hs_hr_emp_us_tax_ibfk_1', 'emp_number', 'emp_number', 0), ('orangehrmsnew/hs_hr_file_version_ibfk_1', 'altered_module', 'mod_id', 0), ('orangehrmsnew/hs_hr_file_version_ibfk_2', 'entered_by', 'id', 0), ('orangehrmsnew/hs_hr_file_version_ibfk_3', 'modified_by', 'id', 0), ('orangehrmsnew/hs_hr_hsp_ibfk_1', 'employee_id', 'emp_number', 0), ('orangehrmsnew/hs_hr_hsp_payment_request_ibfk_1', 'employee_id', 'emp_number', 0), ('orangehrmsnew/hs_hr_jobtit_empstat_ibfk_1', 'jobtit_code', 'jobtit_code', 0), ('orangehrmsnew/hs_hr_jobtit_empstat_ibfk_2', 'estat_code', 'estat_code', 0), ('orangehrmsnew/hs_hr_job_application_events_ibfk_1', 'application_id', 'application_id', 0), ('orangehrmsnew/hs_hr_job_application_events_ibfk_2', 'created_by', 'id', 0), ('orangehrmsnew/hs_hr_job_application_events_ibfk_3', 'owner', 'emp_number', 0), ('orangehrmsnew/hs_hr_job_application_ibfk_1', 'vacancy_id', 'vacancy_id', 0), ('orangehrmsnew/hs_hr_job_title_ibfk_1', 'sal_grd_code', 'sal_grd_code', 0), ('orangehrmsnew/hs_hr_job_title_ibfk_2', 'jobspec_id', 'jobspec_id', 0), ('orangehrmsnew/hs_hr_job_vacancy_ibfk_1', 'manager_id', 'emp_number', 0), ('orangehrmsnew/hs_hr_job_vacancy_ibfk_2', 'jobtit_code', 'jobtit_code', 0), ('orangehrmsnew/hs_hr_leave_ibfk_1', 'leave_request_id', 'leave_request_id', 0), ('orangehrmsnew/hs_hr_leave_ibfk_1', 'leave_type_id', 'leave_type_id', 1), ('orangehrmsnew/hs_hr_leave_ibfk_1', 'employee_id', 'employee_id', 2), ('orangehrmsnew/hs_hr_leave_requests_ibfk_1', 'employee_id', 'emp_number', 0), ('orangehrmsnew/hs_hr_leave_requests_ibfk_2', 'leave_period_id', 'leave_period_id', 0), ('orangehrmsnew/hs_hr_leave_requests_ibfk_3', 'leave_type_id', 'leave_type_id', 0), ('orangehrmsnew/hs_hr_location_ibfk_1', 'loc_country', 'cou_code', 0), ('orangehrmsnew/hs_hr_mailnotifications_ibfk_1', 'user_id', 'id', 0), ('orangehrmsnew/hs_hr_membership_ibfk_1', 'membtype_code', 'membtype_code', 0), ('orangehrmsnew/hs_hr_module_ibfk_1', 'version', 'id', 0), ('orangehrmsnew/hs_hr_project_activity_ibfk_1', 'project_id', 'project_id', 0), ('orangehrmsnew/hs_hr_project_admin_ibfk_1', 'project_id', 'project_id', 0), ('orangehrmsnew/hs_hr_project_admin_ibfk_2', 'emp_number', 'emp_number', 0), ('orangehrmsnew/hs_hr_project_ibfk_1', 'customer_id', 'customer_id', 0), ('orangehrmsnew/hs_hr_rights_ibfk_1', 'mod_id', 'mod_id', 0), ('orangehrmsnew/hs_hr_rights_ibfk_2', 'userg_id', 'userg_id', 0), ('orangehrmsnew/hs_hr_timesheet_ibfk_1', 'employee_id', 'emp_number', 0), ('orangehrmsnew/hs_hr_timesheet_ibfk_2', 'timesheet_period_id', 'timesheet_period_id', 0), ('orangehrmsnew/hs_hr_time_event_ibfk_1', 'timesheet_id', 'timesheet_id', 0), ('orangehrmsnew/hs_hr_time_event_ibfk_2', 'activity_id', 'activity_id', 0), ('orangehrmsnew/hs_hr_time_event_ibfk_3', 'project_id', 'project_id', 0), ('orangehrmsnew/hs_hr_time_event_ibfk_4', 'employee_id', 'emp_number', 0), ('orangehrmsnew/hs_hr_users_ibfk_1', 'modified_user_id', 'id', 0), ('orangehrmsnew/hs_hr_users_ibfk_2', 'created_by', 'id', 0), ('orangehrmsnew/hs_hr_users_ibfk_3', 'userg_id', 'userg_id', 0), ('orangehrmsnew/hs_hr_users_ibfk_4', 'emp_number', 'emp_number', 0), ('orangehrmsnew/hs_hr_versions_ibfk_1', 'modified_by', 'id', 0), ('orangehrmsnew/hs_hr_versions_ibfk_2', 'created_by', 'id', 0), ('orangehrmsnew/hs_hr_versions_ibfk_3', 'db_version', 'id', 0), ('orangehrmsnew/hs_hr_versions_ibfk_4', 'file_version', 'id', 0), ('orangehrmsnew/hs_pr_salary_currency_detail_ibfk_1', 'currency_id', 'currency_id', 0), ('orangehrmsnew/hs_pr_salary_currency_detail_ibfk_2', 'sal_grd_code', 'sal_grd_code', 0), ('orangehrms_new/hs_hr_compstructtree_ibfk_1', 'loc_code', 'loc_code', 0), ('orangehrms_new/hs_hr_db_version_ibfk_1', 'entered_by', 'id', 0), ('orangehrms_new/hs_hr_db_version_ibfk_2', 'modified_by', 'id', 0), ('orangehrms_new/hs_hr_employee_ibfk_1', 'work_station', 'id', 0), ('orangehrms_new/hs_hr_employee_ibfk_2', 'ethnic_race_code', 'ethnic_race_code', 0), ('orangehrms_new/hs_hr_employee_ibfk_4', 'job_title_code', 'jobtit_code', 0), ('orangehrms_new/hs_hr_employee_ibfk_5', 'emp_status', 'estat_code', 0), ('orangehrms_new/hs_hr_employee_ibfk_6', 'eeo_cat_code', 'eec_code', 0), ('orangehrms_new/hs_hr_employee_leave_quota_ibfk_1', 'leave_type_id', 'leave_type_id', 0), ('orangehrms_new/hs_hr_employee_leave_quota_ibfk_2', 'employee_id', 'emp_number', 0), ('orangehrms_new/hs_hr_employee_timesheet_period_ibfk_1', 'employee_id', 'emp_number', 0), ('orangehrms_new/hs_hr_employee_timesheet_period_ibfk_2', 'timesheet_period_id', 'timesheet_period_id', 0), ('orangehrms_new/hs_hr_employee_workshift_ibfk_1', 'workshift_id', 'workshift_id', 0), ('orangehrms_new/hs_hr_employee_workshift_ibfk_2', 'emp_number', 'emp_number', 0), ('orangehrms_new/hs_hr_emprep_usergroup_ibfk_1', 'userg_id', 'userg_id', 0), ('orangehrms_new/hs_hr_emprep_usergroup_ibfk_2', 'rep_code', 'rep_code', 0), ('orangehrms_new/hs_hr_emp_attachment_ibfk_1', 'emp_number', 'emp_number', 0), ('orangehrms_new/hs_hr_emp_basicsalary_ibfk_1', 'sal_grd_code', 'sal_grd_code', 0), ('orangehrms_new/hs_hr_emp_basicsalary_ibfk_2', 'currency_id', 'currency_id', 0), ('orangehrms_new/hs_hr_emp_basicsalary_ibfk_3', 'emp_number', 'emp_number', 0), ('orangehrms_new/hs_hr_emp_basicsalary_ibfk_4', 'payperiod_code', 'payperiod_code', 0), ('orangehrms_new/hs_hr_emp_contract_extend_ibfk_1', 'emp_number', 'emp_number', 0), ('orangehrms_new/hs_hr_emp_dependents_ibfk_1', 'emp_number', 'emp_number', 0), ('orangehrms_new/hs_hr_emp_directdebit_ibfk_1', 'emp_number', 'emp_number', 0), ('orangehrms_new/hs_hr_emp_education_ibfk_1', 'emp_number', 'emp_number', 0), ('orangehrms_new/hs_hr_emp_education_ibfk_2', 'edu_code', 'edu_code', 0), ('orangehrms_new/hs_hr_emp_emergency_contacts_ibfk_1', 'emp_number', 'emp_number', 0), ('orangehrms_new/hs_hr_emp_history_of_ealier_pos_ibfk_1', 'emp_number', 'emp_number', 0), ('orangehrms_new/hs_hr_emp_jobtitle_history_ibfk_1', 'emp_number', 'emp_number', 0), ('orangehrms_new/hs_hr_emp_language_ibfk_1', 'emp_number', 'emp_number', 0), ('orangehrms_new/hs_hr_emp_language_ibfk_2', 'lang_code', 'lang_code', 0), ('orangehrms_new/hs_hr_emp_licenses_ibfk_1', 'emp_number', 'emp_number', 0), ('orangehrms_new/hs_hr_emp_licenses_ibfk_2', 'licenses_code', 'licenses_code', 0), ('orangehrms_new/hs_hr_emp_locations_ibfk_1', 'loc_code', 'loc_code', 0), ('orangehrms_new/hs_hr_emp_locations_ibfk_2', 'emp_number', 'emp_number', 0), ('orangehrms_new/hs_hr_emp_location_history_ibfk_1', 'emp_number', 'emp_number', 0), ('orangehrms_new/hs_hr_emp_member_detail_ibfk_1', 'membtype_code', 'membtype_code', 0), ('orangehrms_new/hs_hr_emp_member_detail_ibfk_2', 'membship_code', 'membship_code', 0), ('orangehrms_new/hs_hr_emp_member_detail_ibfk_3', 'emp_number', 'emp_number', 0), ('orangehrms_new/hs_hr_emp_passport_ibfk_1', 'emp_number', 'emp_number', 0), ('orangehrms_new/hs_hr_emp_picture_ibfk_1', 'emp_number', 'emp_number', 0), ('orangehrms_new/hs_hr_emp_reportto_ibfk_1', 'erep_sup_emp_number', 'emp_number', 0), ('orangehrms_new/hs_hr_emp_reportto_ibfk_2', 'erep_sub_emp_number', 'emp_number', 0), ('orangehrms_new/hs_hr_emp_skill_ibfk_1', 'emp_number', 'emp_number', 0), ('orangehrms_new/hs_hr_emp_skill_ibfk_2', 'skill_code', 'skill_code', 0), ('orangehrms_new/hs_hr_emp_somu_ibfk_1', 'emp_number', 'emp_number', 0), ('orangehrms_new/hs_hr_emp_subdivision_history_ibfk_1', 'emp_number', 'emp_number', 0), ('orangehrms_new/hs_hr_emp_us_tax_ibfk_1', 'emp_number', 'emp_number', 0), ('orangehrms_new/hs_hr_emp_work_experience_ibfk_1', 'emp_number', 'emp_number', 0), ('orangehrms_new/hs_hr_file_version_ibfk_1', 'altered_module', 'mod_id', 0), ('orangehrms_new/hs_hr_file_version_ibfk_2', 'entered_by', 'id', 0), ('orangehrms_new/hs_hr_file_version_ibfk_3', 'modified_by', 'id', 0), ('orangehrms_new/hs_hr_hsp_ibfk_1', 'employee_id', 'emp_number', 0), ('orangehrms_new/hs_hr_hsp_payment_request_ibfk_1', 'employee_id', 'emp_number', 0), ('orangehrms_new/hs_hr_jobtit_empstat_ibfk_1', 'jobtit_code', 'jobtit_code', 0), ('orangehrms_new/hs_hr_jobtit_empstat_ibfk_2', 'estat_code', 'estat_code', 0), ('orangehrms_new/hs_hr_job_application_events_ibfk_1', 'application_id', 'application_id', 0), ('orangehrms_new/hs_hr_job_application_events_ibfk_2', 'created_by', 'id', 0), ('orangehrms_new/hs_hr_job_application_events_ibfk_3', 'owner', 'emp_number', 0), ('orangehrms_new/hs_hr_job_application_ibfk_1', 'vacancy_id', 'vacancy_id', 0), ('orangehrms_new/hs_hr_job_title_ibfk_1', 'sal_grd_code', 'sal_grd_code', 0), ('orangehrms_new/hs_hr_job_title_ibfk_2', 'jobspec_id', 'jobspec_id', 0), ('orangehrms_new/hs_hr_job_vacancy_ibfk_1', 'manager_id', 'emp_number', 0), ('orangehrms_new/hs_hr_job_vacancy_ibfk_2', 'jobtit_code', 'jobtit_code', 0), ('orangehrms_new/hs_hr_leave_ibfk_1', 'leave_request_id', 'leave_request_id', 0), ('orangehrms_new/hs_hr_leave_ibfk_1', 'leave_type_id', 'leave_type_id', 1), ('orangehrms_new/hs_hr_leave_ibfk_1', 'employee_id', 'employee_id', 2), ('orangehrms_new/hs_hr_leave_requests_ibfk_1', 'employee_id', 'emp_number', 0), ('orangehrms_new/hs_hr_leave_requests_ibfk_2', 'leave_period_id', 'leave_period_id', 0), ('orangehrms_new/hs_hr_leave_requests_ibfk_3', 'leave_type_id', 'leave_type_id', 0), ('orangehrms_new/hs_hr_location_ibfk_1', 'loc_country', 'cou_code', 0), ('orangehrms_new/hs_hr_mailnotifications_ibfk_1', 'user_id', 'id', 0), ('orangehrms_new/hs_hr_membership_ibfk_1', 'membtype_code', 'membtype_code', 0), ('orangehrms_new/hs_hr_module_ibfk_1', 'version', 'id', 0), ('orangehrms_new/hs_hr_project_activity_ibfk_1', 'project_id', 'project_id', 0), ('orangehrms_new/hs_hr_project_admin_ibfk_1', 'project_id', 'project_id', 0), ('orangehrms_new/hs_hr_project_admin_ibfk_2', 'emp_number', 'emp_number', 0), ('orangehrms_new/hs_hr_project_ibfk_1', 'customer_id', 'customer_id', 0), ('orangehrms_new/hs_hr_rights_ibfk_1', 'mod_id', 'mod_id', 0), ('orangehrms_new/hs_hr_rights_ibfk_2', 'userg_id', 'userg_id', 0), ('orangehrms_new/hs_hr_timesheet_ibfk_1', 'employee_id', 'emp_number', 0), ('orangehrms_new/hs_hr_timesheet_ibfk_2', 'timesheet_period_id', 'timesheet_period_id', 0), ('orangehrms_new/hs_hr_time_event_ibfk_1', 'timesheet_id', 'timesheet_id', 0), ('orangehrms_new/hs_hr_time_event_ibfk_2', 'activity_id', 'activity_id', 0), ('orangehrms_new/hs_hr_time_event_ibfk_3', 'project_id', 'project_id', 0), ('orangehrms_new/hs_hr_time_event_ibfk_4', 'employee_id', 'emp_number', 0), ('orangehrms_new/hs_hr_users_ibfk_1', 'modified_user_id', 'id', 0), ('orangehrms_new/hs_hr_users_ibfk_2', 'created_by', 'id', 0), ('orangehrms_new/hs_hr_users_ibfk_3', 'userg_id', 'userg_id', 0), ('orangehrms_new/hs_hr_users_ibfk_4', 'emp_number', 'emp_number', 0), ('orangehrms_new/hs_hr_versions_ibfk_1', 'modified_by', 'id', 0), ('orangehrms_new/hs_hr_versions_ibfk_2', 'created_by', 'id', 0), ('orangehrms_new/hs_hr_versions_ibfk_3', 'db_version', 'id', 0), ('orangehrms_new/hs_hr_versions_ibfk_4', 'file_version', 'id', 0), ('orangehrms_new/hs_pr_salary_currency_detail_ibfk_1', 'currency_id', 'currency_id', 0), ('orangehrms_new/hs_pr_salary_currency_detail_ibfk_2', 'sal_grd_code', 'sal_grd_code', 0), ('orange_hrms_staging/hs_hr_compstructtree_ibfk_1', 'loc_code', 'loc_code', 0), ('orange_hrms_staging/hs_hr_db_version_ibfk_1', 'entered_by', 'id', 0), ('orange_hrms_staging/hs_hr_db_version_ibfk_2', 'modified_by', 'id', 0), ('orange_hrms_staging/hs_hr_employee_ibfk_1', 'work_station', 'id', 0), ('orange_hrms_staging/hs_hr_employee_ibfk_2', 'ethnic_race_code', 'ethnic_race_code', 0), ('orange_hrms_staging/hs_hr_employee_ibfk_4', 'job_title_code', 'jobtit_code', 0), ('orange_hrms_staging/hs_hr_employee_ibfk_5', 'emp_status', 'estat_code', 0), ('orange_hrms_staging/hs_hr_employee_ibfk_6', 'eeo_cat_code', 'eec_code', 0), ('orange_hrms_staging/hs_hr_employee_leave_quota_ibfk_1', 'leave_type_id', 'leave_type_id', 0), ('orange_hrms_staging/hs_hr_employee_leave_quota_ibfk_2', 'employee_id', 'emp_number', 0), ('orange_hrms_staging/hs_hr_employee_timesheet_period_ibfk_1', 'employee_id', 'emp_number', 0), ('orange_hrms_staging/hs_hr_employee_timesheet_period_ibfk_2', 'timesheet_period_id', 'timesheet_period_id', 0), ('orange_hrms_staging/hs_hr_employee_workshift_ibfk_1', 'workshift_id', 'workshift_id', 0), ('orange_hrms_staging/hs_hr_employee_workshift_ibfk_2', 'emp_number', 'emp_number', 0), ('orange_hrms_staging/hs_hr_emprep_usergroup_ibfk_1', 'userg_id', 'userg_id', 0), ('orange_hrms_staging/hs_hr_emprep_usergroup_ibfk_2', 'rep_code', 'rep_code', 0), ('orange_hrms_staging/hs_hr_emp_attachment_ibfk_1', 'emp_number', 'emp_number', 0), ('orange_hrms_staging/hs_hr_emp_basicsalary_ibfk_1', 'sal_grd_code', 'sal_grd_code', 0), ('orange_hrms_staging/hs_hr_emp_basicsalary_ibfk_2', 'currency_id', 'currency_id', 0), ('orange_hrms_staging/hs_hr_emp_basicsalary_ibfk_3', 'emp_number', 'emp_number', 0), ('orange_hrms_staging/hs_hr_emp_basicsalary_ibfk_4', 'payperiod_code', 'payperiod_code', 0), ('orange_hrms_staging/hs_hr_emp_contract_extend_ibfk_1', 'emp_number', 'emp_number', 0), ('orange_hrms_staging/hs_hr_emp_dependents_ibfk_1', 'emp_number', 'emp_number', 0), ('orange_hrms_staging/hs_hr_emp_directdebit_ibfk_1', 'emp_number', 'emp_number', 0), ('orange_hrms_staging/hs_hr_emp_education_ibfk_1', 'emp_number', 'emp_number', 0), ('orange_hrms_staging/hs_hr_emp_education_ibfk_2', 'edu_code', 'edu_code', 0), ('orange_hrms_staging/hs_hr_emp_emergency_contacts_ibfk_1', 'emp_number', 'emp_number', 0), ('orange_hrms_staging/hs_hr_emp_history_of_ealier_pos_ibfk_1', 'emp_number', 'emp_number', 0), ('orange_hrms_staging/hs_hr_emp_jobtitle_history_ibfk_1', 'emp_number', 'emp_number', 0), ('orange_hrms_staging/hs_hr_emp_language_ibfk_1', 'emp_number', 'emp_number', 0), ('orange_hrms_staging/hs_hr_emp_language_ibfk_2', 'lang_code', 'lang_code', 0), ('orange_hrms_staging/hs_hr_emp_licenses_ibfk_1', 'emp_number', 'emp_number', 0), ('orange_hrms_staging/hs_hr_emp_licenses_ibfk_2', 'licenses_code', 'licenses_code', 0), ('orange_hrms_staging/hs_hr_emp_locations_ibfk_1', 'loc_code', 'loc_code', 0), ('orange_hrms_staging/hs_hr_emp_locations_ibfk_2', 'emp_number', 'emp_number', 0), ('orange_hrms_staging/hs_hr_emp_location_history_ibfk_1', 'emp_number', 'emp_number', 0), ('orange_hrms_staging/hs_hr_emp_member_detail_ibfk_1', 'membtype_code', 'membtype_code', 0), ('orange_hrms_staging/hs_hr_emp_member_detail_ibfk_2', 'membship_code', 'membship_code', 0), ('orange_hrms_staging/hs_hr_emp_member_detail_ibfk_3', 'emp_number', 'emp_number', 0), ('orange_hrms_staging/hs_hr_emp_passport_ibfk_1', 'emp_number', 'emp_number', 0), ('orange_hrms_staging/hs_hr_emp_picture_ibfk_1', 'emp_number', 'emp_number', 0), ('orange_hrms_staging/hs_hr_emp_reportto_ibfk_1', 'erep_sup_emp_number', 'emp_number', 0), ('orange_hrms_staging/hs_hr_emp_reportto_ibfk_2', 'erep_sub_emp_number', 'emp_number', 0), ('orange_hrms_staging/hs_hr_emp_skill_ibfk_1', 'emp_number', 'emp_number', 0), ('orange_hrms_staging/hs_hr_emp_skill_ibfk_2', 'skill_code', 'skill_code', 0), ('orange_hrms_staging/hs_hr_emp_somu_ibfk_1', 'emp_number', 'emp_number', 0), ('orange_hrms_staging/hs_hr_emp_subdivision_history_ibfk_1', 'emp_number', 'emp_number', 0), ('orange_hrms_staging/hs_hr_emp_us_tax_ibfk_1', 'emp_number', 'emp_number', 0), ('orange_hrms_staging/hs_hr_emp_work_experience_ibfk_1', 'emp_number', 'emp_number', 0), ('orange_hrms_staging/hs_hr_file_version_ibfk_1', 'altered_module', 'mod_id', 0), ('orange_hrms_staging/hs_hr_file_version_ibfk_2', 'entered_by', 'id', 0), ('orange_hrms_staging/hs_hr_file_version_ibfk_3', 'modified_by', 'id', 0), ('orange_hrms_staging/hs_hr_hsp_ibfk_1', 'employee_id', 'emp_number', 0), ('orange_hrms_staging/hs_hr_hsp_payment_request_ibfk_1', 'employee_id', 'emp_number', 0), ('orange_hrms_staging/hs_hr_jobtit_empstat_ibfk_1', 'jobtit_code', 'jobtit_code', 0);
INSERT INTO `INNODB_SYS_FOREIGN_COLS` (`ID`, `FOR_COL_NAME`, `REF_COL_NAME`, `POS`) VALUES ('orange_hrms_staging/hs_hr_jobtit_empstat_ibfk_2', 'estat_code', 'estat_code', 0), ('orange_hrms_staging/hs_hr_job_application_events_ibfk_1', 'application_id', 'application_id', 0), ('orange_hrms_staging/hs_hr_job_application_events_ibfk_2', 'created_by', 'id', 0), ('orange_hrms_staging/hs_hr_job_application_events_ibfk_3', 'owner', 'emp_number', 0), ('orange_hrms_staging/hs_hr_job_application_ibfk_1', 'vacancy_id', 'vacancy_id', 0), ('orange_hrms_staging/hs_hr_job_title_ibfk_1', 'sal_grd_code', 'sal_grd_code', 0), ('orange_hrms_staging/hs_hr_job_title_ibfk_2', 'jobspec_id', 'jobspec_id', 0), ('orange_hrms_staging/hs_hr_job_vacancy_ibfk_1', 'manager_id', 'emp_number', 0), ('orange_hrms_staging/hs_hr_job_vacancy_ibfk_2', 'jobtit_code', 'jobtit_code', 0), ('orange_hrms_staging/hs_hr_leave_ibfk_1', 'leave_request_id', 'leave_request_id', 0), ('orange_hrms_staging/hs_hr_leave_ibfk_1', 'leave_type_id', 'leave_type_id', 1), ('orange_hrms_staging/hs_hr_leave_ibfk_1', 'employee_id', 'employee_id', 2), ('orange_hrms_staging/hs_hr_leave_requests_ibfk_1', 'employee_id', 'emp_number', 0), ('orange_hrms_staging/hs_hr_leave_requests_ibfk_2', 'leave_period_id', 'leave_period_id', 0), ('orange_hrms_staging/hs_hr_leave_requests_ibfk_3', 'leave_type_id', 'leave_type_id', 0), ('orange_hrms_staging/hs_hr_location_ibfk_1', 'loc_country', 'cou_code', 0), ('orange_hrms_staging/hs_hr_mailnotifications_ibfk_1', 'user_id', 'id', 0), ('orange_hrms_staging/hs_hr_membership_ibfk_1', 'membtype_code', 'membtype_code', 0), ('orange_hrms_staging/hs_hr_module_ibfk_1', 'version', 'id', 0), ('orange_hrms_staging/hs_hr_project_activity_ibfk_1', 'project_id', 'project_id', 0), ('orange_hrms_staging/hs_hr_project_admin_ibfk_1', 'project_id', 'project_id', 0), ('orange_hrms_staging/hs_hr_project_admin_ibfk_2', 'emp_number', 'emp_number', 0), ('orange_hrms_staging/hs_hr_project_ibfk_1', 'customer_id', 'customer_id', 0), ('orange_hrms_staging/hs_hr_rights_ibfk_1', 'mod_id', 'mod_id', 0), ('orange_hrms_staging/hs_hr_rights_ibfk_2', 'userg_id', 'userg_id', 0), ('orange_hrms_staging/hs_hr_timesheet_ibfk_1', 'employee_id', 'emp_number', 0), ('orange_hrms_staging/hs_hr_timesheet_ibfk_2', 'timesheet_period_id', 'timesheet_period_id', 0), ('orange_hrms_staging/hs_hr_time_event_ibfk_1', 'timesheet_id', 'timesheet_id', 0), ('orange_hrms_staging/hs_hr_time_event_ibfk_2', 'activity_id', 'activity_id', 0), ('orange_hrms_staging/hs_hr_time_event_ibfk_3', 'project_id', 'project_id', 0), ('orange_hrms_staging/hs_hr_time_event_ibfk_4', 'employee_id', 'emp_number', 0), ('orange_hrms_staging/hs_hr_users_ibfk_1', 'modified_user_id', 'id', 0), ('orange_hrms_staging/hs_hr_users_ibfk_2', 'created_by', 'id', 0), ('orange_hrms_staging/hs_hr_users_ibfk_3', 'userg_id', 'userg_id', 0), ('orange_hrms_staging/hs_hr_users_ibfk_4', 'emp_number', 'emp_number', 0), ('orange_hrms_staging/hs_hr_versions_ibfk_1', 'modified_by', 'id', 0), ('orange_hrms_staging/hs_hr_versions_ibfk_2', 'created_by', 'id', 0), ('orange_hrms_staging/hs_hr_versions_ibfk_3', 'db_version', 'id', 0), ('orange_hrms_staging/hs_hr_versions_ibfk_4', 'file_version', 'id', 0), ('orange_hrms_staging/hs_pr_salary_currency_detail_ibfk_1', 'currency_id', 'currency_id', 0), ('orange_hrms_staging/hs_pr_salary_currency_detail_ibfk_2', 'sal_grd_code', 'sal_grd_code', 0);


# Dumping structure for table information_schema.INNODB_SYS_INDEXES
CREATE TEMPORARY TABLE IF NOT EXISTS `INNODB_SYS_INDEXES` (
  `INDEX_ID` bigint(21) unsigned NOT NULL DEFAULT '0',
  `NAME` varchar(193) NOT NULL DEFAULT '',
  `TABLE_ID` bigint(21) unsigned NOT NULL DEFAULT '0',
  `TYPE` int(11) NOT NULL DEFAULT '0',
  `N_FIELDS` int(11) NOT NULL DEFAULT '0',
  `PAGE_NO` int(11) NOT NULL DEFAULT '0',
  `SPACE` int(11) NOT NULL DEFAULT '0'
) TYPE=MEMORY;

# Dumping data for table information_schema.INNODB_SYS_INDEXES: -1 rows
DELETE FROM `INNODB_SYS_INDEXES`;
INSERT INTO `INNODB_SYS_INDEXES` (`INDEX_ID`, `NAME`, `TABLE_ID`, `TYPE`, `N_FIELDS`, `PAGE_NO`, `SPACE`) VALUES (11, 'ID_IND', 11, 3, 1, 302, 0), (12, 'FOR_IND', 11, 0, 1, 303, 0), (13, 'REF_IND', 11, 0, 1, 304, 0), (14, 'ID_IND', 12, 3, 2, 305, 0), (15, 'SYS_TABLESPACES_SPACE', 13, 3, 1, 307, 0), (16, 'SYS_DATAFILES_SPACE', 14, 3, 1, 308, 0), (17, 'PRIMARY', 15, 3, 2, 3, 1), (18, 'PRIMARY', 16, 3, 4, 3, 2), (19, 'PRIMARY', 17, 3, 1, 3, 3), (20, 'PRIMARY', 18, 3, 2, 3, 4), (21, 'PRIMARY', 19, 3, 1, 3, 5), (293, 'PRIMARY', 184, 3, 1, 3, 170), (317, 'PRIMARY', 208, 3, 1, 3, 194), (318, 'PRIMARY', 209, 3, 1, 3, 195), (321, 'PRIMARY', 212, 3, 1, 3, 198), (322, 'PRIMARY', 213, 3, 1, 3, 199), (323, 'PRIMARY', 214, 3, 1, 3, 200), (324, 'PRIMARY', 215, 3, 1, 3, 201), (329, 'PRIMARY', 220, 3, 1, 3, 206), (330, 'PRIMARY', 221, 3, 1, 3, 207), (332, 'PRIMARY', 223, 3, 1, 3, 209), (333, 'PRIMARY', 224, 3, 1, 3, 210), (336, 'PRIMARY', 227, 3, 1, 3, 213), (337, 'PRIMARY', 228, 3, 1, 3, 214), (338, 'PRIMARY', 229, 3, 1, 3, 215), (340, 'PRIMARY', 231, 3, 1, 3, 217), (345, 'PRIMARY', 236, 3, 1, 3, 222), (295, 'PRIMARY', 239, 3, 1, 3, 225), (301, 'PRIMARY', 246, 3, 1, 3, 232), (302, 'GEN_CLUST_INDEX', 247, 1, 0, 3, 233), (292, 'PRIMARY', 249, 3, 1, 3, 235), (311, 'PRIMARY', 256, 3, 1, 3, 242), (339, 'PRIMARY', 262, 3, 1, 3, 248), (342, 'PRIMARY', 263, 3, 1, 3, 249), (347, 'PRIMARY', 265, 3, 1, 3, 251), (711, 'PRIMARY', 465, 3, 1, 3, 451), (712, 'PRIMARY', 466, 3, 1, 3, 452), (713, 'loc_code', 466, 0, 1, 4, 452), (714, 'PRIMARY', 467, 3, 1, 3, 453), (715, 'emp_id', 467, 0, 1, 4, 453), (716, 'PRIMARY', 468, 3, 1, 3, 454), (717, 'PRIMARY', 469, 3, 1, 3, 455), (718, 'PRIMARY', 470, 3, 1, 3, 456), (719, 'PRIMARY', 471, 3, 1, 3, 457), (720, 'PRIMARY', 472, 3, 1, 3, 458), (721, 'emp_number', 472, 0, 1, 4, 458), (722, 'PRIMARY', 473, 3, 1, 3, 459), (723, 'emp_number', 473, 0, 1, 4, 459), (724, 'screen', 473, 0, 1, 5, 459), (725, 'PRIMARY', 474, 3, 1, 3, 460), (726, 'emp_number', 474, 0, 1, 4, 460), (727, 'PRIMARY', 475, 3, 1, 3, 461), (728, 'entered_by', 475, 0, 1, 4, 461), (729, 'modified_by', 475, 0, 1, 5, 461), (730, 'PRIMARY', 476, 3, 1, 3, 462), (731, 'PRIMARY', 477, 3, 1, 3, 463), (732, 'PRIMARY', 478, 3, 1, 3, 464), (733, 'PRIMARY', 479, 3, 1, 3, 465), (734, 'PRIMARY', 480, 3, 1, 3, 466), (735, 'work_station', 480, 0, 1, 4, 466), (736, 'ethnic_race_code', 480, 0, 1, 5, 466), (737, 'nation_code', 480, 0, 1, 6, 466), (738, 'job_title_code', 480, 0, 1, 7, 466), (739, 'emp_status', 480, 0, 1, 8, 466), (740, 'eeo_cat_code', 480, 0, 1, 9, 466), (741, 'leave_period_id_UNIQUE', 481, 3, 1, 3, 467), (742, 'employee_id', 481, 0, 1, 4, 467), (743, 'leave_period_id', 481, 0, 1, 5, 467), (744, 'PRIMARY', 482, 3, 2, 3, 468), (745, 'employee_id', 482, 0, 1, 4, 468), (746, 'PRIMARY', 483, 3, 2, 3, 469), (747, 'emp_number', 483, 0, 1, 4, 469), (748, 'PRIMARY', 484, 3, 1, 3, 470), (749, 'rep_name', 484, 2, 1, 4, 470), (750, 'PRIMARY', 485, 3, 2, 3, 471), (751, 'rep_code', 485, 0, 1, 4, 471), (752, 'PRIMARY', 486, 3, 1, 3, 472), (753, 'PRIMARY', 487, 3, 2, 3, 473), (754, 'screen', 487, 0, 1, 4, 473), (755, 'PRIMARY', 488, 3, 3, 3, 474), (756, 'sal_grd_code', 488, 0, 1, 4, 474), (757, 'currency_id', 488, 0, 1, 5, 474), (758, 'payperiod_code', 488, 0, 1, 6, 474), (759, 'PRIMARY', 489, 3, 2, 3, 475), (760, 'PRIMARY', 490, 3, 2, 3, 476), (761, 'PRIMARY', 491, 3, 2, 3, 477), (762, 'PRIMARY', 492, 3, 2, 3, 478), (763, 'PRIMARY', 493, 3, 2, 3, 479), (764, 'emp_number', 493, 0, 1, 4, 479), (765, 'PRIMARY', 494, 3, 2, 3, 480), (766, 'PRIMARY', 495, 3, 2, 3, 481), (767, 'PRIMARY', 496, 3, 1, 3, 482), (768, 'emp_number', 496, 0, 1, 4, 482), (769, 'PRIMARY', 497, 3, 3, 3, 483), (770, 'lang_code', 497, 0, 1, 4, 483), (771, 'PRIMARY', 498, 3, 2, 3, 484), (772, 'licenses_code', 498, 0, 1, 4, 484), (773, 'PRIMARY', 499, 3, 2, 3, 485), (774, 'loc_code', 499, 0, 1, 4, 485), (775, 'PRIMARY', 500, 3, 1, 3, 486), (776, 'emp_number', 500, 0, 1, 4, 486), (777, 'PRIMARY', 501, 3, 3, 3, 487), (778, 'membtype_code', 501, 0, 1, 4, 487), (779, 'membship_code', 501, 0, 1, 5, 487), (780, 'PRIMARY', 502, 3, 2, 3, 488), (781, 'PRIMARY', 503, 3, 1, 3, 489), (782, 'PRIMARY', 504, 3, 3, 3, 490), (783, 'erep_sub_emp_number', 504, 0, 1, 4, 490), (784, 'GEN_CLUST_INDEX', 505, 1, 0, 3, 491), (785, 'emp_number', 505, 0, 1, 4, 491), (786, 'skill_code', 505, 0, 1, 5, 491), (787, 'PRIMARY', 506, 3, 1, 3, 492), (788, 'PRIMARY', 507, 3, 1, 3, 493), (789, 'emp_number', 507, 0, 1, 4, 493), (790, 'PRIMARY', 508, 3, 1, 3, 494), (791, 'PRIMARY', 509, 3, 2, 3, 495), (792, 'PRIMARY', 510, 3, 1, 3, 496), (793, 'PRIMARY', 511, 3, 1, 3, 497), (794, 'altered_module', 511, 0, 1, 4, 497), (795, 'entered_by', 511, 0, 1, 5, 497), (796, 'modified_by', 511, 0, 1, 6, 497), (797, 'PRIMARY', 512, 3, 1, 3, 498), (798, 'PRIMARY', 513, 3, 1, 3, 499), (799, 'PRIMARY', 514, 3, 1, 3, 500), (800, 'GEN_CLUST_INDEX', 515, 1, 0, 3, 501), (801, 'PRIMARY', 516, 3, 1, 3, 502), (802, 'employee_id', 516, 0, 1, 4, 502), (803, 'PRIMARY', 517, 3, 1, 3, 503), (804, 'employee_id', 517, 0, 1, 4, 503), (805, 'hsp_id', 517, 0, 1, 5, 503), (806, 'PRIMARY', 518, 3, 1, 3, 504), (807, 'PRIMARY', 519, 3, 2, 3, 505), (808, 'estat_code', 519, 0, 1, 4, 505), (809, 'PRIMARY', 520, 3, 1, 3, 506), (810, 'vacancy_id', 520, 0, 1, 4, 506), (811, 'PRIMARY', 521, 3, 1, 3, 507), (812, 'application_id', 521, 0, 1, 4, 507), (813, 'created_by', 521, 0, 1, 5, 507), (814, 'owner', 521, 0, 1, 6, 507), (815, 'PRIMARY', 522, 3, 1, 3, 508), (816, 'PRIMARY', 523, 3, 1, 3, 509), (817, 'sal_grd_code', 523, 0, 1, 4, 509), (818, 'jobspec_id', 523, 0, 1, 5, 509), (819, 'PRIMARY', 524, 3, 1, 3, 510), (820, 'jobtit_code', 524, 0, 1, 4, 510), (821, 'manager_id', 524, 0, 1, 5, 510), (822, 'PRIMARY', 525, 3, 1, 3, 511), (823, 'PRIMARY', 526, 3, 1, 3, 512), (824, 'PRIMARY', 527, 3, 2, 3, 513), (825, 'leave_request_id', 527, 0, 3, 4, 513), (826, 'leave_type_id', 527, 0, 1, 5, 513), (827, 'employee_id', 527, 0, 1, 6, 513), (828, 'PRIMARY', 528, 3, 1, 3, 514), (829, 'PRIMARY', 529, 3, 1, 3, 515), (830, 'PRIMARY', 530, 3, 3, 3, 516), (831, 'employee_id', 530, 0, 1, 4, 516), (832, 'leave_type_id', 530, 0, 1, 5, 516), (833, 'leave_period_id', 530, 0, 1, 6, 516), (834, 'PRIMARY', 531, 3, 1, 3, 517), (835, 'PRIMARY', 532, 3, 1, 3, 518), (836, 'loc_country', 532, 0, 1, 4, 518), (837, 'GEN_CLUST_INDEX', 533, 1, 0, 3, 519), (838, 'user_id', 533, 0, 1, 4, 519), (839, 'notification_type_id', 533, 0, 1, 5, 519), (840, 'PRIMARY', 534, 3, 1, 3, 520), (841, 'membtype_code', 534, 0, 1, 4, 520), (842, 'PRIMARY', 535, 3, 1, 3, 521), (843, 'PRIMARY', 536, 3, 1, 3, 522), (844, 'version', 536, 0, 1, 4, 522), (845, 'PRIMARY', 537, 3, 1, 3, 523), (846, 'PRIMARY', 538, 3, 1, 3, 524), (847, 'PRIMARY', 539, 3, 1, 3, 525), (848, 'PRIMARY', 540, 3, 1, 3, 526), (849, 'PRIMARY', 541, 3, 1, 3, 527), (850, 'PRIMARY', 542, 3, 2, 3, 528), (851, 'customer_id', 542, 0, 1, 4, 528), (852, 'PRIMARY', 543, 3, 1, 3, 529), (853, 'project_id', 543, 0, 1, 4, 529), (854, 'PRIMARY', 544, 3, 2, 3, 530), (855, 'emp_number', 544, 0, 1, 4, 530), (856, 'PRIMARY', 545, 3, 1, 3, 531), (857, 'PRIMARY', 546, 3, 2, 3, 532), (858, 'userg_id', 546, 0, 1, 4, 532), (859, 'PRIMARY', 547, 3, 1, 3, 533), (860, 'PRIMARY', 548, 3, 3, 3, 534), (861, 'employee_id', 548, 0, 1, 4, 534), (862, 'timesheet_period_id', 548, 0, 1, 5, 534), (863, 'PRIMARY', 549, 3, 1, 3, 535), (864, 'PRIMARY', 550, 3, 4, 3, 536), (865, 'project_id', 550, 0, 1, 4, 536), (866, 'activity_id', 550, 0, 1, 5, 536), (867, 'employee_id', 550, 0, 1, 6, 536), (868, 'timesheet_id', 550, 0, 1, 7, 536), (869, 'PRIMARY', 551, 3, 1, 3, 537), (870, 'table_field', 551, 2, 2, 4, 537), (871, 'PRIMARY', 552, 3, 1, 3, 538), (872, 'user_name', 552, 2, 1, 4, 538), (873, 'modified_user_id', 552, 0, 1, 5, 538), (874, 'created_by', 552, 0, 1, 6, 538), (875, 'userg_id', 552, 0, 1, 7, 538), (876, 'emp_number', 552, 0, 1, 8, 538), (877, 'PRIMARY', 553, 3, 1, 3, 539), (878, 'PRIMARY', 554, 3, 1, 3, 540), (879, 'modified_by', 554, 0, 1, 4, 540), (880, 'created_by', 554, 0, 1, 5, 540), (881, 'db_version', 554, 0, 1, 6, 540), (882, 'file_version', 554, 0, 1, 7, 540), (883, 'day', 555, 3, 1, 3, 541), (884, 'PRIMARY', 556, 3, 1, 3, 542), (885, 'PRIMARY', 557, 3, 2, 3, 543), (886, 'currency_id', 557, 0, 1, 4, 543), (887, 'PRIMARY', 558, 3, 1, 3, 544), (888, 'sal_grd_name', 558, 2, 1, 4, 544), (889, 'GEN_CLUST_INDEX', 559, 1, 0, 3, 545), (892, 'PRIMARY', 562, 3, 1, 3, 548), (1072, 'PRIMARY', 658, 3, 1, 3, 644), (1088, 'PRIMARY', 669, 3, 1, 3, 655), (1084, 'PRIMARY', 750, 3, 1, 3, 736), (1119, 'PRIMARY', 757, 3, 1, 3, 743), (1120, 'PRIMARY', 758, 3, 1, 3, 744), (1123, 'PRIMARY', 761, 3, 1, 3, 747), (1124, 'PRIMARY', 762, 3, 1, 3, 748), (1128, 'PRIMARY', 766, 3, 1, 3, 752), (1130, 'PRIMARY', 768, 3, 1, 3, 754), (1131, 'PRIMARY', 769, 3, 1, 3, 755), (1132, 'PRIMARY', 770, 3, 2, 3, 756), (1133, 'PRIMARY', 771, 3, 1, 3, 757), (1137, 'PRIMARY', 775, 3, 1, 3, 761), (1138, 'PRIMARY', 776, 3, 1, 3, 762), (1142, 'PRIMARY', 780, 3, 1, 3, 766), (1145, 'PRIMARY', 783, 3, 1, 3, 769), (1150, 'PRIMARY', 788, 3, 1, 3, 774), (1155, 'PRIMARY', 793, 3, 1, 3, 779), (1156, 'PRIMARY', 794, 3, 1, 3, 780), (1157, 'PRIMARY', 795, 3, 1, 3, 781), (1164, 'PRIMARY', 802, 3, 1, 3, 788), (1166, 'PRIMARY', 804, 3, 1, 3, 790), (1167, 'GEN_CLUST_INDEX', 805, 1, 0, 3, 791), (1183, 'GEN_CLUST_INDEX', 821, 1, 0, 3, 807), (1185, 'PRIMARY', 823, 3, 1, 3, 809), (1186, 'PRIMARY', 824, 3, 2, 3, 810), (1187, 'PRIMARY', 825, 3, 1, 3, 811), (1189, 'PRIMARY', 827, 3, 1, 3, 813), (1190, 'PRIMARY', 828, 3, 1, 3, 814), (1194, 'PRIMARY', 832, 3, 1, 3, 818), (1195, 'PRIMARY', 833, 3, 1, 3, 819), (1196, 'PRIMARY', 834, 3, 1, 3, 820), (1197, 'PRIMARY', 835, 3, 1, 3, 821), (1200, 'PRIMARY', 838, 3, 1, 3, 824), (1211, 'PRIMARY', 849, 3, 1, 3, 835), (1212, 'PRIMARY', 850, 3, 1, 3, 836), (1214, 'PRIMARY', 852, 3, 1, 3, 838), (1216, 'PRIMARY', 854, 3, 1, 3, 840), (1217, 'PRIMARY', 855, 3, 1, 3, 841), (1218, 'PRIMARY', 856, 3, 1, 3, 842), (1219, 'GEN_CLUST_INDEX', 857, 1, 0, 3, 843), (1230, 'PRIMARY', 868, 3, 1, 3, 854), (1231, 'PRIMARY', 869, 3, 1, 3, 855), (1233, 'PRIMARY', 871, 3, 1, 3, 857), (1234, 'PRIMARY', 872, 3, 1, 3, 858), (1235, 'PRIMARY', 873, 3, 1, 3, 859), (1236, 'PRIMARY', 874, 3, 1, 3, 860), (1237, 'PRIMARY', 875, 3, 1, 3, 861), (1238, 'PRIMARY', 876, 3, 1, 3, 862), (1240, 'PRIMARY', 878, 3, 1, 3, 864), (1241, 'PRIMARY', 879, 3, 1, 3, 865), (1242, 'PRIMARY', 880, 3, 1, 3, 866), (1244, 'PRIMARY', 883, 3, 1, 3, 869), (1245, 'PRIMARY', 884, 3, 1, 3, 870), (1248, 'PRIMARY', 887, 3, 1, 3, 873), (1249, 'PRIMARY', 888, 3, 1, 3, 874), (1253, 'PRIMARY', 893, 3, 1, 3, 879), (1258, 'PRIMARY', 898, 3, 1, 3, 884), (1259, 'PRIMARY', 899, 3, 1, 3, 885), (1260, 'PRIMARY', 900, 3, 1, 3, 886), (1262, 'PRIMARY', 902, 3, 1, 3, 888), (1268, 'PRIMARY', 908, 3, 1, 3, 894), (1269, 'GEN_CLUST_INDEX', 909, 1, 0, 3, 895), (1278, 'PRIMARY', 918, 3, 1, 3, 904), (1280, 'PRIMARY', 920, 3, 1, 3, 906), (1285, 'PRIMARY', 925, 3, 1, 3, 911), (1286, 'PRIMARY', 926, 3, 1, 3, 912), (1287, 'GEN_CLUST_INDEX', 927, 1, 0, 3, 913), (1288, 'PRIMARY', 928, 3, 1, 3, 914), (1289, 'PRIMARY', 929, 3, 1, 3, 915), (1290, 'PRIMARY', 930, 3, 1, 3, 916), (1291, 'PRIMARY', 931, 3, 1, 3, 917), (1292, 'PRIMARY', 932, 3, 1, 3, 918), (1293, 'PRIMARY', 933, 3, 1, 3, 919), (1294, 'PRIMARY', 934, 3, 1, 3, 920), (1295, 'PRIMARY', 935, 3, 1, 3, 921), (1296, 'PRIMARY', 936, 3, 1, 3, 922), (1297, 'PRIMARY', 937, 3, 1, 3, 923), (1298, 'PRIMARY', 938, 3, 1, 3, 924), (1299, 'PRIMARY', 939, 3, 1, 3, 925), (1300, 'PRIMARY', 940, 3, 1, 3, 926), (1301, 'PRIMARY', 941, 3, 1, 3, 927), (1302, 'PRIMARY', 942, 3, 1, 3, 928), (1303, 'PRIMARY', 943, 3, 1, 3, 929), (1304, 'PRIMARY', 944, 3, 1, 3, 930), (1277, 'PRIMARY', 951, 3, 1, 3, 937), (1306, 'PRIMARY', 955, 3, 1, 3, 941), (1332, 'PRIMARY', 981, 3, 1, 3, 967), (1333, 'PRIMARY', 982, 3, 1, 3, 968), (1334, 'PRIMARY', 983, 3, 1, 3, 969), (1351, 'PRIMARY', 1000, 3, 1, 3, 986), (1352, 'PRIMARY', 1001, 3, 1, 3, 987), (1386, 'PRIMARY', 1035, 3, 1, 3, 1021), (1414, 'PRIMARY', 1063, 3, 1, 3, 1049), (1415, 'PRIMARY', 1064, 3, 1, 3, 1050), (1416, 'GEN_CLUST_INDEX', 1065, 1, 0, 3, 1051), (1417, 'GEN_CLUST_INDEX', 1066, 1, 0, 3, 1052), (1418, 'PRIMARY', 1067, 3, 1, 3, 1053), (1419, 'loc_code', 1067, 0, 1, 4, 1053), (1420, 'PRIMARY', 1068, 3, 1, 3, 1054), (1421, 'PRIMARY', 1069, 3, 1, 3, 1055), (1422, 'sal_grd_code', 1069, 0, 1, 4, 1055), (1423, 'jobspec_id', 1069, 0, 1, 5, 1055), (1424, 'PRIMARY', 1070, 3, 1, 3, 1056), (1425, 'PRIMARY', 1071, 3, 1, 3, 1057), (1426, 'PRIMARY', 1072, 3, 1, 3, 1058), (1436, 'PRIMARY', 1082, 3, 1, 3, 1068), (1437, 'PRIMARY', 1083, 3, 1, 3, 1069), (1439, 'PRIMARY', 1085, 3, 1, 3, 1071), (1440, 'PRIMARY', 1086, 3, 2, 3, 1072), (1441, 'PRIMARY', 1087, 3, 1, 3, 1073), (1442, 'PRIMARY', 1088, 3, 1, 3, 1074), (1443, 'PRIMARY', 1089, 3, 1, 3, 1075), (1444, 'PRIMARY', 1090, 3, 1, 3, 1076), (1445, 'PRIMARY', 1091, 3, 1, 3, 1077), (1446, 'PRIMARY', 1092, 3, 1, 3, 1078), (1447, 'PRIMARY', 1093, 3, 1, 3, 1079), (1448, 'PRIMARY', 1094, 3, 1, 3, 1080), (1449, 'PRIMARY', 1095, 3, 1, 3, 1081), (1450, 'PRIMARY', 1096, 3, 1, 3, 1082), (1451, 'PRIMARY', 1097, 3, 1, 3, 1083), (1452, 'PRIMARY', 1098, 3, 1, 3, 1084), (1455, 'GEN_CLUST_INDEX', 1101, 1, 0, 3, 1087), (1456, 'PRIMARY', 1102, 3, 1, 3, 1088), (1457, 'PRIMARY', 1103, 3, 1, 3, 1089), (1458, 'PRIMARY', 1104, 3, 1, 3, 1090), (1459, 'PRIMARY', 1105, 3, 1, 3, 1091), (1454, 'PRIMARY', 1109, 3, 1, 3, 1095), (1460, 'PRIMARY', 1110, 3, 1, 3, 1096), (1461, 'PRIMARY', 1111, 3, 1, 3, 1097), (1464, 'PRIMARY', 1114, 3, 1, 3, 1100), (1468, 'PRIMARY', 1118, 3, 1, 3, 1104), (1471, 'PRIMARY', 1121, 3, 1, 3, 1107), (1473, 'PRIMARY', 1123, 3, 1, 3, 1109), (1482, 'PRIMARY', 1132, 3, 1, 3, 1118), (1483, 'PRIMARY', 1133, 3, 1, 3, 1119), (1484, 'PRIMARY', 1134, 3, 2, 3, 1120), (1485, 'PRIMARY', 1135, 3, 1, 3, 1121), (1486, 'PRIMARY', 1136, 3, 1, 3, 1122), (1487, 'PRIMARY', 1137, 3, 1, 3, 1123), (1488, 'PRIMARY', 1138, 3, 1, 3, 1124), (1489, 'PRIMARY', 1139, 3, 1, 3, 1125), (1490, 'PRIMARY', 1140, 3, 1, 3, 1126), (1491, 'PRIMARY', 1141, 3, 1, 3, 1127), (1492, 'PRIMARY', 1142, 3, 1, 3, 1128), (1493, 'PRIMARY', 1143, 3, 1, 3, 1129), (1494, 'PRIMARY', 1144, 3, 1, 3, 1130), (1495, 'PRIMARY', 1145, 3, 1, 3, 1131), (1496, 'PRIMARY', 1146, 3, 1, 3, 1132), (1497, 'PRIMARY', 1147, 3, 1, 3, 1133), (1498, 'PRIMARY', 1148, 3, 1, 3, 1134), (1499, 'PRIMARY', 1149, 3, 1, 3, 1135), (1500, 'PRIMARY', 1150, 3, 1, 3, 1136), (1501, 'PRIMARY', 1151, 3, 1, 3, 1137), (1502, 'PRIMARY', 1152, 3, 1, 3, 1138), (1503, 'PRIMARY', 1153, 3, 1, 3, 1139), (1504, 'PRIMARY', 1154, 3, 1, 3, 1140), (1506, 'PRIMARY', 1156, 3, 1, 3, 1142), (1509, 'PRIMARY', 1159, 3, 1, 3, 1145), (1511, 'PRIMARY', 1161, 3, 1, 3, 1147), (1514, 'PRIMARY', 1164, 3, 1, 3, 1150), (1524, 'PRIMARY', 1174, 3, 1, 3, 1160), (1525, 'PRIMARY', 1175, 3, 1, 3, 1161), (1526, 'PRIMARY', 1176, 3, 1, 3, 1162), (1527, 'PRIMARY', 1177, 3, 1, 3, 1163), (1528, 'PRIMARY', 1178, 3, 1, 3, 1164), (1529, 'PRIMARY', 1179, 3, 1, 3, 1165), (1530, 'PRIMARY', 1180, 3, 1, 3, 1166), (1533, 'PRIMARY', 1183, 3, 1, 3, 1169), (1661, 'PRIMARY', 1311, 3, 1, 3, 1297), (1662, 'PRIMARY', 1312, 3, 1, 3, 1298), (1663, 'PRIMARY', 1313, 3, 1, 3, 1299), (1664, 'PRIMARY', 1314, 3, 1, 3, 1300), (1666, 'PRIMARY', 1316, 3, 1, 3, 1302), (1668, 'PRIMARY', 1318, 3, 1, 3, 1304), (1669, 'PRIMARY', 1319, 3, 1, 3, 1305), (1671, 'PRIMARY', 1321, 3, 1, 3, 1307), (1672, 'PRIMARY', 1322, 3, 1, 3, 1308), (1674, 'PRIMARY', 1324, 3, 1, 3, 1310), (1675, 'PRIMARY', 1325, 3, 1, 3, 1311), (1676, 'GEN_CLUST_INDEX', 1326, 1, 0, 3, 1312), (1679, 'PRIMARY', 1329, 3, 1, 3, 1315), (1681, 'PRIMARY', 1331, 3, 1, 3, 1317), (1685, 'PRIMARY', 1335, 3, 1, 3, 1321), (1686, 'PRIMARY', 1336, 3, 1, 3, 1322), (1687, 'PRIMARY', 1337, 3, 1, 3, 1323), (1688, 'PRIMARY', 1338, 3, 1, 3, 1324), (1689, 'PRIMARY', 1339, 3, 1, 3, 1325), (1690, 'PRIMARY', 1340, 3, 1, 3, 1326), (1692, 'PRIMARY', 1342, 3, 1, 3, 1328), (1693, 'PRIMARY', 1343, 3, 1, 3, 1329), (1694, 'PRIMARY', 1344, 3, 1, 3, 1330), (1695, 'GEN_CLUST_INDEX', 1345, 1, 0, 3, 1331), (1696, 'PRIMARY', 1346, 3, 1, 3, 1332), (1697, 'PRIMARY', 1347, 3, 1, 3, 1333), (1698, 'PRIMARY', 1348, 3, 1, 3, 1334), (1700, 'PRIMARY', 1350, 3, 1, 3, 1336), (1701, 'PRIMARY', 1351, 3, 1, 3, 1337), (1702, 'PRIMARY', 1352, 3, 1, 3, 1338), (1703, 'PRIMARY', 1353, 3, 1, 3, 1339), (1704, 'PRIMARY', 1354, 3, 1, 3, 1340), (1705, 'PRIMARY', 1355, 3, 1, 3, 1341), (1707, 'PRIMARY', 1357, 3, 1, 3, 1343), (1708, 'PRIMARY', 1358, 3, 1, 3, 1344), (1709, 'PRIMARY', 1359, 3, 1, 3, 1345), (1710, 'PRIMARY', 1360, 3, 1, 3, 1346), (1711, 'PRIMARY', 1361, 3, 1, 3, 1347), (1712, 'PRIMARY', 1362, 3, 1, 3, 1348), (1713, 'PRIMARY', 1363, 3, 1, 3, 1349), (1714, 'PRIMARY', 1364, 3, 1, 3, 1350), (1715, 'PRIMARY', 1365, 3, 1, 3, 1351), (1716, 'PRIMARY', 1366, 3, 1, 3, 1352), (1717, 'PRIMARY', 1367, 3, 1, 3, 1353), (1718, 'PRIMARY', 1368, 3, 1, 3, 1354), (1719, 'PRIMARY', 1369, 3, 1, 3, 1355), (1720, 'PRIMARY', 1370, 3, 1, 3, 1356), (1723, 'PRIMARY', 1373, 3, 1, 3, 1359), (1724, 'PRIMARY', 1374, 3, 1, 3, 1360), (1725, 'PRIMARY', 1375, 3, 1, 3, 1361), (1726, 'PRIMARY', 1376, 3, 1, 3, 1362), (1727, 'PRIMARY', 1377, 3, 1, 3, 1363), (1728, 'PRIMARY', 1378, 3, 1, 3, 1364), (1729, 'PRIMARY', 1379, 3, 1, 3, 1365), (1730, 'PRIMARY', 1380, 3, 1, 3, 1366), (1731, 'PRIMARY', 1381, 3, 1, 3, 1367), (1732, 'PRIMARY', 1382, 3, 1, 3, 1368), (1733, 'PRIMARY', 1383, 3, 1, 3, 1369), (1736, 'PRIMARY', 1386, 3, 1, 3, 1372), (1737, 'PRIMARY', 1387, 3, 1, 3, 1373), (1738, 'GEN_CLUST_INDEX', 1388, 1, 0, 3, 1374), (1739, 'GEN_CLUST_INDEX', 1389, 1, 0, 3, 1375), (1740, 'PRIMARY', 1390, 3, 1, 3, 1376), (1741, 'PRIMARY', 1391, 3, 1, 3, 1377), (1742, 'PRIMARY', 1392, 3, 1, 3, 1378), (1744, 'PRIMARY', 1394, 3, 1, 3, 1380), (1745, 'PRIMARY', 1395, 3, 1, 3, 1381), (1747, 'PRIMARY', 1397, 3, 1, 3, 1383), (1748, 'PRIMARY', 1398, 3, 1, 3, 1384), (1750, 'PRIMARY', 1400, 3, 1, 3, 1386), (1751, 'PRIMARY', 1401, 3, 1, 3, 1387), (1752, 'GEN_CLUST_INDEX', 1402, 1, 0, 3, 1388), (1753, 'PRIMARY', 1403, 3, 1, 3, 1389), (1755, 'PRIMARY', 1405, 3, 1, 3, 1391), (1757, 'PRIMARY', 1407, 3, 1, 3, 1393), (1761, 'PRIMARY', 1411, 3, 1, 3, 1397), (1762, 'PRIMARY', 1412, 3, 1, 3, 1398), (1763, 'PRIMARY', 1413, 3, 1, 3, 1399), (1764, 'PRIMARY', 1414, 3, 1, 3, 1400), (1765, 'PRIMARY', 1415, 3, 1, 3, 1401), (1766, 'PRIMARY', 1416, 3, 1, 3, 1402), (1768, 'PRIMARY', 1418, 3, 1, 3, 1404), (1769, 'PRIMARY', 1419, 3, 1, 3, 1405), (1770, 'PRIMARY', 1420, 3, 1, 3, 1406), (1771, 'GEN_CLUST_INDEX', 1421, 1, 0, 3, 1407), (1772, 'PRIMARY', 1422, 3, 1, 3, 1408), (1773, 'PRIMARY', 1423, 3, 1, 3, 1409), (1774, 'PRIMARY', 1424, 3, 1, 3, 1410), (1775, 'PRIMARY', 1425, 3, 1, 3, 1411), (1776, 'PRIMARY', 1426, 3, 1, 3, 1412), (1777, 'PRIMARY', 1427, 3, 1, 3, 1413), (1778, 'PRIMARY', 1428, 3, 1, 3, 1414), (1779, 'PRIMARY', 1429, 3, 1, 3, 1415), (1780, 'PRIMARY', 1430, 3, 1, 3, 1416), (1783, 'PRIMARY', 1433, 3, 1, 3, 1419), (1784, 'PRIMARY', 1434, 3, 1, 3, 1420), (1785, 'PRIMARY', 1435, 3, 1, 3, 1421), (1786, 'PRIMARY', 1436, 3, 1, 3, 1422), (1787, 'PRIMARY', 1437, 3, 1, 3, 1423), (1788, 'PRIMARY', 1438, 3, 1, 3, 1424), (1789, 'PRIMARY', 1439, 3, 1, 3, 1425), (1790, 'PRIMARY', 1440, 3, 1, 3, 1426), (1791, 'PRIMARY', 1441, 3, 1, 3, 1427), (1792, 'PRIMARY', 1442, 3, 1, 3, 1428), (1793, 'PRIMARY', 1443, 3, 1, 3, 1429), (1795, 'PRIMARY', 1445, 3, 1, 3, 1431), (1796, 'PRIMARY', 1446, 3, 1, 3, 1432), (1797, 'PRIMARY', 1447, 3, 1, 3, 1433), (1798, 'PRIMARY', 1448, 3, 1, 3, 1434), (1799, 'PRIMARY', 1449, 3, 1, 3, 1435), (1800, 'PRIMARY', 1450, 3, 1, 3, 1436), (1801, 'PRIMARY', 1451, 3, 1, 3, 1437), (1802, 'PRIMARY', 1452, 3, 1, 3, 1438), (1803, 'PRIMARY', 1453, 3, 1, 3, 1439), (1804, 'PRIMARY', 1454, 3, 1, 3, 1440), (1805, 'PRIMARY', 1455, 3, 1, 3, 1441), (1806, 'PRIMARY', 1456, 3, 1, 3, 1442), (1807, 'PRIMARY', 1457, 3, 1, 3, 1443), (1808, 'PRIMARY', 1458, 3, 1, 3, 1444), (1809, 'PRIMARY', 1459, 3, 1, 3, 1445), (1810, 'PRIMARY', 1460, 3, 1, 3, 1446), (1811, 'PRIMARY', 1461, 3, 1, 3, 1447), (1812, 'PRIMARY', 1462, 3, 1, 3, 1448), (1813, 'PRIMARY', 1463, 3, 1, 3, 1449), (1815, 'PRIMARY', 1465, 3, 1, 3, 1451), (1816, 'PRIMARY', 1466, 3, 1, 3, 1452), (1817, 'PRIMARY', 1467, 3, 1, 3, 1453), (1818, 'PRIMARY', 1468, 3, 1, 3, 1454), (1819, 'PRIMARY', 1469, 3, 1, 3, 1455), (1820, 'PRIMARY', 1470, 3, 2, 3, 1456), (1821, 'PRIMARY', 1471, 3, 1, 3, 1457), (1822, 'PRIMARY', 1472, 3, 1, 3, 1458), (1823, 'PRIMARY', 1473, 3, 1, 3, 1459), (1824, 'PRIMARY', 1474, 3, 1, 3, 1460), (1825, 'PRIMARY', 1475, 3, 1, 3, 1461), (1826, 'PRIMARY', 1476, 3, 1, 3, 1462), (1827, 'PRIMARY', 1477, 3, 1, 3, 1463), (1828, 'PRIMARY', 1478, 3, 1, 3, 1464), (1829, 'PRIMARY', 1479, 3, 1, 3, 1465), (1830, 'PRIMARY', 1480, 3, 1, 3, 1466), (1831, 'PRIMARY', 1481, 3, 1, 3, 1467), (1832, 'PRIMARY', 1482, 3, 1, 3, 1468), (1833, 'PRIMARY', 1483, 3, 1, 3, 1469), (1834, 'PRIMARY', 1484, 3, 1, 3, 1470), (1835, 'GEN_CLUST_INDEX', 1485, 1, 0, 3, 1471), (1839, 'PRIMARY', 1489, 3, 1, 3, 1475), (1842, 'PRIMARY', 1492, 3, 1, 3, 1478), (1843, 'GEN_CLUST_INDEX', 1493, 1, 0, 3, 1479), (1853, 'PRIMARY', 1503, 3, 1, 3, 1489), (1855, 'PRIMARY', 1505, 3, 1, 3, 1491), (1857, 'PRIMARY', 1507, 3, 1, 3, 1493), (1876, 'PRIMARY', 1526, 3, 1, 3, 1512), (1880, 'PRIMARY', 1530, 3, 1, 3, 1516), (2077, 'PRIMARY', 1641, 3, 1, 3, 1627), (2088, 'PRIMARY', 1652, 3, 1, 3, 1638), (2094, 'PRIMARY', 1658, 3, 1, 3, 1644), (2279, 'PRIMARY', 1757, 3, 1, 3, 1743), (2283, 'PRIMARY', 1761, 3, 1, 3, 1747), (2284, 'PRIMARY', 1762, 3, 1, 3, 1748), (2285, 'PRIMARY', 1763, 3, 1, 3, 1749), (2286, 'PRIMARY', 1764, 3, 1, 3, 1750), (2309, 'PRIMARY', 1787, 3, 1, 3, 1773), (2310, 'PRIMARY', 1788, 3, 1, 3, 1774), (2313, 'PRIMARY', 1791, 3, 1, 3, 1777), (2316, 'PRIMARY', 1794, 3, 1, 3, 1780), (2319, 'PRIMARY', 1797, 3, 1, 3, 1783), (2322, 'PRIMARY', 1800, 3, 1, 3, 1786), (2325, 'PRIMARY', 1803, 3, 1, 3, 1789), (2326, 'PRIMARY', 1804, 3, 1, 3, 1790), (2329, 'PRIMARY', 1807, 3, 1, 3, 1793), (2330, 'PRIMARY', 1808, 3, 1, 3, 1794), (2331, 'PRIMARY', 1809, 3, 1, 3, 1795), (2334, 'PRIMARY', 1812, 3, 1, 3, 1798), (2530, 'PRIMARY', 1922, 3, 1, 3, 1908), (2715, 'PRIMARY', 2021, 3, 1, 3, 2007), (2717, 'PRIMARY', 2023, 3, 1, 3, 2009), (2718, 'PRIMARY', 2024, 3, 1, 3, 2010), (2719, 'PRIMARY', 2025, 3, 1, 3, 2011), (2720, 'PRIMARY', 2026, 3, 1, 3, 2012), (2721, 'PRIMARY', 2027, 3, 1, 3, 2013), (2732, 'PRIMARY', 2038, 3, 1, 3, 2024), (2735, 'PRIMARY', 2041, 3, 1, 3, 2027), (2738, 'PRIMARY', 2044, 3, 1, 3, 2030), (2741, 'PRIMARY', 2047, 3, 1, 3, 2033), (2743, 'PRIMARY', 2049, 3, 1, 3, 2035), (2745, 'PRIMARY', 2051, 3, 1, 3, 2037), (2751, 'PRIMARY', 2057, 3, 1, 3, 2043), (2754, 'PRIMARY', 2060, 3, 1, 3, 2046), (2757, 'PRIMARY', 2063, 3, 1, 3, 2049), (2763, 'PRIMARY', 2069, 3, 1, 3, 2055), (2769, 'PRIMARY', 2075, 3, 1, 3, 2061), (2787, 'PRIMARY', 2093, 3, 1, 3, 2079), (2790, 'PRIMARY', 2096, 3, 1, 3, 2082), (2793, 'PRIMARY', 2099, 3, 1, 3, 2085), (2799, 'PRIMARY', 2105, 3, 1, 3, 2091), (2805, 'PRIMARY', 2111, 3, 1, 3, 2097), (2811, 'PRIMARY', 2117, 3, 1, 3, 2103), (2819, 'PRIMARY', 2125, 3, 1, 3, 2111), (2824, 'PRIMARY', 2130, 3, 1, 3, 2116), (2840, 'PRIMARY', 2146, 3, 1, 3, 2132), (2843, 'PRIMARY', 2149, 3, 1, 3, 2135), (2845, 'PRIMARY', 2151, 3, 1, 3, 2137), (2856, 'PRIMARY', 2162, 3, 1, 3, 2148), (2859, 'PRIMARY', 2165, 3, 1, 3, 2151), (2862, 'PRIMARY', 2168, 3, 1, 3, 2154), (2870, 'PRIMARY', 2176, 3, 1, 3, 2162), (2874, 'PRIMARY', 2180, 3, 1, 3, 2166), (2875, 'PRIMARY', 2181, 3, 1, 3, 2167), (2876, 'PRIMARY', 2182, 3, 1, 3, 2168), (3065, 'PRIMARY', 2285, 3, 1, 3, 2271), (3069, 'PRIMARY', 2289, 3, 1, 3, 2275), (3144, 'PRIMARY', 2331, 3, 3, 3, 2317), (3145, 'erep_sub_emp_number', 2331, 0, 1, 4, 2317), (3146, 'GEN_CLUST_INDEX', 2332, 1, 0, 3, 2318), (3147, 'emp_number', 2332, 0, 1, 4, 2318), (3148, 'skill_code', 2332, 0, 1, 5, 2318), (3149, 'PRIMARY', 2333, 3, 1, 3, 2319), (3150, 'PRIMARY', 2334, 3, 1, 3, 2320), (3151, 'emp_number', 2334, 0, 1, 4, 2320), (3152, 'PRIMARY', 2335, 3, 1, 3, 2321), (3153, 'PRIMARY', 2336, 3, 2, 3, 2322), (3154, 'PRIMARY', 2337, 3, 1, 3, 2323), (3155, 'PRIMARY', 2338, 3, 1, 3, 2324), (3156, 'altered_module', 2338, 0, 1, 4, 2324), (3157, 'entered_by', 2338, 0, 1, 5, 2324), (3158, 'modified_by', 2338, 0, 1, 6, 2324), (3159, 'GEN_CLUST_INDEX', 2339, 1, 0, 3, 2325), (3160, 'PRIMARY', 2340, 3, 1, 3, 2326), (3161, 'PRIMARY', 2341, 3, 1, 3, 2327), (3162, 'GEN_CLUST_INDEX', 2342, 1, 0, 3, 2328), (3163, 'GEN_CLUST_INDEX', 2343, 1, 0, 3, 2329), (3164, 'holiday_id', 2343, 0, 1, 4, 2329), (3173, 'PRIMARY', 2348, 3, 1, 3, 2334), (3174, 'vacancy_id', 2348, 0, 1, 4, 2334), (3175, 'PRIMARY', 2349, 3, 1, 3, 2335), (3176, 'application_id', 2349, 0, 1, 4, 2335), (3177, 'created_by', 2349, 0, 1, 5, 2335), (3178, 'owner', 2349, 0, 1, 6, 2335), (3179, 'PRIMARY', 2350, 3, 1, 3, 2336), (3180, 'PRIMARY', 2351, 3, 1, 3, 2337), (3181, 'sal_grd_code', 2351, 0, 1, 4, 2337), (3182, 'jobspec_id', 2351, 0, 1, 5, 2337), (3183, 'PRIMARY', 2352, 3, 1, 3, 2338), (3184, 'jobtit_code', 2352, 0, 1, 4, 2338), (3185, 'manager_id', 2352, 0, 1, 5, 2338), (3186, 'PRIMARY', 2353, 3, 1, 3, 2339), (3187, 'PRIMARY', 2354, 3, 1, 3, 2340), (3188, 'PRIMARY', 2355, 3, 4, 3, 2341), (3189, 'leave_request_id', 2355, 0, 3, 4, 2341), (3190, 'leave_type_id', 2355, 0, 1, 5, 2341), (3191, 'employee_id', 2355, 0, 1, 6, 2341), (3192, 'PRIMARY', 2356, 3, 1, 3, 2342), (3193, 'PRIMARY', 2357, 3, 1, 3, 2343), (3194, 'PRIMARY', 2358, 3, 3, 3, 2344), (3195, 'employee_id', 2358, 0, 1, 4, 2344), (3196, 'leave_type_id', 2358, 0, 1, 5, 2344), (3197, 'leave_period_id', 2358, 0, 1, 6, 2344), (3198, 'PRIMARY', 2359, 3, 1, 3, 2345), (3199, 'PRIMARY', 2360, 3, 1, 3, 2346), (3200, 'loc_country', 2360, 0, 1, 4, 2346), (3201, 'GEN_CLUST_INDEX', 2361, 1, 0, 3, 2347), (3202, 'user_id', 2361, 0, 1, 4, 2347), (3203, 'notification_type_id', 2361, 0, 1, 5, 2347), (3204, 'PRIMARY', 2362, 3, 1, 3, 2348), (3205, 'membtype_code', 2362, 0, 1, 4, 2348), (3206, 'PRIMARY', 2363, 3, 1, 3, 2349), (3207, 'PRIMARY', 2364, 3, 1, 3, 2350), (3208, 'version', 2364, 0, 1, 4, 2350), (3209, 'PRIMARY', 2365, 3, 1, 3, 2351), (3210, 'PRIMARY', 2366, 3, 1, 3, 2352), (3211, 'PRIMARY', 2367, 3, 1, 3, 2353), (3212, 'PRIMARY', 2368, 3, 1, 3, 2354), (3213, 'PRIMARY', 2369, 3, 1, 3, 2355), (3214, 'PRIMARY', 2370, 3, 2, 3, 2356), (3215, 'customer_id', 2370, 0, 1, 4, 2356), (3216, 'PRIMARY', 2371, 3, 1, 3, 2357), (3217, 'project_id', 2371, 0, 1, 4, 2357), (3218, 'PRIMARY', 2372, 3, 2, 3, 2358), (3219, 'emp_number', 2372, 0, 1, 4, 2358), (3220, 'PRIMARY', 2373, 3, 1, 3, 2359), (3221, 'PRIMARY', 2374, 3, 2, 3, 2360), (3222, 'userg_id', 2374, 0, 1, 4, 2360), (3223, 'PRIMARY', 2375, 3, 1, 3, 2361), (3224, 'PRIMARY', 2376, 3, 3, 3, 2362), (3225, 'employee_id', 2376, 0, 1, 4, 2362), (3226, 'timesheet_period_id', 2376, 0, 1, 5, 2362), (3227, 'PRIMARY', 2377, 3, 1, 3, 2363), (3228, 'PRIMARY', 2378, 3, 4, 3, 2364), (3229, 'project_id', 2378, 0, 1, 4, 2364), (3230, 'activity_id', 2378, 0, 1, 5, 2364), (3231, 'employee_id', 2378, 0, 1, 6, 2364), (3232, 'timesheet_id', 2378, 0, 1, 7, 2364), (3233, 'PRIMARY', 2379, 3, 1, 3, 2365), (3234, 'table_field', 2379, 2, 2, 4, 2365), (3235, 'PRIMARY', 2380, 3, 1, 3, 2366), (3236, 'user_name', 2380, 2, 1, 4, 2366), (3237, 'modified_user_id', 2380, 0, 1, 5, 2366), (3238, 'created_by', 2380, 0, 1, 6, 2366), (3239, 'userg_id', 2380, 0, 1, 7, 2366);
INSERT INTO `INNODB_SYS_INDEXES` (`INDEX_ID`, `NAME`, `TABLE_ID`, `TYPE`, `N_FIELDS`, `PAGE_NO`, `SPACE`) VALUES (3240, 'emp_number', 2380, 0, 1, 8, 2366), (3241, 'PRIMARY', 2381, 3, 1, 3, 2367), (3242, 'PRIMARY', 2382, 3, 1, 3, 2368), (3243, 'modified_by', 2382, 0, 1, 4, 2368), (3244, 'created_by', 2382, 0, 1, 5, 2368), (3245, 'db_version', 2382, 0, 1, 6, 2368), (3246, 'file_version', 2382, 0, 1, 7, 2368), (3247, 'day', 2383, 3, 1, 3, 2369), (3248, 'PRIMARY', 2384, 3, 1, 3, 2370), (3249, 'PRIMARY', 2385, 3, 2, 3, 2371), (3250, 'currency_id', 2385, 0, 1, 4, 2371), (3251, 'PRIMARY', 2386, 3, 1, 3, 2372), (3252, 'sal_grd_name', 2386, 2, 1, 4, 2372), (3253, 'GEN_CLUST_INDEX', 2387, 1, 0, 3, 2373), (3256, 'PRIMARY', 2390, 3, 1, 3, 2376), (3262, 'PRIMARY', 2396, 3, 1, 3, 2382), (3268, 'PRIMARY', 2402, 3, 1, 3, 2388), (3271, 'PRIMARY', 2405, 3, 1, 3, 2391), (3274, 'PRIMARY', 2408, 3, 1, 3, 2394), (3277, 'PRIMARY', 2411, 3, 1, 3, 2397), (3278, 'PRIMARY', 2412, 3, 1, 3, 2398), (3282, 'GEN_CLUST_INDEX', 2416, 1, 0, 3, 2402), (3291, 'PRIMARY', 2425, 3, 1, 3, 2411), (3292, 'PRIMARY', 2426, 3, 1, 3, 2412), (3296, 'PRIMARY', 2430, 3, 1, 3, 2416), (3306, 'PRIMARY', 2440, 3, 1, 3, 2426), (3329, 'PRIMARY', 2463, 3, 1, 3, 2449), (3330, 'PRIMARY', 2464, 3, 1, 3, 2450), (3331, 'PRIMARY', 2465, 3, 1, 3, 2451), (3332, 'PRIMARY', 2466, 3, 1, 3, 2452), (3334, 'PRIMARY', 2468, 3, 1, 3, 2454), (3335, 'GEN_CLUST_INDEX', 2471, 1, 0, 3, 2457), (3338, 'PRIMARY', 2474, 3, 1, 3, 2460), (3341, 'PRIMARY', 2477, 3, 1, 3, 2463), (3344, 'PRIMARY', 2480, 3, 1, 3, 2466), (3345, 'PRIMARY', 2481, 3, 1, 3, 2467), (3346, 'PRIMARY', 2482, 3, 1, 3, 2468), (3347, 'PRIMARY', 2483, 3, 1, 3, 2469), (3349, 'PRIMARY', 2485, 3, 1, 3, 2471), (3355, 'PRIMARY', 2491, 3, 1, 3, 2477), (3367, 'PRIMARY', 2503, 3, 1, 3, 2489), (3370, 'PRIMARY', 2506, 3, 1, 3, 2492), (3373, 'PRIMARY', 2509, 3, 1, 3, 2495), (3481, 'PRIMARY', 2575, 3, 1, 3, 2561), (4372, 'PRIMARY', 3091, 3, 1, 3, 3077), (4373, 'visitor_id', 3091, 2, 2, 4, 3077), (4375, 'PRIMARY', 3093, 3, 1, 3, 3079), (4364, 'PRIMARY', 3094, 3, 1, 3, 3080), (4379, 'PRIMARY', 3098, 3, 1, 3, 3084), (4380, 'PRIMARY', 3099, 3, 1, 3, 3085), (4381, 'PRIMARY', 3100, 3, 1, 3, 3086), (4382, 'PRIMARY', 3101, 3, 1, 3, 3087), (4427, 'PRIMARY', 3140, 3, 1, 3, 3126), (4430, 'PRIMARY', 3143, 3, 1, 3, 3129), (4555, 'PRIMARY', 3268, 3, 1, 3, 3254), (4556, 'PRIMARY', 3269, 3, 1, 3, 3255), (5190, 'GEN_CLUST_INDEX', 3819, 1, 0, 3, 3805), (5191, 'GEN_CLUST_INDEX', 3820, 1, 0, 3, 3806), (5192, 'PRIMARY', 3821, 3, 1, 3, 3807), (5193, 'PRIMARY', 3822, 3, 1, 3, 3808), (5194, 'PRIMARY', 3823, 3, 1, 3, 3809), (5195, 'blood_grp_id', 3823, 0, 1, 4, 3809), (5196, 'PRIMARY', 3824, 3, 1, 3, 3810), (5197, 'loc_code', 3824, 0, 1, 4, 3810), (5198, 'PRIMARY', 3825, 3, 1, 3, 3811), (5199, 'emp_id', 3825, 0, 1, 4, 3811), (5200, 'PRIMARY', 3826, 3, 1, 3, 3812), (5201, 'PRIMARY', 3827, 3, 1, 3, 3813), (5202, 'PRIMARY', 3828, 3, 1, 3, 3814), (5203, 'PRIMARY', 3829, 3, 1, 3, 3815), (5204, 'PRIMARY', 3830, 3, 1, 3, 3816), (5205, 'emp_number', 3830, 0, 1, 4, 3816), (5206, 'PRIMARY', 3831, 3, 1, 3, 3817), (5207, 'emp_number', 3831, 0, 1, 4, 3817), (5208, 'screen', 3831, 0, 1, 5, 3817), (5209, 'PRIMARY', 3832, 3, 1, 3, 3818), (5210, 'emp_number', 3832, 0, 1, 4, 3818), (5211, 'PRIMARY', 3833, 3, 1, 3, 3819), (5212, 'entered_by', 3833, 0, 1, 4, 3819), (5213, 'modified_by', 3833, 0, 1, 5, 3819), (5214, 'PRIMARY', 3834, 3, 1, 3, 3820), (5215, 'PRIMARY', 3835, 3, 1, 3, 3821), (5216, 'PRIMARY', 3836, 3, 1, 3, 3822), (5217, 'PRIMARY', 3837, 3, 1, 3, 3823), (5218, 'PRIMARY', 3838, 3, 1, 3, 3824), (5219, 'work_station', 3838, 0, 1, 4, 3824), (5220, 'ethnic_race_code', 3838, 0, 1, 5, 3824), (5221, 'nation_code', 3838, 0, 1, 6, 3824), (5222, 'job_title_code', 3838, 0, 1, 7, 3824), (5223, 'emp_status', 3838, 0, 1, 8, 3824), (5224, 'eeo_cat_code', 3838, 0, 1, 9, 3824), (5225, 'GEN_CLUST_INDEX', 3839, 1, 0, 3, 3825), (5226, 'PRIMARY', 3840, 3, 1, 3, 3826), (5227, 'employee_id', 3840, 0, 1, 4, 3826), (5228, 'hs_hr_employee_leave_quota_ibfk_1', 3840, 0, 1, 5, 3826), (5229, 'PRIMARY', 3841, 3, 2, 3, 3827), (5230, 'employee_id', 3841, 0, 1, 4, 3827), (5231, 'PRIMARY', 3842, 3, 2, 3, 3828), (5232, 'emp_number', 3842, 0, 1, 4, 3828), (5233, 'PRIMARY', 3843, 3, 1, 3, 3829), (5234, 'rep_name', 3843, 2, 1, 4, 3829), (5235, 'PRIMARY', 3844, 3, 2, 3, 3830), (5236, 'rep_code', 3844, 0, 1, 4, 3830), (5237, 'PRIMARY', 3845, 3, 1, 3, 3831), (5238, 'PRIMARY', 3846, 3, 2, 3, 3832), (5239, 'screen', 3846, 0, 1, 4, 3832), (5240, 'PRIMARY', 3847, 3, 3, 3, 3833), (5241, 'sal_grd_code', 3847, 0, 1, 4, 3833), (5242, 'currency_id', 3847, 0, 1, 5, 3833), (5243, 'payperiod_code', 3847, 0, 1, 6, 3833), (5244, 'PRIMARY', 3848, 3, 1, 3, 3834), (5245, 'PRIMARY', 3849, 3, 2, 3, 3835), (5246, 'PRIMARY', 3850, 3, 2, 3, 3836), (5247, 'PRIMARY', 3851, 3, 2, 3, 3837), (5248, 'PRIMARY', 3852, 3, 2, 3, 3838), (5249, 'emp_number', 3852, 0, 1, 4, 3838), (5250, 'PRIMARY', 3853, 3, 1, 3, 3839), (5251, 'PRIMARY', 3854, 3, 2, 3, 3840), (5252, 'PRIMARY', 3855, 3, 1, 3, 3841), (5253, 'emp_number', 3855, 0, 1, 4, 3841), (5254, 'PRIMARY', 3856, 3, 3, 3, 3842), (5255, 'lang_code', 3856, 0, 1, 4, 3842), (5256, 'PRIMARY', 3857, 3, 2, 3, 3843), (5257, 'licenses_code', 3857, 0, 1, 4, 3843), (5258, 'PRIMARY', 3858, 3, 2, 3, 3844), (5259, 'loc_code', 3858, 0, 1, 4, 3844), (5260, 'PRIMARY', 3859, 3, 1, 3, 3845), (5261, 'emp_number', 3859, 0, 1, 4, 3845), (5262, 'PRIMARY', 3860, 3, 3, 3, 3846), (5263, 'membtype_code', 3860, 0, 1, 4, 3846), (5264, 'membship_code', 3860, 0, 1, 5, 3846), (5265, 'PRIMARY', 3861, 3, 1, 3, 3847), (5266, 'PRIMARY', 3862, 3, 1, 3, 3848), (5267, 'employee_id', 3862, 0, 1, 4, 3848), (5268, 'PRIMARY', 3863, 3, 1, 3, 3849), (5269, 'employee_id', 3863, 0, 1, 4, 3849), (5270, 'hsp_id', 3863, 0, 1, 5, 3849), (5271, 'PRIMARY', 3864, 3, 1, 3, 3850), (5272, 'PRIMARY', 3865, 3, 1, 3, 3851), (5273, 'PRIMARY', 3866, 3, 2, 3, 3852), (5274, 'estat_code', 3866, 0, 1, 4, 3852), (8332, 'PRIMARY', 6741, 3, 1, 3, 6727), (8335, 'PRIMARY', 6744, 3, 1, 3, 6730), (10405, 'PRIMARY', 8814, 3, 1, 3, 8800), (16168, 'PRIMARY', 14426, 3, 1, 3, 14412), (16169, 'PRIMARY', 14427, 3, 1, 3, 14413), (16170, 'PRIMARY', 14428, 3, 1, 3, 14414), (16610, 'PRIMARY', 14858, 3, 1, 3, 14844), (16622, 'PRIMARY', 14870, 3, 1, 3, 14856), (16623, 'PRIMARY', 14871, 3, 1, 3, 14857), (16670, 'PRIMARY', 14913, 3, 1, 3, 14899), (16673, 'PRIMARY', 14916, 3, 1, 3, 14902), (16674, 'PRIMARY', 14917, 3, 1, 3, 14903), (16675, 'exhibition_id', 14917, 2, 2, 4, 14903), (17553, 'PRIMARY', 15418, 3, 1, 3, 15404), (17864, 'GEN_CLUST_INDEX', 15590, 1, 0, 3, 15576), (17865, 'GEN_CLUST_INDEX', 15591, 1, 0, 3, 15577), (17866, 'GEN_CLUST_INDEX', 15592, 1, 0, 3, 15578), (17867, 'GEN_CLUST_INDEX', 15593, 1, 0, 3, 15579), (17868, 'GEN_CLUST_INDEX', 15594, 1, 0, 3, 15580), (17869, 'PRIMARY', 15595, 3, 1, 3, 15581), (17870, 'GEN_CLUST_INDEX', 15596, 1, 0, 3, 15582), (17871, 'PRIMARY', 15597, 3, 1, 3, 15583), (17872, 'PRIMARY', 15598, 3, 1, 3, 15584), (17873, 'blood_grp_id', 15598, 0, 1, 4, 15584), (17874, 'PRIMARY', 15599, 3, 1, 3, 15585), (17875, 'loc_code', 15599, 0, 1, 4, 15585), (17876, 'PRIMARY', 15600, 3, 1, 3, 15586), (17877, 'emp_id', 15600, 0, 1, 4, 15586), (17878, 'PRIMARY', 15601, 3, 1, 3, 15587), (17879, 'PRIMARY', 15602, 3, 1, 3, 15588), (17880, 'PRIMARY', 15603, 3, 1, 3, 15589), (17881, 'PRIMARY', 15604, 3, 1, 3, 15590), (17882, 'PRIMARY', 15605, 3, 1, 3, 15591), (17883, 'emp_number', 15605, 0, 1, 4, 15591), (17884, 'PRIMARY', 15606, 3, 1, 3, 15592), (17885, 'emp_number', 15606, 0, 1, 4, 15592), (17886, 'screen', 15606, 0, 1, 5, 15592), (17887, 'PRIMARY', 15607, 3, 1, 3, 15593), (17888, 'emp_number', 15607, 0, 1, 4, 15593), (17889, 'PRIMARY', 15608, 3, 1, 3, 15594), (17890, 'entered_by', 15608, 0, 1, 4, 15594), (17891, 'modified_by', 15608, 0, 1, 5, 15594), (17892, 'PRIMARY', 15609, 3, 1, 3, 15595), (17893, 'PRIMARY', 15610, 3, 1, 3, 15596), (17894, 'PRIMARY', 15611, 3, 1, 3, 15597), (17895, 'PRIMARY', 15612, 3, 1, 3, 15598), (17896, 'PRIMARY', 15613, 3, 1, 3, 15599), (17897, 'work_station', 15613, 0, 1, 4, 15599), (17898, 'ethnic_race_code', 15613, 0, 1, 5, 15599), (17899, 'nation_code', 15613, 0, 1, 6, 15599), (17900, 'job_title_code', 15613, 0, 1, 7, 15599), (17901, 'emp_status', 15613, 0, 1, 8, 15599), (17902, 'eeo_cat_code', 15613, 0, 1, 9, 15599), (17903, 'GEN_CLUST_INDEX', 15614, 1, 0, 3, 15600), (17904, 'PRIMARY', 15615, 3, 1, 3, 15601), (17905, 'employee_id', 15615, 0, 1, 4, 15601), (17906, 'hs_hr_employee_leave_quota_ibfk_1', 15615, 0, 1, 5, 15601), (17907, 'PRIMARY', 15616, 3, 2, 3, 15602), (17908, 'employee_id', 15616, 0, 1, 4, 15602), (17909, 'PRIMARY', 15617, 3, 2, 3, 15603), (17910, 'emp_number', 15617, 0, 1, 4, 15603), (17911, 'PRIMARY', 15618, 3, 1, 3, 15604), (17912, 'rep_name', 15618, 2, 1, 4, 15604), (17913, 'PRIMARY', 15619, 3, 2, 3, 15605), (17914, 'rep_code', 15619, 0, 1, 4, 15605), (17915, 'PRIMARY', 15620, 3, 1, 3, 15606), (17916, 'PRIMARY', 15621, 3, 2, 3, 15607), (17917, 'screen', 15621, 0, 1, 4, 15607), (17918, 'PRIMARY', 15622, 3, 3, 3, 15608), (17919, 'sal_grd_code', 15622, 0, 1, 4, 15608), (17920, 'currency_id', 15622, 0, 1, 5, 15608), (17921, 'payperiod_code', 15622, 0, 1, 6, 15608), (17922, 'PRIMARY', 15623, 3, 1, 3, 15609), (17923, 'PRIMARY', 15624, 3, 2, 3, 15610), (17924, 'PRIMARY', 15625, 3, 2, 3, 15611), (17925, 'PRIMARY', 15626, 3, 2, 3, 15612), (17926, 'PRIMARY', 15627, 3, 2, 3, 15613), (17927, 'emp_number', 15627, 0, 1, 4, 15613), (17928, 'PRIMARY', 15628, 3, 1, 3, 15614), (17929, 'PRIMARY', 15629, 3, 2, 3, 15615), (17930, 'PRIMARY', 15630, 3, 1, 3, 15616), (17931, 'emp_number', 15630, 0, 1, 4, 15616), (17932, 'PRIMARY', 15631, 3, 3, 3, 15617), (17933, 'lang_code', 15631, 0, 1, 4, 15617), (17934, 'PRIMARY', 15632, 3, 2, 3, 15618), (17935, 'licenses_code', 15632, 0, 1, 4, 15618), (17936, 'PRIMARY', 15633, 3, 2, 3, 15619), (17937, 'loc_code', 15633, 0, 1, 4, 15619), (17938, 'PRIMARY', 15634, 3, 1, 3, 15620), (17939, 'emp_number', 15634, 0, 1, 4, 15620), (17940, 'PRIMARY', 15635, 3, 3, 3, 15621), (17941, 'membtype_code', 15635, 0, 1, 4, 15621), (17942, 'membship_code', 15635, 0, 1, 5, 15621), (17943, 'PRIMARY', 15636, 3, 1, 3, 15622), (17944, 'PRIMARY', 15637, 3, 3, 3, 15623), (17945, 'erep_sub_emp_number', 15637, 0, 1, 4, 15623), (17946, 'GEN_CLUST_INDEX', 15638, 1, 0, 3, 15624), (17947, 'emp_number', 15638, 0, 1, 4, 15624), (17948, 'skill_code', 15638, 0, 1, 5, 15624), (17949, 'PRIMARY', 15639, 3, 1, 3, 15625), (17950, 'PRIMARY', 15640, 3, 1, 3, 15626), (17951, 'emp_number', 15640, 0, 1, 4, 15626), (17952, 'PRIMARY', 15641, 3, 1, 3, 15627), (17953, 'PRIMARY', 15642, 3, 2, 3, 15628), (17954, 'PRIMARY', 15643, 3, 1, 3, 15629), (17955, 'PRIMARY', 15644, 3, 1, 3, 15630), (17956, 'altered_module', 15644, 0, 1, 4, 15630), (17957, 'entered_by', 15644, 0, 1, 5, 15630), (17958, 'modified_by', 15644, 0, 1, 6, 15630), (17959, 'GEN_CLUST_INDEX', 15645, 1, 0, 3, 15631), (17960, 'PRIMARY', 15646, 3, 1, 3, 15632), (17961, 'PRIMARY', 15647, 3, 1, 3, 15633), (17962, 'GEN_CLUST_INDEX', 15648, 1, 0, 3, 15634), (17963, 'GEN_CLUST_INDEX', 15649, 1, 0, 3, 15635), (17964, 'holiday_id', 15649, 0, 1, 4, 15635), (17965, 'PRIMARY', 15650, 3, 1, 3, 15636), (17966, 'employee_id', 15650, 0, 1, 4, 15636), (17967, 'PRIMARY', 15651, 3, 1, 3, 15637), (17968, 'employee_id', 15651, 0, 1, 4, 15637), (17969, 'hsp_id', 15651, 0, 1, 5, 15637), (17970, 'PRIMARY', 15652, 3, 1, 3, 15638), (17971, 'PRIMARY', 15653, 3, 1, 3, 15639), (17972, 'PRIMARY', 15654, 3, 2, 3, 15640), (17973, 'estat_code', 15654, 0, 1, 4, 15640), (17974, 'PRIMARY', 15655, 3, 1, 3, 15641), (17975, 'vacancy_id', 15655, 0, 1, 4, 15641), (17976, 'PRIMARY', 15656, 3, 1, 3, 15642), (17977, 'application_id', 15656, 0, 1, 4, 15642), (17978, 'created_by', 15656, 0, 1, 5, 15642), (17979, 'owner', 15656, 0, 1, 6, 15642), (17980, 'PRIMARY', 15657, 3, 1, 3, 15643), (17981, 'PRIMARY', 15658, 3, 1, 3, 15644), (17982, 'sal_grd_code', 15658, 0, 1, 4, 15644), (17983, 'jobspec_id', 15658, 0, 1, 5, 15644), (17984, 'PRIMARY', 15659, 3, 1, 3, 15645), (17985, 'jobtit_code', 15659, 0, 1, 4, 15645), (17986, 'manager_id', 15659, 0, 1, 5, 15645), (17987, 'PRIMARY', 15660, 3, 1, 3, 15646), (17988, 'PRIMARY', 15661, 3, 1, 3, 15647), (17989, 'PRIMARY', 15662, 3, 4, 3, 15648), (17990, 'leave_request_id', 15662, 0, 3, 4, 15648), (17991, 'leave_type_id', 15662, 0, 1, 5, 15648), (17992, 'employee_id', 15662, 0, 1, 6, 15648), (17993, 'PRIMARY', 15663, 3, 1, 3, 15649), (17994, 'PRIMARY', 15664, 3, 1, 3, 15650), (17995, 'PRIMARY', 15665, 3, 3, 3, 15651), (17996, 'employee_id', 15665, 0, 1, 4, 15651), (17997, 'leave_type_id', 15665, 0, 1, 5, 15651), (17998, 'leave_period_id', 15665, 0, 1, 6, 15651), (17999, 'PRIMARY', 15666, 3, 1, 3, 15652), (18000, 'PRIMARY', 15667, 3, 1, 3, 15653), (18001, 'loc_country', 15667, 0, 1, 4, 15653), (18002, 'GEN_CLUST_INDEX', 15668, 1, 0, 3, 15654), (18003, 'user_id', 15668, 0, 1, 4, 15654), (18004, 'notification_type_id', 15668, 0, 1, 5, 15654), (18005, 'PRIMARY', 15669, 3, 1, 3, 15655), (18006, 'membtype_code', 15669, 0, 1, 4, 15655), (18007, 'PRIMARY', 15670, 3, 1, 3, 15656), (18008, 'PRIMARY', 15671, 3, 1, 3, 15657), (18009, 'version', 15671, 0, 1, 4, 15657), (18010, 'PRIMARY', 15672, 3, 1, 3, 15658), (18011, 'PRIMARY', 15673, 3, 1, 3, 15659), (18012, 'PRIMARY', 15674, 3, 1, 3, 15660), (18013, 'PRIMARY', 15675, 3, 1, 3, 15661), (18014, 'PRIMARY', 15676, 3, 1, 3, 15662), (18015, 'PRIMARY', 15677, 3, 2, 3, 15663), (18016, 'customer_id', 15677, 0, 1, 4, 15663), (18017, 'PRIMARY', 15678, 3, 1, 3, 15664), (18018, 'project_id', 15678, 0, 1, 4, 15664), (18019, 'PRIMARY', 15679, 3, 2, 3, 15665), (18020, 'emp_number', 15679, 0, 1, 4, 15665), (18021, 'PRIMARY', 15680, 3, 1, 3, 15666), (18022, 'PRIMARY', 15681, 3, 2, 3, 15667), (18023, 'PRIMARY', 15682, 3, 2, 3, 15668), (18024, 'userg_id', 15682, 0, 1, 4, 15668), (18025, 'PRIMARY', 15683, 3, 1, 3, 15669), (18026, 'PRIMARY', 15684, 3, 3, 3, 15670), (18027, 'employee_id', 15684, 0, 1, 4, 15670), (18028, 'timesheet_period_id', 15684, 0, 1, 5, 15670), (18029, 'PRIMARY', 15685, 3, 1, 3, 15671), (18030, 'PRIMARY', 15686, 3, 4, 3, 15672), (18031, 'project_id', 15686, 0, 1, 4, 15672), (18032, 'activity_id', 15686, 0, 1, 5, 15672), (18033, 'employee_id', 15686, 0, 1, 6, 15672), (18034, 'timesheet_id', 15686, 0, 1, 7, 15672), (18035, 'PRIMARY', 15687, 3, 1, 3, 15673), (18036, 'table_field', 15687, 2, 2, 4, 15673), (18037, 'PRIMARY', 15688, 3, 1, 3, 15674), (18038, 'user_name', 15688, 2, 1, 4, 15674), (18039, 'modified_user_id', 15688, 0, 1, 5, 15674), (18040, 'created_by', 15688, 0, 1, 6, 15674), (18041, 'userg_id', 15688, 0, 1, 7, 15674), (18042, 'emp_number', 15688, 0, 1, 8, 15674), (18043, 'PRIMARY', 15689, 3, 1, 3, 15675), (18044, 'PRIMARY', 15690, 3, 1, 3, 15676), (18045, 'modified_by', 15690, 0, 1, 4, 15676), (18046, 'created_by', 15690, 0, 1, 5, 15676), (18047, 'db_version', 15690, 0, 1, 6, 15676), (18048, 'file_version', 15690, 0, 1, 7, 15676), (18049, 'day', 15691, 3, 1, 3, 15677), (18050, 'PRIMARY', 15692, 3, 1, 3, 15678), (18051, 'PRIMARY', 15693, 3, 2, 3, 15679), (18052, 'currency_id', 15693, 0, 1, 4, 15679), (18053, 'PRIMARY', 15694, 3, 1, 3, 15680), (18054, 'sal_grd_name', 15694, 2, 1, 4, 15680), (18055, 'GEN_CLUST_INDEX', 15695, 1, 0, 3, 15681), (18056, 'GEN_CLUST_INDEX', 15696, 1, 0, 3, 15682), (18057, 'GEN_CLUST_INDEX', 15697, 1, 0, 3, 15683), (18058, 'GEN_CLUST_INDEX', 15698, 1, 0, 3, 15684), (18059, 'PRIMARY', 15699, 3, 1, 3, 15685), (18060, 'PRIMARY', 15700, 3, 1, 3, 15686), (18061, 'PRIMARY', 15701, 3, 1, 3, 15687), (18062, 'PRIMARY', 15702, 3, 1, 3, 15688), (18064, 'PRIMARY', 15704, 3, 1, 3, 15690), (18065, 'PRIMARY', 15705, 3, 1, 3, 15691), (18066, 'PRIMARY', 15706, 3, 1, 3, 15692), (18067, 'PRIMARY', 15707, 3, 1, 3, 15693), (18068, 'PRIMARY', 15708, 3, 1, 3, 15694), (18292, 'PRIMARY', 15937, 3, 1, 3, 15923), (18293, 'PRIMARY', 15938, 3, 1, 3, 15924), (18294, 'PRIMARY', 15939, 3, 1, 3, 15925), (18295, 'PRIMARY', 15940, 3, 1, 3, 15926), (18296, 'PRIMARY', 15941, 3, 1, 3, 15927);


# Dumping structure for table information_schema.INNODB_SYS_TABLES
CREATE TEMPORARY TABLE IF NOT EXISTS `INNODB_SYS_TABLES` (
  `TABLE_ID` bigint(21) unsigned NOT NULL DEFAULT '0',
  `NAME` varchar(655) NOT NULL DEFAULT '',
  `FLAG` int(11) NOT NULL DEFAULT '0',
  `N_COLS` int(11) NOT NULL DEFAULT '0',
  `SPACE` int(11) NOT NULL DEFAULT '0',
  `FILE_FORMAT` varchar(10) DEFAULT NULL,
  `ROW_FORMAT` varchar(12) DEFAULT NULL,
  `ZIP_PAGE_SIZE` int(11) unsigned NOT NULL DEFAULT '0'
) TYPE=MEMORY;

# Dumping data for table information_schema.INNODB_SYS_TABLES: -1 rows
DELETE FROM `INNODB_SYS_TABLES`;
INSERT INTO `INNODB_SYS_TABLES` (`TABLE_ID`, `NAME`, `FLAG`, `N_COLS`, `SPACE`, `FILE_FORMAT`, `ROW_FORMAT`, `ZIP_PAGE_SIZE`) VALUES (14, 'SYS_DATAFILES', 0, 5, 0, 'Antelope', 'Redundant', 0), (11, 'SYS_FOREIGN', 0, 7, 0, 'Antelope', 'Redundant', 0), (12, 'SYS_FOREIGN_COLS', 0, 7, 0, 'Antelope', 'Redundant', 0), (13, 'SYS_TABLESPACES', 0, 6, 0, 'Antelope', 'Redundant', 0), (249, 'biec_application/biec_catalogue_rate_entry', 1, 11, 235, 'Antelope', 'Compact', 0), (873, 'biec_application/biec_compaints_user_sessions', 1, 8, 859, 'Antelope', 'Compact', 0), (874, 'biec_application/biec_complaints_roles', 1, 10, 860, 'Antelope', 'Compact', 0), (875, 'biec_application/biec_complaints_users', 1, 22, 861, 'Antelope', 'Compact', 0), (1787, 'biec_application/biec_currency_master', 1, 11, 1773, 'Antelope', 'Compact', 0), (184, 'biec_application/biec_email_message', 1, 11, 170, 'Antelope', 'Compact', 0), (3140, 'biec_application/biec_event_catalogue_details', 1, 11, 3126, 'Antelope', 'Compact', 0), (14858, 'biec_application/biec_event_catalogue_entry', 1, 54, 14844, 'Antelope', 'Compact', 0), (15941, 'biec_application/biec_event_rate_entry', 1, 14, 15927, 'Antelope', 'Compact', 0), (15938, 'biec_application/biec_event_settings', 1, 26, 15924, 'Antelope', 'Compact', 0), (3143, 'biec_application/biec_events', 1, 14, 3129, 'Antelope', 'Compact', 0), (15937, 'biec_application/biec_exhibition', 1, 55, 15923, 'Antelope', 'Compact', 0), (239, 'biec_application/biec_exhibition_catalogue', 1, 24, 225, 'Antelope', 'Compact', 0), (1114, 'biec_application/biec_exhibition_catalogue_details', 1, 8, 1100, 'Antelope', 'Compact', 0), (2151, 'biec_application/biec_exhibition_catalogue_payment_entry', 1, 35, 2137, 'Antelope', 'Compact', 0), (14917, 'biec_application/biec_exhibition_charges', 1, 48, 14903, 'Antelope', 'Compact', 0), (3269, 'biec_application/biec_exhibition_conversion_rate', 1, 16, 3255, 'Antelope', 'Compact', 0), (1761, 'biec_application/biec_exhibition_description', 1, 9, 1747, 'Antelope', 'Compact', 0), (14427, 'biec_application/biec_exhibition_logo', 1, 13, 14413, 'Antelope', 'Compact', 0), (246, 'biec_application/biec_exhibition_misc_entries', 1, 19, 232, 'Antelope', 'Compact', 0), (247, 'biec_application/biec_exhibition_security', 1, 25, 233, 'Antelope', 'Compact', 0), (14916, 'biec_application/biec_exhibition_space_rent', 1, 157, 14902, 'Antelope', 'Compact', 0), (15705, 'biec_application/biec_exhibition_sponsorship_data_entry', 1, 45, 15691, 'Antelope', 'Compact', 0), (1118, 'biec_application/biec_exhibition_sponsorship_details', 1, 11, 1104, 'Antelope', 'Compact', 0), (2027, 'biec_application/biec_exhibition_sponsorship_payment_entry', 1, 31, 2013, 'Antelope', 'Compact', 0), (1071, 'biec_application/biec_exhibition_sponsorship_rate_entry', 1, 11, 1057, 'Antelope', 'Compact', 0), (14426, 'biec_application/biec_exhibition_starting_no', 1, 25, 14412, 'Antelope', 'Compact', 0), (2111, 'biec_application/biec_exhibition_workshop_details', 1, 8, 2097, 'Antelope', 'Compact', 0), (2480, 'biec_application/biec_exhibition_workshop_payment_entry', 1, 35, 2466, 'Antelope', 'Compact', 0), (15707, 'biec_application/biec_exhibitor', 1, 325, 15693, 'Antelope', 'Compact', 0), (788, 'biec_application/biec_exhibitor_billing_address', 1, 22, 774, 'Antelope', 'Compact', 0), (256, 'biec_application/biec_exhibitor_misc_payment_data', 1, 20, 242, 'Antelope', 'Compact', 0), (1757, 'biec_application/biec_exhibitor_old', 1, 305, 1743, 'Antelope', 'Compact', 0), (793, 'biec_application/biec_exhibitor_payment_schedule', 1, 11, 779, 'Antelope', 'Compact', 0), (1001, 'biec_application/biec_exhibitor_product', 1, 19, 987, 'Antelope', 'Compact', 0), (1082, 'biec_application/biec_exhibitor_refund', 1, 20, 1068, 'Antelope', 'Compact', 0), (2044, 'biec_application/biec_exhibitors_entry', 1, 21, 2030, 'Antelope', 'Compact', 0), (15706, 'biec_application/biec_exibition_catalouge_data_entry', 1, 56, 15692, 'Antelope', 'Compact', 0), (2485, 'biec_application/biec_exibition_workshop_data_entry', 1, 54, 2471, 'Antelope', 'Compact', 0), (2168, 'biec_application/biec_exibitor_allocation', 1, 131, 2154, 'Antelope', 'Compact', 0), (750, 'biec_application/biec_financial_invoice', 1, 9, 736, 'Antelope', 'Compact', 0), (208, 'biec_application/biec_firms', 1, 23, 194, 'Antelope', 'Compact', 0), (805, 'biec_application/biec_graph_invoices', 1, 7, 791, 'Antelope', 'Compact', 0), (209, 'biec_application/biec_indirect_exhibitor_product', 1, 20, 195, 'Antelope', 'Compact', 0), (794, 'biec_application/biec_master_bank_name', 1, 5, 780, 'Antelope', 'Compact', 0), (955, 'biec_application/biec_master_halls', 1, 10, 941, 'Antelope', 'Compact', 0), (1492, 'biec_application/biec_master_mem_category', 1, 14, 1478, 'Antelope', 'Compact', 0), (213, 'biec_application/biec_master_prod_category', 1, 6, 199, 'Antelope', 'Compact', 0), (212, 'biec_application/biec_master_products', 1, 7, 198, 'Antelope', 'Compact', 0), (214, 'biec_application/biec_master_signature_logo', 1, 10, 200, 'Antelope', 'Compact', 0), (795, 'biec_application/biec_master_state_list', 1, 5, 781, 'Antelope', 'Compact', 0), (215, 'biec_application/biec_master_status', 1, 9, 201, 'Antelope', 'Compact', 0), (2182, 'biec_application/biec_master_tax', 1, 15, 2168, 'Antelope', 'Compact', 0), (14428, 'biec_application/biec_members', 1, 100, 14414, 'Antelope', 'Compact', 0), (757, 'biec_application/biec_members_activity', 1, 11, 743, 'Antelope', 'Compact', 0), (2125, 'biec_application/biec_members_address', 1, 23, 2111, 'Antelope', 'Compact', 0), (220, 'biec_application/biec_members_collaboration', 1, 9, 206, 'Antelope', 'Compact', 0), (221, 'biec_application/biec_members_documents', 1, 8, 207, 'Antelope', 'Compact', 0), (658, 'biec_application/biec_members_executive_council', 1, 10, 644, 'Antelope', 'Compact', 0), (223, 'biec_application/biec_members_foreign_collaboration', 1, 11, 209, 'Antelope', 'Compact', 0), (2491, 'biec_application/biec_members_imtma_activities', 1, 13, 2477, 'Antelope', 'Compact', 0), (224, 'biec_application/biec_members_imtma_activities_backup', 1, 8, 210, 'Antelope', 'Compact', 0), (3094, 'biec_application/biec_members_imtma_secretariat_visit_list', 1, 16, 3080, 'Antelope', 'Compact', 0), (2430, 'biec_application/biec_members_information_directory', 1, 49, 2416, 'Antelope', 'Compact', 0), (1658, 'biec_application/biec_members_information_directory_address', 1, 20, 1644, 'Antelope', 'Compact', 0), (14913, 'biec_application/biec_members_invoice', 1, 22, 14899, 'Antelope', 'Compact', 0), (227, 'biec_application/biec_members_invoice_arrears', 1, 9, 213, 'Antelope', 'Compact', 0), (228, 'biec_application/biec_members_production_data', 1, 8, 214, 'Antelope', 'Compact', 0), (229, 'biec_application/biec_members_proposer_entries', 1, 8, 215, 'Antelope', 'Compact', 0), (669, 'biec_application/biec_members_ref_documents', 1, 8, 655, 'Antelope', 'Compact', 0), (262, 'biec_application/biec_misc_exhibitor_refund', 1, 11, 248, 'Antelope', 'Compact', 0), (1156, 'biec_application/biec_miscellaneous_data_details', 1, 8, 1142, 'Antelope', 'Compact', 0), (15704, 'biec_application/biec_miscellaneous_data_entry', 1, 48, 15690, 'Antelope', 'Compact', 0), (3099, 'biec_application/biec_miscellaneous_payment_entry', 1, 32, 3085, 'Antelope', 'Compact', 0), (1159, 'biec_application/biec_miscellaneous_rate_entry', 1, 9, 1145, 'Antelope', 'Compact', 0), (2396, 'biec_application/biec_mmi_magazine_catalogue_details', 1, 11, 2382, 'Antelope', 'Compact', 0), (14871, 'biec_application/biec_mmi_magazine_catalogue_entry', 1, 49, 14857, 'Antelope', 'Compact', 0), (2402, 'biec_application/biec_mmi_magazine_catalogue_payment_entry', 1, 36, 2388, 'Antelope', 'Compact', 0), (2390, 'biec_application/biec_mmi_magazines', 1, 14, 2376, 'Antelope', 'Compact', 0), (14870, 'biec_application/biec_mmi_magazines_settings', 1, 11, 14856, 'Antelope', 'Compact', 0), (2405, 'biec_application/biec_mmi_rate_entry', 1, 13, 2391, 'Antelope', 'Compact', 0), (231, 'biec_application/biec_roles', 1, 10, 217, 'Antelope', 'Compact', 0), (3093, 'biec_application/biec_secretariat_visitors', 1, 12, 3079, 'Antelope', 'Compact', 0), (3091, 'biec_application/biec_secretariat_visitors_target', 1, 7, 3077, 'Antelope', 'Compact', 0), (263, 'biec_application/biec_user_sessions', 1, 8, 249, 'Antelope', 'Compact', 0), (265, 'biec_application/biec_users', 1, 21, 251, 'Antelope', 'Compact', 0), (2105, 'biec_application/biec_workshop_rate_entry', 1, 11, 2091, 'Antelope', 'Compact', 0), (887, 'biec_application/complaint_attachements', 1, 14, 873, 'Antelope', 'Compact', 0), (876, 'biec_application/complaint_categories', 1, 13, 862, 'Antelope', 'Compact', 0), (6741, 'biec_application/email_processing', 1, 14, 6727, 'Antelope', 'Compact', 0), (6744, 'biec_application/email_templates', 1, 16, 6730, 'Antelope', 'Compact', 0), (888, 'biec_application/exhibition_complaints', 1, 16, 874, 'Antelope', 'Compact', 0), (2468, 'biec_application/imtma_login_log', 1, 7, 2454, 'Antelope', 'Compact', 0), (2471, 'biec_application/imtma_test', 1, 4, 2457, 'Antelope', 'Compact', 0), (879, 'biec_application/master_complaint_module_items', 1, 7, 865, 'Antelope', 'Compact', 0), (878, 'biec_application/master_complaint_modules', 1, 5, 864, 'Antelope', 'Compact', 0), (880, 'biec_application/master_halls', 1, 10, 866, 'Antelope', 'Compact', 0), (1791, 'biec_application/master_module_items', 1, 7, 1777, 'Antelope', 'Compact', 0), (1794, 'biec_application/master_modules', 1, 5, 1780, 'Antelope', 'Compact', 0), (562, 'biec_application/master_states', 1, 6, 548, 'Antelope', 'Compact', 0), (236, 'biec_application/reg_office_address', 1, 11, 222, 'Antelope', 'Compact', 0), (1530, 'biec_application/temp_exhibitor_19_07_2016', 1, 9, 1516, 'Antelope', 'Compact', 0), (2285, 'biec_application/temp_final_invoice_process', 1, 86, 2271, 'Antelope', 'Compact', 0), (857, 'biec_application/temp_join_date', 1, 7, 843, 'Antelope', 'Compact', 0), (1493, 'biec_application/temp_mem_category', 1, 9, 1479, 'Antelope', 'Compact', 0), (2162, 'biec_application/temp_payment_process', 1, 30, 2148, 'Antelope', 'Compact', 0), (821, 'biec_application/temp_representatives', 1, 17, 807, 'Antelope', 'Compact', 0), (2289, 'biec_application/temp_repush_payment_receipt', 1, 9, 2275, 'Antelope', 'Compact', 0), (2416, 'biec_application/xxx_payment_journal', 1, 25, 2402, 'Antelope', 'Compact', 0), (1922, 'biec_application/xxx_update_member_category', 1, 6, 1908, 'Antelope', 'Compact', 0), (1311, 'biec_application_staging/biec_catalogue_rate_entry', 1, 11, 1297, 'Antelope', 'Compact', 0), (1312, 'biec_application_staging/biec_compaints_user_sessions', 1, 8, 1298, 'Antelope', 'Compact', 0), (1313, 'biec_application_staging/biec_complaints_roles', 1, 10, 1299, 'Antelope', 'Compact', 0), (1314, 'biec_application_staging/biec_complaints_users', 1, 22, 1300, 'Antelope', 'Compact', 0), (1788, 'biec_application_staging/biec_currency_master', 1, 11, 1774, 'Antelope', 'Compact', 0), (1316, 'biec_application_staging/biec_email_message', 1, 11, 1302, 'Antelope', 'Compact', 0), (1503, 'biec_application_staging/biec_exhibition', 1, 43, 1489, 'Antelope', 'Compact', 0), (1318, 'biec_application_staging/biec_exhibition_catalogue', 1, 24, 1304, 'Antelope', 'Compact', 0), (1319, 'biec_application_staging/biec_exhibition_catalogue_details', 1, 8, 1305, 'Antelope', 'Compact', 0), (2021, 'biec_application_staging/biec_exhibition_catalogue_payment_entry', 1, 31, 2007, 'Antelope', 'Compact', 0), (1321, 'biec_application_staging/biec_exhibition_charges', 1, 38, 1307, 'Antelope', 'Compact', 0), (1322, 'biec_application_staging/biec_exhibition_conversion_rate', 1, 13, 1308, 'Antelope', 'Compact', 0), (1762, 'biec_application_staging/biec_exhibition_description', 1, 9, 1748, 'Antelope', 'Compact', 0), (1324, 'biec_application_staging/biec_exhibition_logo', 1, 10, 1310, 'Antelope', 'Compact', 0), (1325, 'biec_application_staging/biec_exhibition_misc_entries', 1, 19, 1311, 'Antelope', 'Compact', 0), (1326, 'biec_application_staging/biec_exhibition_security', 1, 25, 1312, 'Antelope', 'Compact', 0), (1507, 'biec_application_staging/biec_exhibition_space_rent', 1, 79, 1493, 'Antelope', 'Compact', 0), (1803, 'biec_application_staging/biec_exhibition_sponsorship_data_entry', 1, 38, 1789, 'Antelope', 'Compact', 0), (1329, 'biec_application_staging/biec_exhibition_sponsorship_details', 1, 11, 1315, 'Antelope', 'Compact', 0), (2026, 'biec_application_staging/biec_exhibition_sponsorship_payment_entry', 1, 31, 2012, 'Antelope', 'Compact', 0), (1331, 'biec_application_staging/biec_exhibition_sponsorship_rate_entry', 1, 11, 1317, 'Antelope', 'Compact', 0), (2049, 'biec_application_staging/biec_exhibition_starting_no', 1, 19, 2035, 'Antelope', 'Compact', 0), (2099, 'biec_application_staging/biec_exhibition_workshop_details', 1, 8, 2085, 'Antelope', 'Compact', 0), (2483, 'biec_application_staging/biec_exhibition_workshop_payment_entry', 1, 34, 2469, 'Antelope', 'Compact', 0), (15708, 'biec_application_staging/biec_exhibitor', 1, 305, 15694, 'Antelope', 'Compact', 0), (1335, 'biec_application_staging/biec_exhibitor_billing_address', 1, 22, 1321, 'Antelope', 'Compact', 0), (1336, 'biec_application_staging/biec_exhibitor_misc_payment_data', 1, 20, 1322, 'Antelope', 'Compact', 0), (1337, 'biec_application_staging/biec_exhibitor_payment', 1, 31, 1323, 'Antelope', 'Compact', 0), (1338, 'biec_application_staging/biec_exhibitor_payment_schedule', 1, 11, 1324, 'Antelope', 'Compact', 0), (1339, 'biec_application_staging/biec_exhibitor_product', 1, 19, 1325, 'Antelope', 'Compact', 0), (1340, 'biec_application_staging/biec_exhibitor_refund', 1, 20, 1326, 'Antelope', 'Compact', 0), (2047, 'biec_application_staging/biec_exhibitors_entry', 1, 21, 2033, 'Antelope', 'Compact', 0), (1804, 'biec_application_staging/biec_exibition_catalouge_data_entry', 1, 46, 1790, 'Antelope', 'Compact', 0), (2096, 'biec_application_staging/biec_exibition_workshop_data_entry', 1, 47, 2082, 'Antelope', 'Compact', 0), (1342, 'biec_application_staging/biec_exibitor_allocation', 1, 125, 1328, 'Antelope', 'Compact', 0), (1343, 'biec_application_staging/biec_financial_invoice', 1, 9, 1329, 'Antelope', 'Compact', 0), (1344, 'biec_application_staging/biec_firms', 1, 23, 1330, 'Antelope', 'Compact', 0), (1345, 'biec_application_staging/biec_graph_invoices', 1, 7, 1331, 'Antelope', 'Compact', 0), (1346, 'biec_application_staging/biec_indirect_exhibitor_product', 1, 20, 1332, 'Antelope', 'Compact', 0), (1347, 'biec_application_staging/biec_master_bank_name', 1, 5, 1333, 'Antelope', 'Compact', 0), (1348, 'biec_application_staging/biec_master_halls', 1, 10, 1334, 'Antelope', 'Compact', 0), (1489, 'biec_application_staging/biec_master_mem_category', 1, 14, 1475, 'Antelope', 'Compact', 0), (1351, 'biec_application_staging/biec_master_prod_category', 1, 6, 1337, 'Antelope', 'Compact', 0), (1350, 'biec_application_staging/biec_master_products', 1, 7, 1336, 'Antelope', 'Compact', 0), (1352, 'biec_application_staging/biec_master_signature_logo', 1, 10, 1338, 'Antelope', 'Compact', 0), (1353, 'biec_application_staging/biec_master_state_list', 1, 5, 1339, 'Antelope', 'Compact', 0), (1354, 'biec_application_staging/biec_master_status', 1, 9, 1340, 'Antelope', 'Compact', 0), (1355, 'biec_application_staging/biec_master_tax', 1, 12, 1341, 'Antelope', 'Compact', 0), (1641, 'biec_application_staging/biec_members', 1, 94, 1627, 'Antelope', 'Compact', 0), (1357, 'biec_application_staging/biec_members_activity', 1, 11, 1343, 'Antelope', 'Compact', 0), (1358, 'biec_application_staging/biec_members_address', 1, 21, 1344, 'Antelope', 'Compact', 0), (1359, 'biec_application_staging/biec_members_collaboration', 1, 9, 1345, 'Antelope', 'Compact', 0), (1360, 'biec_application_staging/biec_members_documents', 1, 8, 1346, 'Antelope', 'Compact', 0), (1361, 'biec_application_staging/biec_members_executive_council', 1, 10, 1347, 'Antelope', 'Compact', 0), (1362, 'biec_application_staging/biec_members_foreign_collaboration', 1, 11, 1348, 'Antelope', 'Compact', 0), (1363, 'biec_application_staging/biec_members_imtma_activities', 1, 8, 1349, 'Antelope', 'Compact', 0), (1364, 'biec_application_staging/biec_members_imtma_secretariat_visit_list', 1, 9, 1350, 'Antelope', 'Compact', 0), (1365, 'biec_application_staging/biec_members_invoice', 1, 17, 1351, 'Antelope', 'Compact', 0), (1366, 'biec_application_staging/biec_members_invoice_arrears', 1, 9, 1352, 'Antelope', 'Compact', 0), (1367, 'biec_application_staging/biec_members_production_data', 1, 8, 1353, 'Antelope', 'Compact', 0), (1368, 'biec_application_staging/biec_members_proposer_entries', 1, 8, 1354, 'Antelope', 'Compact', 0), (1369, 'biec_application_staging/biec_members_ref_documents', 1, 8, 1355, 'Antelope', 'Compact', 0), (1374, 'biec_application_staging/biec_misc_exhibitor_refund', 1, 11, 1360, 'Antelope', 'Compact', 0), (1370, 'biec_application_staging/biec_miscellaneous_data_details', 1, 8, 1356, 'Antelope', 'Compact', 0), (1812, 'biec_application_staging/biec_miscellaneous_data_entry', 1, 39, 1798, 'Antelope', 'Compact', 0), (3101, 'biec_application_staging/biec_miscellaneous_payment_entry', 1, 28, 3087, 'Antelope', 'Compact', 0), (1373, 'biec_application_staging/biec_miscellaneous_rate_entry', 1, 9, 1359, 'Antelope', 'Compact', 0), (1375, 'biec_application_staging/biec_roles', 1, 10, 1361, 'Antelope', 'Compact', 0), (1377, 'biec_application_staging/biec_user_sessions', 1, 8, 1363, 'Antelope', 'Compact', 0), (1376, 'biec_application_staging/biec_users', 1, 21, 1362, 'Antelope', 'Compact', 0), (2093, 'biec_application_staging/biec_workshop_rate_entry', 1, 11, 2079, 'Antelope', 'Compact', 0), (1378, 'biec_application_staging/complaint_attachements', 1, 14, 1364, 'Antelope', 'Compact', 0), (1379, 'biec_application_staging/complaint_categories', 1, 13, 1365, 'Antelope', 'Compact', 0), (1380, 'biec_application_staging/exhibition_complaints', 1, 16, 1366, 'Antelope', 'Compact', 0), (1382, 'biec_application_staging/master_complaint_module_items', 1, 7, 1368, 'Antelope', 'Compact', 0), (1381, 'biec_application_staging/master_complaint_modules', 1, 5, 1367, 'Antelope', 'Compact', 0), (1383, 'biec_application_staging/master_halls', 1, 10, 1369, 'Antelope', 'Compact', 0), (1800, 'biec_application_staging/master_module_items', 1, 7, 1786, 'Antelope', 'Compact', 0), (1797, 'biec_application_staging/master_modules', 1, 5, 1783, 'Antelope', 'Compact', 0), (1386, 'biec_application_staging/master_states', 1, 6, 1372, 'Antelope', 'Compact', 0), (1387, 'biec_application_staging/reg_office_address', 1, 11, 1373, 'Antelope', 'Compact', 0), (1388, 'biec_application_staging/temp_join_date', 1, 7, 1374, 'Antelope', 'Compact', 0), (1485, 'biec_application_staging/temp_mem_category', 1, 9, 1471, 'Antelope', 'Compact', 0), (1389, 'biec_application_staging/temp_representatives', 1, 17, 1375, 'Antelope', 'Compact', 0), (758, 'biec_billing/billing_roles', 1, 11, 744, 'Antelope', 'Compact', 0), (8814, 'biec_billing/billing_shows', 1, 92, 8800, 'Antelope', 'Compact', 0), (2466, 'biec_billing/billing_shows_additional_facilities', 1, 11, 2452, 'Antelope', 'Compact', 0), (761, 'biec_billing/billing_shows_conference_center', 1, 9, 747, 'Antelope', 'Compact', 0), (762, 'biec_billing/billing_shows_deffer_payment_tracking', 1, 7, 748, 'Antelope', 'Compact', 0), (982, 'biec_billing/billing_shows_hall_details', 1, 16, 968, 'Antelope', 'Compact', 0);
INSERT INTO `INNODB_SYS_TABLES` (`TABLE_ID`, `NAME`, `FLAG`, `N_COLS`, `SPACE`, `FILE_FORMAT`, `ROW_FORMAT`, `ZIP_PAGE_SIZE`) VALUES (1035, 'biec_billing/billing_shows_miscellaneous', 1, 8, 1021, 'Antelope', 'Compact', 0), (802, 'biec_billing/billing_shows_number', 1, 8, 788, 'Antelope', 'Compact', 0), (804, 'biec_billing/billing_shows_open_area', 1, 15, 790, 'Antelope', 'Compact', 0), (2180, 'biec_billing/billing_shows_payment_receipt', 1, 31, 2166, 'Antelope', 'Compact', 0), (766, 'biec_billing/billing_shows_payment_tracking', 1, 9, 752, 'Antelope', 'Compact', 0), (983, 'biec_billing/billing_shows_reduce_space', 1, 16, 969, 'Antelope', 'Compact', 0), (868, 'biec_billing/billing_shows_signage', 1, 12, 854, 'Antelope', 'Compact', 0), (768, 'biec_billing/billing_shows_utilities_serivices', 1, 11, 754, 'Antelope', 'Compact', 0), (770, 'biec_billing/login_sessions', 1, 7, 756, 'Antelope', 'Compact', 0), (769, 'biec_billing/logins', 1, 12, 755, 'Antelope', 'Compact', 0), (1183, 'biec_billing/master_accounts', 1, 6, 1169, 'Antelope', 'Compact', 0), (771, 'biec_billing/master_bank_name', 1, 5, 757, 'Antelope', 'Compact', 0), (1176, 'biec_billing/master_conference_center', 1, 14, 1162, 'Antelope', 'Compact', 0), (1180, 'biec_billing/master_hall_additional_facilities', 1, 15, 1166, 'Antelope', 'Compact', 0), (1174, 'biec_billing/master_halls', 1, 17, 1160, 'Antelope', 'Compact', 0), (776, 'biec_billing/master_module_items', 1, 7, 762, 'Antelope', 'Compact', 0), (775, 'biec_billing/master_modules', 1, 5, 761, 'Antelope', 'Compact', 0), (1175, 'biec_billing/master_open_area', 1, 14, 1161, 'Antelope', 'Compact', 0), (1178, 'biec_billing/master_signage', 1, 11, 1164, 'Antelope', 'Compact', 0), (1179, 'biec_billing/master_signage_charges', 1, 16, 1165, 'Antelope', 'Compact', 0), (780, 'biec_billing/master_states', 1, 6, 766, 'Antelope', 'Compact', 0), (2117, 'biec_billing/master_tax', 1, 19, 2103, 'Antelope', 'Compact', 0), (1177, 'biec_billing/master_utilities_services', 1, 14, 1163, 'Antelope', 'Compact', 0), (783, 'biec_billing/users', 1, 18, 769, 'Antelope', 'Compact', 0), (1455, 'biec_billing_staging/billing_roles', 1, 11, 1441, 'Antelope', 'Compact', 0), (1456, 'biec_billing_staging/billing_shows', 1, 80, 1442, 'Antelope', 'Compact', 0), (1457, 'biec_billing_staging/billing_shows_additional_facilities', 1, 10, 1443, 'Antelope', 'Compact', 0), (1458, 'biec_billing_staging/billing_shows_conference_center', 1, 9, 1444, 'Antelope', 'Compact', 0), (1459, 'biec_billing_staging/billing_shows_deffer_payment_tracking', 1, 7, 1445, 'Antelope', 'Compact', 0), (1460, 'biec_billing_staging/billing_shows_hall_details', 1, 16, 1446, 'Antelope', 'Compact', 0), (1461, 'biec_billing_staging/billing_shows_miscellaneous', 1, 8, 1447, 'Antelope', 'Compact', 0), (1462, 'biec_billing_staging/billing_shows_number', 1, 8, 1448, 'Antelope', 'Compact', 0), (1463, 'biec_billing_staging/billing_shows_open_area', 1, 15, 1449, 'Antelope', 'Compact', 0), (2181, 'biec_billing_staging/billing_shows_payment_receipt', 1, 31, 2167, 'Antelope', 'Compact', 0), (1465, 'biec_billing_staging/billing_shows_payment_tracking', 1, 9, 1451, 'Antelope', 'Compact', 0), (1466, 'biec_billing_staging/billing_shows_reduce_space', 1, 16, 1452, 'Antelope', 'Compact', 0), (1467, 'biec_billing_staging/billing_shows_signage', 1, 12, 1453, 'Antelope', 'Compact', 0), (1468, 'biec_billing_staging/billing_shows_utilities_serivices', 1, 11, 1454, 'Antelope', 'Compact', 0), (1470, 'biec_billing_staging/login_sessions', 1, 7, 1456, 'Antelope', 'Compact', 0), (1469, 'biec_billing_staging/logins', 1, 12, 1455, 'Antelope', 'Compact', 0), (1471, 'biec_billing_staging/master_accounts', 1, 6, 1457, 'Antelope', 'Compact', 0), (1472, 'biec_billing_staging/master_bank_name', 1, 5, 1458, 'Antelope', 'Compact', 0), (1473, 'biec_billing_staging/master_conference_center', 1, 14, 1459, 'Antelope', 'Compact', 0), (1475, 'biec_billing_staging/master_hall_additional_facilities', 1, 15, 1461, 'Antelope', 'Compact', 0), (1474, 'biec_billing_staging/master_halls', 1, 17, 1460, 'Antelope', 'Compact', 0), (1477, 'biec_billing_staging/master_module_items', 1, 7, 1463, 'Antelope', 'Compact', 0), (1476, 'biec_billing_staging/master_modules', 1, 5, 1462, 'Antelope', 'Compact', 0), (1478, 'biec_billing_staging/master_open_area', 1, 14, 1464, 'Antelope', 'Compact', 0), (1479, 'biec_billing_staging/master_signage', 1, 11, 1465, 'Antelope', 'Compact', 0), (1480, 'biec_billing_staging/master_signage_charges', 1, 16, 1466, 'Antelope', 'Compact', 0), (1481, 'biec_billing_staging/master_states', 1, 6, 1467, 'Antelope', 'Compact', 0), (1482, 'biec_billing_staging/master_tax', 1, 16, 1468, 'Antelope', 'Compact', 0), (1483, 'biec_billing_staging/master_utilities_services', 1, 14, 1469, 'Antelope', 'Compact', 0), (1484, 'biec_billing_staging/users', 1, 18, 1470, 'Antelope', 'Compact', 0), (1443, 'biec_customers/cities', 1, 7, 1429, 'Antelope', 'Compact', 0), (1526, 'biec_customers/customers', 1, 40, 1512, 'Antelope', 'Compact', 0), (1445, 'biec_customers/import_customer_data', 1, 32, 1431, 'Antelope', 'Compact', 0), (1446, 'biec_customers/master_country', 1, 7, 1432, 'Antelope', 'Compact', 0), (1447, 'biec_customers/master_state_list', 1, 5, 1433, 'Antelope', 'Compact', 0), (2408, 'biec_customers/master_vendors', 1, 31, 2394, 'Antelope', 'Compact', 0), (2412, 'biec_customers/master_vendors_address', 1, 24, 2398, 'Antelope', 'Compact', 0), (1652, 'biec_customers/new_code_update', 1, 9, 1638, 'Antelope', 'Compact', 0), (1448, 'biec_customers/states', 1, 6, 1434, 'Antelope', 'Compact', 0), (1449, 'biec_customers_staging/cities', 1, 7, 1435, 'Antelope', 'Compact', 0), (1450, 'biec_customers_staging/customers', 1, 39, 1436, 'Antelope', 'Compact', 0), (1451, 'biec_customers_staging/import_customer_data', 1, 32, 1437, 'Antelope', 'Compact', 0), (1452, 'biec_customers_staging/master_country', 1, 7, 1438, 'Antelope', 'Compact', 0), (1453, 'biec_customers_staging/master_state_list', 1, 5, 1439, 'Antelope', 'Compact', 0), (1454, 'biec_customers_staging/states', 1, 6, 1440, 'Antelope', 'Compact', 0), (898, 'biec_dmtx/biec_catalogue_rate_entry', 1, 11, 884, 'Antelope', 'Compact', 0), (899, 'biec_dmtx/biec_currency_master', 1, 7, 885, 'Antelope', 'Compact', 0), (900, 'biec_dmtx/biec_email_message', 1, 11, 886, 'Antelope', 'Compact', 0), (15939, 'biec_dmtx/biec_exhibition', 1, 54, 15925, 'Antelope', 'Compact', 0), (2506, 'biec_dmtx/biec_exhibition_ame_space_rent', 1, 34, 2492, 'Antelope', 'Compact', 0), (902, 'biec_dmtx/biec_exhibition_catalogue', 1, 24, 888, 'Antelope', 'Compact', 0), (1121, 'biec_dmtx/biec_exhibition_catalogue_details', 1, 8, 1107, 'Antelope', 'Compact', 0), (2146, 'biec_dmtx/biec_exhibition_catalogue_payment_entry', 1, 35, 2132, 'Antelope', 'Compact', 0), (2440, 'biec_dmtx/biec_exhibition_charges', 1, 47, 2426, 'Antelope', 'Compact', 0), (3268, 'biec_dmtx/biec_exhibition_conversion_rate', 1, 16, 3254, 'Antelope', 'Compact', 0), (1763, 'biec_dmtx/biec_exhibition_description', 1, 9, 1749, 'Antelope', 'Compact', 0), (2509, 'biec_dmtx/biec_exhibition_industry_space_rent', 1, 34, 2495, 'Antelope', 'Compact', 0), (2425, 'biec_dmtx/biec_exhibition_logo', 1, 12, 2411, 'Antelope', 'Compact', 0), (2503, 'biec_dmtx/biec_exhibition_main_space_rent', 1, 22, 2489, 'Antelope', 'Compact', 0), (908, 'biec_dmtx/biec_exhibition_misc_entries', 1, 19, 894, 'Antelope', 'Compact', 0), (909, 'biec_dmtx/biec_exhibition_security', 1, 25, 895, 'Antelope', 'Compact', 0), (2477, 'biec_dmtx/biec_exhibition_space_rent', 1, 77, 2463, 'Antelope', 'Compact', 0), (2463, 'biec_dmtx/biec_exhibition_sponsorship_data_entry', 1, 43, 2449, 'Antelope', 'Compact', 0), (1123, 'biec_dmtx/biec_exhibition_sponsorship_details', 1, 11, 1109, 'Antelope', 'Compact', 0), (2025, 'biec_dmtx/biec_exhibition_sponsorship_payment_entry', 1, 31, 2011, 'Antelope', 'Compact', 0), (1072, 'biec_dmtx/biec_exhibition_sponsorship_rate_entry', 1, 11, 1058, 'Antelope', 'Compact', 0), (2426, 'biec_dmtx/biec_exhibition_starting_no', 1, 23, 2412, 'Antelope', 'Compact', 0), (2075, 'biec_dmtx/biec_exhibition_workshop_details', 1, 8, 2061, 'Antelope', 'Compact', 0), (2481, 'biec_dmtx/biec_exhibition_workshop_payment_entry', 1, 35, 2467, 'Antelope', 'Compact', 0), (15940, 'biec_dmtx/biec_exhibitor', 1, 327, 15926, 'Antelope', 'Compact', 0), (951, 'biec_dmtx/biec_exhibitor_billing_address', 1, 22, 937, 'Antelope', 'Compact', 0), (918, 'biec_dmtx/biec_exhibitor_misc_payment_data', 1, 20, 904, 'Antelope', 'Compact', 0), (2149, 'biec_dmtx/biec_exhibitor_payment', 1, 35, 2135, 'Antelope', 'Compact', 0), (920, 'biec_dmtx/biec_exhibitor_payment_schedule', 1, 11, 906, 'Antelope', 'Compact', 0), (1000, 'biec_dmtx/biec_exhibitor_product', 1, 19, 986, 'Antelope', 'Compact', 0), (1083, 'biec_dmtx/biec_exhibitor_refund', 1, 20, 1069, 'Antelope', 'Compact', 0), (2041, 'biec_dmtx/biec_exhibitors_entry', 1, 21, 2027, 'Antelope', 'Compact', 0), (2464, 'biec_dmtx/biec_exibition_catalouge_data_entry', 1, 54, 2450, 'Antelope', 'Compact', 0), (2474, 'biec_dmtx/biec_exibition_workshop_data_entry', 1, 52, 2460, 'Antelope', 'Compact', 0), (2130, 'biec_dmtx/biec_exibitor_allocation', 1, 133, 2116, 'Antelope', 'Compact', 0), (925, 'biec_dmtx/biec_financial_invoice', 1, 9, 911, 'Antelope', 'Compact', 0), (926, 'biec_dmtx/biec_firms', 1, 23, 912, 'Antelope', 'Compact', 0), (927, 'biec_dmtx/biec_graph_invoices', 1, 7, 913, 'Antelope', 'Compact', 0), (928, 'biec_dmtx/biec_indirect_exhibitor_product', 1, 20, 914, 'Antelope', 'Compact', 0), (929, 'biec_dmtx/biec_master_bank_name', 1, 5, 915, 'Antelope', 'Compact', 0), (930, 'biec_dmtx/biec_master_halls', 1, 10, 916, 'Antelope', 'Compact', 0), (932, 'biec_dmtx/biec_master_prod_category', 1, 6, 918, 'Antelope', 'Compact', 0), (931, 'biec_dmtx/biec_master_products', 1, 7, 917, 'Antelope', 'Compact', 0), (933, 'biec_dmtx/biec_master_signature_logo', 1, 10, 919, 'Antelope', 'Compact', 0), (934, 'biec_dmtx/biec_master_state_list', 1, 5, 920, 'Antelope', 'Compact', 0), (935, 'biec_dmtx/biec_master_tax', 1, 12, 921, 'Antelope', 'Compact', 0), (936, 'biec_dmtx/biec_misc_exhibitor_refund', 1, 11, 922, 'Antelope', 'Compact', 0), (1161, 'biec_dmtx/biec_miscellaneous_data_details', 1, 8, 1147, 'Antelope', 'Compact', 0), (2465, 'biec_dmtx/biec_miscellaneous_data_entry', 1, 46, 2451, 'Antelope', 'Compact', 0), (3098, 'biec_dmtx/biec_miscellaneous_payment_entry', 1, 32, 3084, 'Antelope', 'Compact', 0), (1164, 'biec_dmtx/biec_miscellaneous_rate_entry', 1, 9, 1150, 'Antelope', 'Compact', 0), (937, 'biec_dmtx/biec_roles', 1, 10, 923, 'Antelope', 'Compact', 0), (939, 'biec_dmtx/biec_user_sessions', 1, 8, 925, 'Antelope', 'Compact', 0), (938, 'biec_dmtx/biec_users', 1, 21, 924, 'Antelope', 'Compact', 0), (2069, 'biec_dmtx/biec_workshop_rate_entry', 1, 11, 2055, 'Antelope', 'Compact', 0), (940, 'biec_dmtx/master_halls', 1, 10, 926, 'Antelope', 'Compact', 0), (942, 'biec_dmtx/master_module_items', 1, 7, 928, 'Antelope', 'Compact', 0), (941, 'biec_dmtx/master_modules', 1, 5, 927, 'Antelope', 'Compact', 0), (943, 'biec_dmtx/master_states', 1, 6, 929, 'Antelope', 'Compact', 0), (944, 'biec_dmtx/reg_office_address', 1, 11, 930, 'Antelope', 'Compact', 0), (2176, 'biec_dmtx/temp_final_invoice_process', 1, 84, 2162, 'Antelope', 'Compact', 0), (2165, 'biec_dmtx/temp_payment_process', 1, 30, 2151, 'Antelope', 'Compact', 0), (1390, 'biec_dmtx_staging/biec_catalogue_rate_entry', 1, 11, 1376, 'Antelope', 'Compact', 0), (1391, 'biec_dmtx_staging/biec_currency_master', 1, 7, 1377, 'Antelope', 'Compact', 0), (1392, 'biec_dmtx_staging/biec_email_message', 1, 11, 1378, 'Antelope', 'Compact', 0), (1505, 'biec_dmtx_staging/biec_exhibition', 1, 43, 1491, 'Antelope', 'Compact', 0), (1394, 'biec_dmtx_staging/biec_exhibition_catalogue', 1, 24, 1380, 'Antelope', 'Compact', 0), (1395, 'biec_dmtx_staging/biec_exhibition_catalogue_details', 1, 8, 1381, 'Antelope', 'Compact', 0), (2023, 'biec_dmtx_staging/biec_exhibition_catalogue_payment_entry', 1, 31, 2009, 'Antelope', 'Compact', 0), (1397, 'biec_dmtx_staging/biec_exhibition_charges', 1, 38, 1383, 'Antelope', 'Compact', 0), (1398, 'biec_dmtx_staging/biec_exhibition_conversion_rate', 1, 13, 1384, 'Antelope', 'Compact', 0), (1764, 'biec_dmtx_staging/biec_exhibition_description', 1, 9, 1750, 'Antelope', 'Compact', 0), (1400, 'biec_dmtx_staging/biec_exhibition_logo', 1, 10, 1386, 'Antelope', 'Compact', 0), (1401, 'biec_dmtx_staging/biec_exhibition_misc_entries', 1, 19, 1387, 'Antelope', 'Compact', 0), (1402, 'biec_dmtx_staging/biec_exhibition_security', 1, 25, 1388, 'Antelope', 'Compact', 0), (1403, 'biec_dmtx_staging/biec_exhibition_space_rent', 1, 77, 1389, 'Antelope', 'Compact', 0), (1807, 'biec_dmtx_staging/biec_exhibition_sponsorship_data_entry', 1, 38, 1793, 'Antelope', 'Compact', 0), (1405, 'biec_dmtx_staging/biec_exhibition_sponsorship_details', 1, 11, 1391, 'Antelope', 'Compact', 0), (2024, 'biec_dmtx_staging/biec_exhibition_sponsorship_payment_entry', 1, 31, 2010, 'Antelope', 'Compact', 0), (1407, 'biec_dmtx_staging/biec_exhibition_sponsorship_rate_entry', 1, 11, 1393, 'Antelope', 'Compact', 0), (2051, 'biec_dmtx_staging/biec_exhibition_starting_no', 1, 19, 2037, 'Antelope', 'Compact', 0), (2063, 'biec_dmtx_staging/biec_exhibition_workshop_details', 1, 8, 2049, 'Antelope', 'Compact', 0), (2482, 'biec_dmtx_staging/biec_exhibition_workshop_payment_entry', 1, 34, 2468, 'Antelope', 'Compact', 0), (2411, 'biec_dmtx_staging/biec_exhibitor', 1, 310, 2397, 'Antelope', 'Compact', 0), (1411, 'biec_dmtx_staging/biec_exhibitor_billing_address', 1, 22, 1397, 'Antelope', 'Compact', 0), (1412, 'biec_dmtx_staging/biec_exhibitor_misc_payment_data', 1, 20, 1398, 'Antelope', 'Compact', 0), (1413, 'biec_dmtx_staging/biec_exhibitor_payment', 1, 31, 1399, 'Antelope', 'Compact', 0), (1414, 'biec_dmtx_staging/biec_exhibitor_payment_schedule', 1, 11, 1400, 'Antelope', 'Compact', 0), (1415, 'biec_dmtx_staging/biec_exhibitor_product', 1, 19, 1401, 'Antelope', 'Compact', 0), (1416, 'biec_dmtx_staging/biec_exhibitor_refund', 1, 20, 1402, 'Antelope', 'Compact', 0), (2038, 'biec_dmtx_staging/biec_exhibitors_entry', 1, 21, 2024, 'Antelope', 'Compact', 0), (1808, 'biec_dmtx_staging/biec_exibition_catalouge_data_entry', 1, 46, 1794, 'Antelope', 'Compact', 0), (2060, 'biec_dmtx_staging/biec_exibition_workshop_data_entry', 1, 47, 2046, 'Antelope', 'Compact', 0), (1418, 'biec_dmtx_staging/biec_exibitor_allocation', 1, 127, 1404, 'Antelope', 'Compact', 0), (1419, 'biec_dmtx_staging/biec_financial_invoice', 1, 9, 1405, 'Antelope', 'Compact', 0), (1420, 'biec_dmtx_staging/biec_firms', 1, 23, 1406, 'Antelope', 'Compact', 0), (1421, 'biec_dmtx_staging/biec_graph_invoices', 1, 7, 1407, 'Antelope', 'Compact', 0), (1422, 'biec_dmtx_staging/biec_indirect_exhibitor_product', 1, 20, 1408, 'Antelope', 'Compact', 0), (1423, 'biec_dmtx_staging/biec_master_bank_name', 1, 5, 1409, 'Antelope', 'Compact', 0), (1424, 'biec_dmtx_staging/biec_master_halls', 1, 10, 1410, 'Antelope', 'Compact', 0), (1426, 'biec_dmtx_staging/biec_master_prod_category', 1, 6, 1412, 'Antelope', 'Compact', 0), (1425, 'biec_dmtx_staging/biec_master_products', 1, 7, 1411, 'Antelope', 'Compact', 0), (1427, 'biec_dmtx_staging/biec_master_signature_logo', 1, 10, 1413, 'Antelope', 'Compact', 0), (1428, 'biec_dmtx_staging/biec_master_state_list', 1, 5, 1414, 'Antelope', 'Compact', 0), (1429, 'biec_dmtx_staging/biec_master_tax', 1, 12, 1415, 'Antelope', 'Compact', 0), (1434, 'biec_dmtx_staging/biec_misc_exhibitor_refund', 1, 11, 1420, 'Antelope', 'Compact', 0), (1430, 'biec_dmtx_staging/biec_miscellaneous_data_details', 1, 8, 1416, 'Antelope', 'Compact', 0), (1809, 'biec_dmtx_staging/biec_miscellaneous_data_entry', 1, 39, 1795, 'Antelope', 'Compact', 0), (3100, 'biec_dmtx_staging/biec_miscellaneous_payment_entry', 1, 28, 3086, 'Antelope', 'Compact', 0), (1433, 'biec_dmtx_staging/biec_miscellaneous_rate_entry', 1, 9, 1419, 'Antelope', 'Compact', 0), (1435, 'biec_dmtx_staging/biec_roles', 1, 10, 1421, 'Antelope', 'Compact', 0), (1437, 'biec_dmtx_staging/biec_user_sessions', 1, 8, 1423, 'Antelope', 'Compact', 0), (1436, 'biec_dmtx_staging/biec_users', 1, 21, 1422, 'Antelope', 'Compact', 0), (2057, 'biec_dmtx_staging/biec_workshop_rate_entry', 1, 11, 2043, 'Antelope', 'Compact', 0), (1438, 'biec_dmtx_staging/master_halls', 1, 10, 1424, 'Antelope', 'Compact', 0), (1440, 'biec_dmtx_staging/master_module_items', 1, 7, 1426, 'Antelope', 'Compact', 0), (1439, 'biec_dmtx_staging/master_modules', 1, 5, 1425, 'Antelope', 'Compact', 0), (1441, 'biec_dmtx_staging/master_states', 1, 6, 1427, 'Antelope', 'Compact', 0), (1442, 'biec_dmtx_staging/reg_office_address', 1, 11, 1428, 'Antelope', 'Compact', 0), (1086, 'biec_travel/app_login_sessions', 1, 7, 1072, 'Antelope', 'Compact', 0), (1085, 'biec_travel/app_logins', 1, 11, 1071, 'Antelope', 'Compact', 0), (1088, 'biec_travel/app_module_items', 1, 7, 1074, 'Antelope', 'Compact', 0), (1087, 'biec_travel/app_modules', 1, 5, 1073, 'Antelope', 'Compact', 0), (1089, 'biec_travel/app_roles', 1, 12, 1075, 'Antelope', 'Compact', 0), (1090, 'biec_travel/designations', 1, 11, 1076, 'Antelope', 'Compact', 0), (1091, 'biec_travel/error_messages', 1, 6, 1077, 'Antelope', 'Compact', 0), (1092, 'biec_travel/invoice_soft_copies', 1, 11, 1078, 'Antelope', 'Compact', 0), (1093, 'biec_travel/invoice_soft_copy_attachments', 1, 13, 1079, 'Antelope', 'Compact', 0), (1094, 'biec_travel/master_email_messages', 1, 11, 1080, 'Antelope', 'Compact', 0), (1095, 'biec_travel/master_requisitions_list', 1, 7, 1081, 'Antelope', 'Compact', 0), (1111, 'biec_travel/master_requisitions_status', 1, 6, 1097, 'Antelope', 'Compact', 0), (1096, 'biec_travel/master_vehicle_details', 1, 8, 1082, 'Antelope', 'Compact', 0), (1097, 'biec_travel/payment_authorisation', 1, 15, 1083, 'Antelope', 'Compact', 0), (1098, 'biec_travel/purchase_orders', 1, 18, 1084, 'Antelope', 'Compact', 0), (1101, 'biec_travel/requisition_status', 1, 9, 1087, 'Antelope', 'Compact', 0);
INSERT INTO `INNODB_SYS_TABLES` (`TABLE_ID`, `NAME`, `FLAG`, `N_COLS`, `SPACE`, `FILE_FORMAT`, `ROW_FORMAT`, `ZIP_PAGE_SIZE`) VALUES (1110, 'biec_travel/requisitions', 1, 34, 1096, 'Antelope', 'Compact', 0), (1109, 'biec_travel/requisitions_items', 1, 19, 1095, 'Antelope', 'Compact', 0), (1103, 'biec_travel/transport_vehicle_link', 1, 8, 1089, 'Antelope', 'Compact', 0), (1102, 'biec_travel/transports', 1, 11, 1088, 'Antelope', 'Compact', 0), (1104, 'biec_travel/users', 1, 21, 1090, 'Antelope', 'Compact', 0), (1105, 'biec_travel/vendors', 1, 23, 1091, 'Antelope', 'Compact', 0), (824, 'bms/admin_login_sessions', 1, 7, 810, 'Antelope', 'Compact', 0), (823, 'bms/admin_logins', 1, 10, 809, 'Antelope', 'Compact', 0), (838, 'bms/admin_module_items', 1, 7, 824, 'Antelope', 'Compact', 0), (825, 'bms/admin_modules', 1, 5, 811, 'Antelope', 'Compact', 0), (827, 'bms/admin_roles', 1, 11, 813, 'Antelope', 'Compact', 0), (828, 'bms/admin_users', 1, 17, 814, 'Antelope', 'Compact', 0), (872, 'bms/budget_head_types', 1, 5, 858, 'Antelope', 'Compact', 0), (871, 'bms/budget_list', 1, 12, 857, 'Antelope', 'Compact', 0), (852, 'bms/budget_payment', 1, 15, 838, 'Antelope', 'Compact', 0), (856, 'bms/income_summary', 1, 24, 842, 'Antelope', 'Compact', 0), (854, 'bms/ind_frn_income_summary', 1, 9, 840, 'Antelope', 'Compact', 0), (883, 'bms/invoice_soft_copies', 1, 11, 869, 'Antelope', 'Compact', 0), (884, 'bms/invoice_soft_copy_attachments', 1, 13, 870, 'Antelope', 'Compact', 0), (869, 'bms/master_categories', 1, 14, 855, 'Antelope', 'Compact', 0), (832, 'bms/master_exhibitions', 1, 11, 818, 'Antelope', 'Compact', 0), (833, 'bms/master_subcategories', 1, 14, 819, 'Antelope', 'Compact', 0), (834, 'bms/master_subsubcategories', 1, 14, 820, 'Antelope', 'Compact', 0), (850, 'bms/master_vendor_categories', 1, 12, 836, 'Antelope', 'Compact', 0), (835, 'bms/payment_authorisation', 1, 16, 821, 'Antelope', 'Compact', 0), (981, 'bms/purchase_order', 1, 24, 967, 'Antelope', 'Compact', 0), (855, 'bms/raw_shell_income_summary', 1, 10, 841, 'Antelope', 'Compact', 0), (849, 'bms/vendor', 1, 25, 835, 'Antelope', 'Compact', 0), (1063, 'hrms_db/departments', 1, 10, 1049, 'Antelope', 'Compact', 0), (1065, 'hrms_db/employee_admin_hod_link', 1, 5, 1051, 'Antelope', 'Compact', 0), (1066, 'hrms_db/employee_hod_link', 1, 5, 1052, 'Antelope', 'Compact', 0), (1064, 'hrms_db/employees', 1, 20, 1050, 'Antelope', 'Compact', 0), (1067, 'hrms_db/hs_hr_compstructtree', 1, 11, 1053, 'Antelope', 'Compact', 0), (1068, 'hrms_db/hs_hr_employee', 1, 60, 1054, 'Antelope', 'Compact', 0), (1069, 'hrms_db/hs_hr_job_title', 1, 10, 1055, 'Antelope', 'Compact', 0), (1070, 'hrms_db/master_designation', 1, 5, 1056, 'Antelope', 'Compact', 0), (1132, 'imtma_budget_mgmt/activities', 1, 15, 1118, 'Antelope', 'Compact', 0), (1134, 'imtma_budget_mgmt/app_login_sessions', 1, 7, 1120, 'Antelope', 'Compact', 0), (1133, 'imtma_budget_mgmt/app_logins', 1, 10, 1119, 'Antelope', 'Compact', 0), (1136, 'imtma_budget_mgmt/app_module_items', 1, 7, 1122, 'Antelope', 'Compact', 0), (1135, 'imtma_budget_mgmt/app_modules', 1, 5, 1121, 'Antelope', 'Compact', 0), (1137, 'imtma_budget_mgmt/app_roles', 1, 11, 1123, 'Antelope', 'Compact', 0), (1138, 'imtma_budget_mgmt/budget_allotment', 1, 18, 1124, 'Antelope', 'Compact', 0), (1139, 'imtma_budget_mgmt/departments', 1, 13, 1125, 'Antelope', 'Compact', 0), (1140, 'imtma_budget_mgmt/departments_heads_link', 1, 8, 1126, 'Antelope', 'Compact', 0), (1141, 'imtma_budget_mgmt/error_messages', 1, 6, 1127, 'Antelope', 'Compact', 0), (1143, 'imtma_budget_mgmt/invoice_soft_copies', 1, 11, 1129, 'Antelope', 'Compact', 0), (1144, 'imtma_budget_mgmt/invoice_soft_copy_attachments', 1, 9, 1130, 'Antelope', 'Compact', 0), (1142, 'imtma_budget_mgmt/invoices', 1, 17, 1128, 'Antelope', 'Compact', 0), (1145, 'imtma_budget_mgmt/master_email_messages', 1, 11, 1131, 'Antelope', 'Compact', 0), (1146, 'imtma_budget_mgmt/master_heads', 1, 15, 1132, 'Antelope', 'Compact', 0), (1147, 'imtma_budget_mgmt/master_job_titles', 1, 10, 1133, 'Antelope', 'Compact', 0), (1148, 'imtma_budget_mgmt/master_vendor_types', 1, 10, 1134, 'Antelope', 'Compact', 0), (1149, 'imtma_budget_mgmt/purchase_orders', 1, 23, 1135, 'Antelope', 'Compact', 0), (1150, 'imtma_budget_mgmt/templates', 1, 11, 1136, 'Antelope', 'Compact', 0), (1151, 'imtma_budget_mgmt/templates_heads_link', 1, 8, 1137, 'Antelope', 'Compact', 0), (1152, 'imtma_budget_mgmt/users', 1, 23, 1138, 'Antelope', 'Compact', 0), (1154, 'imtma_budget_mgmt/vendor_branches', 1, 26, 1140, 'Antelope', 'Compact', 0), (1153, 'imtma_budget_mgmt/vendors', 1, 11, 1139, 'Antelope', 'Compact', 0), (15699, 'imtma_einvoice/einvoicedata', 1, 11, 15685, 'Antelope', 'Compact', 0), (15700, 'imtma_einvoice/einvoicedata_dmtx_invoice', 1, 11, 15686, 'Antelope', 'Compact', 0), (15701, 'imtma_einvoice/einvoicedata_imtex_invoice', 1, 11, 15687, 'Antelope', 'Compact', 0), (15702, 'imtma_einvoice/einvoicedata_membership_invoice', 1, 11, 15688, 'Antelope', 'Compact', 0), (16, 'mysql/innodb_index_stats', 1, 11, 2, 'Antelope', 'Compact', 0), (15, 'mysql/innodb_table_stats', 1, 9, 1, 'Antelope', 'Compact', 0), (18, 'mysql/slave_master_info', 1, 26, 4, 'Antelope', 'Compact', 0), (17, 'mysql/slave_relay_log_info', 1, 11, 3, 'Antelope', 'Compact', 0), (19, 'mysql/slave_worker_info', 1, 15, 5, 'Antelope', 'Compact', 0), (3819, 'orange_hrms_staging/areas', 1, 23, 3805, 'Antelope', 'Compact', 0), (3820, 'orange_hrms_staging/areas_confirm', 1, 23, 3806, 'Antelope', 'Compact', 0), (3821, 'orange_hrms_staging/competency_rating', 1, 13, 3807, 'Antelope', 'Compact', 0), (3822, 'orange_hrms_staging/hs_hr_attendance', 1, 11, 3808, 'Antelope', 'Compact', 0), (3823, 'orange_hrms_staging/hs_hr_blood_grp_type', 1, 5, 3809, 'Antelope', 'Compact', 0), (3825, 'orange_hrms_staging/hs_hr_comp_property', 1, 6, 3811, 'Antelope', 'Compact', 0), (3824, 'orange_hrms_staging/hs_hr_compstructtree', 1, 11, 3810, 'Antelope', 'Compact', 0), (3826, 'orange_hrms_staging/hs_hr_config', 1, 5, 3812, 'Antelope', 'Compact', 0), (3827, 'orange_hrms_staging/hs_hr_country', 1, 8, 3813, 'Antelope', 'Compact', 0), (3828, 'orange_hrms_staging/hs_hr_currency_type', 1, 6, 3814, 'Antelope', 'Compact', 0), (3830, 'orange_hrms_staging/hs_hr_custom_export', 1, 7, 3816, 'Antelope', 'Compact', 0), (3831, 'orange_hrms_staging/hs_hr_custom_fields', 1, 8, 3817, 'Antelope', 'Compact', 0), (3832, 'orange_hrms_staging/hs_hr_custom_import', 1, 7, 3818, 'Antelope', 'Compact', 0), (3829, 'orange_hrms_staging/hs_hr_customer', 1, 7, 3815, 'Antelope', 'Compact', 0), (3833, 'orange_hrms_staging/hs_hr_db_version', 1, 10, 3819, 'Antelope', 'Compact', 0), (3834, 'orange_hrms_staging/hs_hr_developer', 1, 9, 3820, 'Antelope', 'Compact', 0), (3835, 'orange_hrms_staging/hs_hr_district', 1, 6, 3821, 'Antelope', 'Compact', 0), (3836, 'orange_hrms_staging/hs_hr_education', 1, 6, 3822, 'Antelope', 'Compact', 0), (3837, 'orange_hrms_staging/hs_hr_eec', 1, 5, 3823, 'Antelope', 'Compact', 0), (3846, 'orange_hrms_staging/hs_hr_emp_attachment', 1, 14, 3832, 'Antelope', 'Compact', 0), (3847, 'orange_hrms_staging/hs_hr_emp_basicsalary', 1, 8, 3833, 'Antelope', 'Compact', 0), (3848, 'orange_hrms_staging/hs_hr_emp_children', 1, 8, 3834, 'Antelope', 'Compact', 0), (3849, 'orange_hrms_staging/hs_hr_emp_contract_extend', 1, 7, 3835, 'Antelope', 'Compact', 0), (3850, 'orange_hrms_staging/hs_hr_emp_dependents', 1, 9, 3836, 'Antelope', 'Compact', 0), (3851, 'orange_hrms_staging/hs_hr_emp_directdebit', 1, 10, 3837, 'Antelope', 'Compact', 0), (3852, 'orange_hrms_staging/hs_hr_emp_education', 1, 10, 3838, 'Antelope', 'Compact', 0), (3853, 'orange_hrms_staging/hs_hr_emp_emergency_contacts', 1, 12, 3839, 'Antelope', 'Compact', 0), (3854, 'orange_hrms_staging/hs_hr_emp_history_of_ealier_pos', 1, 7, 3840, 'Antelope', 'Compact', 0), (3855, 'orange_hrms_staging/hs_hr_emp_jobtitle_history', 1, 9, 3841, 'Antelope', 'Compact', 0), (3856, 'orange_hrms_staging/hs_hr_emp_language', 1, 8, 3842, 'Antelope', 'Compact', 0), (3857, 'orange_hrms_staging/hs_hr_emp_licenses', 1, 8, 3843, 'Antelope', 'Compact', 0), (3859, 'orange_hrms_staging/hs_hr_emp_location_history', 1, 9, 3845, 'Antelope', 'Compact', 0), (3858, 'orange_hrms_staging/hs_hr_emp_locations', 1, 5, 3844, 'Antelope', 'Compact', 0), (3860, 'orange_hrms_staging/hs_hr_emp_member_detail', 1, 10, 3846, 'Antelope', 'Compact', 0), (3861, 'orange_hrms_staging/hs_hr_emp_passport', 1, 13, 3847, 'Antelope', 'Compact', 0), (2575, 'orange_hrms_staging/hs_hr_emp_picture', 1, 12, 2561, 'Antelope', 'Compact', 0), (2331, 'orange_hrms_staging/hs_hr_emp_reportto', 1, 6, 2317, 'Antelope', 'Compact', 0), (2332, 'orange_hrms_staging/hs_hr_emp_skill', 1, 7, 2318, 'Antelope', 'Compact', 0), (2333, 'orange_hrms_staging/hs_hr_emp_somu', 1, 9, 2319, 'Antelope', 'Compact', 0), (2334, 'orange_hrms_staging/hs_hr_emp_subdivision_history', 1, 9, 2320, 'Antelope', 'Compact', 0), (2335, 'orange_hrms_staging/hs_hr_emp_us_tax', 1, 11, 2321, 'Antelope', 'Compact', 0), (2336, 'orange_hrms_staging/hs_hr_emp_work_experience', 1, 11, 2322, 'Antelope', 'Compact', 0), (3838, 'orange_hrms_staging/hs_hr_employee', 1, 61, 3824, 'Antelope', 'Compact', 0), (3839, 'orange_hrms_staging/hs_hr_employee_feedback', 1, 6, 3825, 'Antelope', 'Compact', 0), (3840, 'orange_hrms_staging/hs_hr_employee_leave_quota', 1, 11, 3826, 'Antelope', 'Compact', 0), (3841, 'orange_hrms_staging/hs_hr_employee_timesheet_period', 1, 5, 3827, 'Antelope', 'Compact', 0), (3842, 'orange_hrms_staging/hs_hr_employee_workshift', 1, 5, 3828, 'Antelope', 'Compact', 0), (3844, 'orange_hrms_staging/hs_hr_emprep_usergroup', 1, 5, 3830, 'Antelope', 'Compact', 0), (3843, 'orange_hrms_staging/hs_hr_empreport', 1, 7, 3829, 'Antelope', 'Compact', 0), (3845, 'orange_hrms_staging/hs_hr_empstat', 1, 5, 3831, 'Antelope', 'Compact', 0), (2337, 'orange_hrms_staging/hs_hr_ethnic_race', 1, 5, 2323, 'Antelope', 'Compact', 0), (2338, 'orange_hrms_staging/hs_hr_file_version', 1, 11, 2324, 'Antelope', 'Compact', 0), (2339, 'orange_hrms_staging/hs_hr_genderinfo', 1, 5, 2325, 'Antelope', 'Compact', 0), (2340, 'orange_hrms_staging/hs_hr_geninfo', 1, 6, 2326, 'Antelope', 'Compact', 0), (2341, 'orange_hrms_staging/hs_hr_hcs_utility', 1, 7, 2327, 'Antelope', 'Compact', 0), (2342, 'orange_hrms_staging/hs_hr_hod_sub_departs', 1, 5, 2328, 'Antelope', 'Compact', 0), (2343, 'orange_hrms_staging/hs_hr_holidays', 1, 8, 2329, 'Antelope', 'Compact', 0), (3862, 'orange_hrms_staging/hs_hr_hsp', 1, 15, 3848, 'Antelope', 'Compact', 0), (3863, 'orange_hrms_staging/hs_hr_hsp_payment_request', 1, 19, 3849, 'Antelope', 'Compact', 0), (3864, 'orange_hrms_staging/hs_hr_hsp_summary', 1, 13, 3850, 'Antelope', 'Compact', 0), (3865, 'orange_hrms_staging/hs_hr_information_share', 1, 7, 3851, 'Antelope', 'Compact', 0), (2348, 'orange_hrms_staging/hs_hr_job_application', 1, 23, 2334, 'Antelope', 'Compact', 0), (2349, 'orange_hrms_staging/hs_hr_job_application_events', 1, 12, 2335, 'Antelope', 'Compact', 0), (2350, 'orange_hrms_staging/hs_hr_job_spec', 1, 7, 2336, 'Antelope', 'Compact', 0), (2351, 'orange_hrms_staging/hs_hr_job_title', 1, 10, 2337, 'Antelope', 'Compact', 0), (2352, 'orange_hrms_staging/hs_hr_job_vacancy', 1, 8, 2338, 'Antelope', 'Compact', 0), (3866, 'orange_hrms_staging/hs_hr_jobtit_empstat', 1, 5, 3852, 'Antelope', 'Compact', 0), (2353, 'orange_hrms_staging/hs_hr_kpi', 1, 10, 2339, 'Antelope', 'Compact', 0), (2354, 'orange_hrms_staging/hs_hr_language', 1, 5, 2340, 'Antelope', 'Compact', 0), (2355, 'orange_hrms_staging/hs_hr_leave', 1, 17, 2341, 'Antelope', 'Compact', 0), (2357, 'orange_hrms_staging/hs_hr_leave_period', 1, 7, 2343, 'Antelope', 'Compact', 0), (2358, 'orange_hrms_staging/hs_hr_leave_requests', 1, 10, 2344, 'Antelope', 'Compact', 0), (2356, 'orange_hrms_staging/hs_hr_leavetype', 1, 6, 2342, 'Antelope', 'Compact', 0), (2359, 'orange_hrms_staging/hs_hr_licenses', 1, 5, 2345, 'Antelope', 'Compact', 0), (2360, 'orange_hrms_staging/hs_hr_location', 1, 13, 2346, 'Antelope', 'Compact', 0), (2361, 'orange_hrms_staging/hs_hr_mailnotifications', 1, 7, 2347, 'Antelope', 'Compact', 0), (2362, 'orange_hrms_staging/hs_hr_membership', 1, 6, 2348, 'Antelope', 'Compact', 0), (2363, 'orange_hrms_staging/hs_hr_membership_type', 1, 5, 2349, 'Antelope', 'Compact', 0), (2364, 'orange_hrms_staging/hs_hr_module', 1, 9, 2350, 'Antelope', 'Compact', 0), (2365, 'orange_hrms_staging/hs_hr_nationality', 1, 5, 2351, 'Antelope', 'Compact', 0), (2367, 'orange_hrms_staging/hs_hr_pay_period', 1, 9, 2353, 'Antelope', 'Compact', 0), (2366, 'orange_hrms_staging/hs_hr_payperiod', 1, 5, 2352, 'Antelope', 'Compact', 0), (2368, 'orange_hrms_staging/hs_hr_performance_review', 1, 15, 2354, 'Antelope', 'Compact', 0), (2369, 'orange_hrms_staging/hs_hr_performance_review_comments', 1, 8, 2355, 'Antelope', 'Compact', 0), (2370, 'orange_hrms_staging/hs_hr_project', 1, 8, 2356, 'Antelope', 'Compact', 0), (2371, 'orange_hrms_staging/hs_hr_project_activity', 1, 7, 2357, 'Antelope', 'Compact', 0), (2372, 'orange_hrms_staging/hs_hr_project_admin', 1, 5, 2358, 'Antelope', 'Compact', 0), (2373, 'orange_hrms_staging/hs_hr_province', 1, 7, 2359, 'Antelope', 'Compact', 0), (2374, 'orange_hrms_staging/hs_hr_rights', 1, 9, 2360, 'Antelope', 'Compact', 0), (2375, 'orange_hrms_staging/hs_hr_skill', 1, 6, 2361, 'Antelope', 'Compact', 0), (2378, 'orange_hrms_staging/hs_hr_time_event', 1, 13, 2364, 'Antelope', 'Compact', 0), (2376, 'orange_hrms_staging/hs_hr_timesheet', 1, 10, 2362, 'Antelope', 'Compact', 0), (2377, 'orange_hrms_staging/hs_hr_timesheet_submission_period', 1, 10, 2363, 'Antelope', 'Compact', 0), (2379, 'orange_hrms_staging/hs_hr_unique_id', 1, 7, 2365, 'Antelope', 'Compact', 0), (2381, 'orange_hrms_staging/hs_hr_user_group', 1, 6, 2367, 'Antelope', 'Compact', 0), (2380, 'orange_hrms_staging/hs_hr_users', 1, 37, 2366, 'Antelope', 'Compact', 0), (2382, 'orange_hrms_staging/hs_hr_versions', 1, 13, 2368, 'Antelope', 'Compact', 0), (2383, 'orange_hrms_staging/hs_hr_weekends', 1, 5, 2369, 'Antelope', 'Compact', 0), (2384, 'orange_hrms_staging/hs_hr_workshift', 1, 6, 2370, 'Antelope', 'Compact', 0), (2385, 'orange_hrms_staging/hs_pr_salary_currency_detail', 1, 8, 2371, 'Antelope', 'Compact', 0), (2386, 'orange_hrms_staging/hs_pr_salary_grade', 1, 5, 2372, 'Antelope', 'Compact', 0), (2387, 'orange_hrms_staging/testtable', 1, 5, 2373, 'Antelope', 'Compact', 0), (15590, 'orangehrms_new/anon', 1, 4, 15576, 'Antelope', 'Compact', 0), (15591, 'orangehrms_new/areas', 1, 23, 15577, 'Antelope', 'Compact', 0), (15592, 'orangehrms_new/areas_confirm', 1, 23, 15578, 'Antelope', 'Compact', 0), (15593, 'orangehrms_new/biometricemail', 1, 7, 15579, 'Antelope', 'Compact', 0), (15594, 'orangehrms_new/biometricemail_all', 1, 9, 15580, 'Antelope', 'Compact', 0), (15595, 'orangehrms_new/competency_rating', 1, 13, 15581, 'Antelope', 'Compact', 0), (15596, 'orangehrms_new/hs_hr_answers', 1, 5, 15582, 'Antelope', 'Compact', 0), (15597, 'orangehrms_new/hs_hr_attendance', 1, 11, 15583, 'Antelope', 'Compact', 0), (15598, 'orangehrms_new/hs_hr_blood_grp_type', 1, 5, 15584, 'Antelope', 'Compact', 0), (15600, 'orangehrms_new/hs_hr_comp_property', 1, 6, 15586, 'Antelope', 'Compact', 0), (15599, 'orangehrms_new/hs_hr_compstructtree', 1, 11, 15585, 'Antelope', 'Compact', 0), (15601, 'orangehrms_new/hs_hr_config', 1, 5, 15587, 'Antelope', 'Compact', 0), (15602, 'orangehrms_new/hs_hr_country', 1, 8, 15588, 'Antelope', 'Compact', 0), (15603, 'orangehrms_new/hs_hr_currency_type', 1, 6, 15589, 'Antelope', 'Compact', 0), (15605, 'orangehrms_new/hs_hr_custom_export', 1, 7, 15591, 'Antelope', 'Compact', 0), (15606, 'orangehrms_new/hs_hr_custom_fields', 1, 8, 15592, 'Antelope', 'Compact', 0), (15607, 'orangehrms_new/hs_hr_custom_import', 1, 7, 15593, 'Antelope', 'Compact', 0), (15604, 'orangehrms_new/hs_hr_customer', 1, 7, 15590, 'Antelope', 'Compact', 0), (15608, 'orangehrms_new/hs_hr_db_version', 1, 10, 15594, 'Antelope', 'Compact', 0), (15609, 'orangehrms_new/hs_hr_developer', 1, 9, 15595, 'Antelope', 'Compact', 0), (15610, 'orangehrms_new/hs_hr_district', 1, 6, 15596, 'Antelope', 'Compact', 0), (15611, 'orangehrms_new/hs_hr_education', 1, 6, 15597, 'Antelope', 'Compact', 0), (15612, 'orangehrms_new/hs_hr_eec', 1, 5, 15598, 'Antelope', 'Compact', 0), (15621, 'orangehrms_new/hs_hr_emp_attachment', 1, 14, 15607, 'Antelope', 'Compact', 0), (15622, 'orangehrms_new/hs_hr_emp_basicsalary', 1, 8, 15608, 'Antelope', 'Compact', 0), (15623, 'orangehrms_new/hs_hr_emp_children', 1, 8, 15609, 'Antelope', 'Compact', 0), (15624, 'orangehrms_new/hs_hr_emp_contract_extend', 1, 7, 15610, 'Antelope', 'Compact', 0), (15625, 'orangehrms_new/hs_hr_emp_dependents', 1, 9, 15611, 'Antelope', 'Compact', 0), (15626, 'orangehrms_new/hs_hr_emp_directdebit', 1, 10, 15612, 'Antelope', 'Compact', 0), (15627, 'orangehrms_new/hs_hr_emp_education', 1, 10, 15613, 'Antelope', 'Compact', 0), (15628, 'orangehrms_new/hs_hr_emp_emergency_contacts', 1, 12, 15614, 'Antelope', 'Compact', 0), (15629, 'orangehrms_new/hs_hr_emp_history_of_ealier_pos', 1, 7, 15615, 'Antelope', 'Compact', 0), (15630, 'orangehrms_new/hs_hr_emp_jobtitle_history', 1, 9, 15616, 'Antelope', 'Compact', 0), (15631, 'orangehrms_new/hs_hr_emp_language', 1, 8, 15617, 'Antelope', 'Compact', 0);
INSERT INTO `INNODB_SYS_TABLES` (`TABLE_ID`, `NAME`, `FLAG`, `N_COLS`, `SPACE`, `FILE_FORMAT`, `ROW_FORMAT`, `ZIP_PAGE_SIZE`) VALUES (15632, 'orangehrms_new/hs_hr_emp_licenses', 1, 8, 15618, 'Antelope', 'Compact', 0), (15634, 'orangehrms_new/hs_hr_emp_location_history', 1, 9, 15620, 'Antelope', 'Compact', 0), (15633, 'orangehrms_new/hs_hr_emp_locations', 1, 5, 15619, 'Antelope', 'Compact', 0), (15635, 'orangehrms_new/hs_hr_emp_member_detail', 1, 10, 15621, 'Antelope', 'Compact', 0), (15636, 'orangehrms_new/hs_hr_emp_passport', 1, 13, 15622, 'Antelope', 'Compact', 0), (15418, 'orangehrms_new/hs_hr_emp_picture', 1, 12, 15404, 'Antelope', 'Compact', 0), (15637, 'orangehrms_new/hs_hr_emp_reportto', 1, 6, 15623, 'Antelope', 'Compact', 0), (15638, 'orangehrms_new/hs_hr_emp_skill', 1, 7, 15624, 'Antelope', 'Compact', 0), (15639, 'orangehrms_new/hs_hr_emp_somu', 1, 9, 15625, 'Antelope', 'Compact', 0), (15640, 'orangehrms_new/hs_hr_emp_subdivision_history', 1, 9, 15626, 'Antelope', 'Compact', 0), (15641, 'orangehrms_new/hs_hr_emp_us_tax', 1, 11, 15627, 'Antelope', 'Compact', 0), (15642, 'orangehrms_new/hs_hr_emp_work_experience', 1, 11, 15628, 'Antelope', 'Compact', 0), (15613, 'orangehrms_new/hs_hr_employee', 1, 61, 15599, 'Antelope', 'Compact', 0), (15614, 'orangehrms_new/hs_hr_employee_feedback', 1, 6, 15600, 'Antelope', 'Compact', 0), (15615, 'orangehrms_new/hs_hr_employee_leave_quota', 1, 11, 15601, 'Antelope', 'Compact', 0), (15616, 'orangehrms_new/hs_hr_employee_timesheet_period', 1, 5, 15602, 'Antelope', 'Compact', 0), (15617, 'orangehrms_new/hs_hr_employee_workshift', 1, 5, 15603, 'Antelope', 'Compact', 0), (15619, 'orangehrms_new/hs_hr_emprep_usergroup', 1, 5, 15605, 'Antelope', 'Compact', 0), (15618, 'orangehrms_new/hs_hr_empreport', 1, 7, 15604, 'Antelope', 'Compact', 0), (15620, 'orangehrms_new/hs_hr_empstat', 1, 5, 15606, 'Antelope', 'Compact', 0), (15643, 'orangehrms_new/hs_hr_ethnic_race', 1, 5, 15629, 'Antelope', 'Compact', 0), (15644, 'orangehrms_new/hs_hr_file_version', 1, 11, 15630, 'Antelope', 'Compact', 0), (15645, 'orangehrms_new/hs_hr_genderinfo', 1, 5, 15631, 'Antelope', 'Compact', 0), (15646, 'orangehrms_new/hs_hr_geninfo', 1, 6, 15632, 'Antelope', 'Compact', 0), (15647, 'orangehrms_new/hs_hr_hcs_utility', 1, 7, 15633, 'Antelope', 'Compact', 0), (15648, 'orangehrms_new/hs_hr_hod_sub_departs', 1, 5, 15634, 'Antelope', 'Compact', 0), (15649, 'orangehrms_new/hs_hr_holidays', 1, 8, 15635, 'Antelope', 'Compact', 0), (15650, 'orangehrms_new/hs_hr_hsp', 1, 15, 15636, 'Antelope', 'Compact', 0), (15651, 'orangehrms_new/hs_hr_hsp_payment_request', 1, 19, 15637, 'Antelope', 'Compact', 0), (15652, 'orangehrms_new/hs_hr_hsp_summary', 1, 13, 15638, 'Antelope', 'Compact', 0), (15653, 'orangehrms_new/hs_hr_information_share', 1, 7, 15639, 'Antelope', 'Compact', 0), (15655, 'orangehrms_new/hs_hr_job_application', 1, 23, 15641, 'Antelope', 'Compact', 0), (15656, 'orangehrms_new/hs_hr_job_application_events', 1, 12, 15642, 'Antelope', 'Compact', 0), (15657, 'orangehrms_new/hs_hr_job_spec', 1, 7, 15643, 'Antelope', 'Compact', 0), (15658, 'orangehrms_new/hs_hr_job_title', 1, 10, 15644, 'Antelope', 'Compact', 0), (15659, 'orangehrms_new/hs_hr_job_vacancy', 1, 8, 15645, 'Antelope', 'Compact', 0), (15654, 'orangehrms_new/hs_hr_jobtit_empstat', 1, 5, 15640, 'Antelope', 'Compact', 0), (15660, 'orangehrms_new/hs_hr_kpi', 1, 10, 15646, 'Antelope', 'Compact', 0), (15661, 'orangehrms_new/hs_hr_language', 1, 5, 15647, 'Antelope', 'Compact', 0), (15662, 'orangehrms_new/hs_hr_leave', 1, 17, 15648, 'Antelope', 'Compact', 0), (15664, 'orangehrms_new/hs_hr_leave_period', 1, 7, 15650, 'Antelope', 'Compact', 0), (15665, 'orangehrms_new/hs_hr_leave_requests', 1, 10, 15651, 'Antelope', 'Compact', 0), (15663, 'orangehrms_new/hs_hr_leavetype', 1, 6, 15649, 'Antelope', 'Compact', 0), (15666, 'orangehrms_new/hs_hr_licenses', 1, 5, 15652, 'Antelope', 'Compact', 0), (15667, 'orangehrms_new/hs_hr_location', 1, 13, 15653, 'Antelope', 'Compact', 0), (15668, 'orangehrms_new/hs_hr_mailnotifications', 1, 7, 15654, 'Antelope', 'Compact', 0), (15669, 'orangehrms_new/hs_hr_membership', 1, 6, 15655, 'Antelope', 'Compact', 0), (15670, 'orangehrms_new/hs_hr_membership_type', 1, 5, 15656, 'Antelope', 'Compact', 0), (15671, 'orangehrms_new/hs_hr_module', 1, 9, 15657, 'Antelope', 'Compact', 0), (15672, 'orangehrms_new/hs_hr_nationality', 1, 5, 15658, 'Antelope', 'Compact', 0), (15674, 'orangehrms_new/hs_hr_pay_period', 1, 9, 15660, 'Antelope', 'Compact', 0), (15673, 'orangehrms_new/hs_hr_payperiod', 1, 5, 15659, 'Antelope', 'Compact', 0), (15675, 'orangehrms_new/hs_hr_performance_review', 1, 15, 15661, 'Antelope', 'Compact', 0), (15676, 'orangehrms_new/hs_hr_performance_review_comments', 1, 8, 15662, 'Antelope', 'Compact', 0), (15677, 'orangehrms_new/hs_hr_project', 1, 8, 15663, 'Antelope', 'Compact', 0), (15678, 'orangehrms_new/hs_hr_project_activity', 1, 7, 15664, 'Antelope', 'Compact', 0), (15679, 'orangehrms_new/hs_hr_project_admin', 1, 5, 15665, 'Antelope', 'Compact', 0), (15680, 'orangehrms_new/hs_hr_province', 1, 7, 15666, 'Antelope', 'Compact', 0), (15681, 'orangehrms_new/hs_hr_quiz', 1, 7, 15667, 'Antelope', 'Compact', 0), (15682, 'orangehrms_new/hs_hr_rights', 1, 9, 15668, 'Antelope', 'Compact', 0), (15683, 'orangehrms_new/hs_hr_skill', 1, 6, 15669, 'Antelope', 'Compact', 0), (15686, 'orangehrms_new/hs_hr_time_event', 1, 13, 15672, 'Antelope', 'Compact', 0), (15684, 'orangehrms_new/hs_hr_timesheet', 1, 10, 15670, 'Antelope', 'Compact', 0), (15685, 'orangehrms_new/hs_hr_timesheet_submission_period', 1, 10, 15671, 'Antelope', 'Compact', 0), (15687, 'orangehrms_new/hs_hr_unique_id', 1, 7, 15673, 'Antelope', 'Compact', 0), (15689, 'orangehrms_new/hs_hr_user_group', 1, 6, 15675, 'Antelope', 'Compact', 0), (15688, 'orangehrms_new/hs_hr_users', 1, 37, 15674, 'Antelope', 'Compact', 0), (15690, 'orangehrms_new/hs_hr_versions', 1, 13, 15676, 'Antelope', 'Compact', 0), (15691, 'orangehrms_new/hs_hr_weekends', 1, 5, 15677, 'Antelope', 'Compact', 0), (15692, 'orangehrms_new/hs_hr_workshift', 1, 6, 15678, 'Antelope', 'Compact', 0), (15693, 'orangehrms_new/hs_pr_salary_currency_detail', 1, 8, 15679, 'Antelope', 'Compact', 0), (15694, 'orangehrms_new/hs_pr_salary_grade', 1, 5, 15680, 'Antelope', 'Compact', 0), (15695, 'orangehrms_new/nonregularise', 1, 5, 15681, 'Antelope', 'Compact', 0), (15696, 'orangehrms_new/regulariserep', 1, 6, 15682, 'Antelope', 'Compact', 0), (15697, 'orangehrms_new/table1', 1, 4, 15683, 'Antelope', 'Compact', 0), (15698, 'orangehrms_new/testtable', 1, 5, 15684, 'Antelope', 'Compact', 0), (465, 'orangehrmsnew/hs_hr_attendance', 1, 11, 451, 'Antelope', 'Compact', 0), (467, 'orangehrmsnew/hs_hr_comp_property', 1, 6, 453, 'Antelope', 'Compact', 0), (466, 'orangehrmsnew/hs_hr_compstructtree', 1, 11, 452, 'Antelope', 'Compact', 0), (468, 'orangehrmsnew/hs_hr_config', 1, 5, 454, 'Antelope', 'Compact', 0), (469, 'orangehrmsnew/hs_hr_country', 1, 8, 455, 'Antelope', 'Compact', 0), (470, 'orangehrmsnew/hs_hr_currency_type', 1, 6, 456, 'Antelope', 'Compact', 0), (472, 'orangehrmsnew/hs_hr_custom_export', 1, 7, 458, 'Antelope', 'Compact', 0), (473, 'orangehrmsnew/hs_hr_custom_fields', 1, 8, 459, 'Antelope', 'Compact', 0), (474, 'orangehrmsnew/hs_hr_custom_import', 1, 7, 460, 'Antelope', 'Compact', 0), (471, 'orangehrmsnew/hs_hr_customer', 1, 7, 457, 'Antelope', 'Compact', 0), (475, 'orangehrmsnew/hs_hr_db_version', 1, 10, 461, 'Antelope', 'Compact', 0), (476, 'orangehrmsnew/hs_hr_developer', 1, 9, 462, 'Antelope', 'Compact', 0), (477, 'orangehrmsnew/hs_hr_district', 1, 6, 463, 'Antelope', 'Compact', 0), (478, 'orangehrmsnew/hs_hr_education', 1, 6, 464, 'Antelope', 'Compact', 0), (479, 'orangehrmsnew/hs_hr_eec', 1, 5, 465, 'Antelope', 'Compact', 0), (487, 'orangehrmsnew/hs_hr_emp_attachment', 1, 14, 473, 'Antelope', 'Compact', 0), (488, 'orangehrmsnew/hs_hr_emp_basicsalary', 1, 8, 474, 'Antelope', 'Compact', 0), (489, 'orangehrmsnew/hs_hr_emp_children', 1, 7, 475, 'Antelope', 'Compact', 0), (490, 'orangehrmsnew/hs_hr_emp_contract_extend', 1, 7, 476, 'Antelope', 'Compact', 0), (491, 'orangehrmsnew/hs_hr_emp_dependents', 1, 9, 477, 'Antelope', 'Compact', 0), (492, 'orangehrmsnew/hs_hr_emp_directdebit', 1, 10, 478, 'Antelope', 'Compact', 0), (493, 'orangehrmsnew/hs_hr_emp_education', 1, 10, 479, 'Antelope', 'Compact', 0), (494, 'orangehrmsnew/hs_hr_emp_emergency_contacts', 1, 10, 480, 'Antelope', 'Compact', 0), (495, 'orangehrmsnew/hs_hr_emp_history_of_ealier_pos', 1, 7, 481, 'Antelope', 'Compact', 0), (496, 'orangehrmsnew/hs_hr_emp_jobtitle_history', 1, 9, 482, 'Antelope', 'Compact', 0), (497, 'orangehrmsnew/hs_hr_emp_language', 1, 8, 483, 'Antelope', 'Compact', 0), (498, 'orangehrmsnew/hs_hr_emp_licenses', 1, 8, 484, 'Antelope', 'Compact', 0), (500, 'orangehrmsnew/hs_hr_emp_location_history', 1, 9, 486, 'Antelope', 'Compact', 0), (499, 'orangehrmsnew/hs_hr_emp_locations', 1, 5, 485, 'Antelope', 'Compact', 0), (501, 'orangehrmsnew/hs_hr_emp_member_detail', 1, 10, 487, 'Antelope', 'Compact', 0), (502, 'orangehrmsnew/hs_hr_emp_passport', 1, 13, 488, 'Antelope', 'Compact', 0), (503, 'orangehrmsnew/hs_hr_emp_picture', 1, 12, 489, 'Antelope', 'Compact', 0), (504, 'orangehrmsnew/hs_hr_emp_reportto', 1, 6, 490, 'Antelope', 'Compact', 0), (505, 'orangehrmsnew/hs_hr_emp_skill', 1, 7, 491, 'Antelope', 'Compact', 0), (506, 'orangehrmsnew/hs_hr_emp_somu', 1, 9, 492, 'Antelope', 'Compact', 0), (507, 'orangehrmsnew/hs_hr_emp_subdivision_history', 1, 9, 493, 'Antelope', 'Compact', 0), (508, 'orangehrmsnew/hs_hr_emp_us_tax', 1, 11, 494, 'Antelope', 'Compact', 0), (509, 'orangehrmsnew/hs_hr_emp_work_experience', 1, 11, 495, 'Antelope', 'Compact', 0), (480, 'orangehrmsnew/hs_hr_employee', 1, 52, 466, 'Antelope', 'Compact', 0), (481, 'orangehrmsnew/hs_hr_employee_leave_quota', 1, 10, 467, 'Antelope', 'Compact', 0), (482, 'orangehrmsnew/hs_hr_employee_timesheet_period', 1, 5, 468, 'Antelope', 'Compact', 0), (483, 'orangehrmsnew/hs_hr_employee_workshift', 1, 5, 469, 'Antelope', 'Compact', 0), (485, 'orangehrmsnew/hs_hr_emprep_usergroup', 1, 5, 471, 'Antelope', 'Compact', 0), (484, 'orangehrmsnew/hs_hr_empreport', 1, 7, 470, 'Antelope', 'Compact', 0), (486, 'orangehrmsnew/hs_hr_empstat', 1, 5, 472, 'Antelope', 'Compact', 0), (510, 'orangehrmsnew/hs_hr_ethnic_race', 1, 5, 496, 'Antelope', 'Compact', 0), (511, 'orangehrmsnew/hs_hr_file_version', 1, 11, 497, 'Antelope', 'Compact', 0), (512, 'orangehrmsnew/hs_hr_genderinfo', 1, 5, 498, 'Antelope', 'Compact', 0), (513, 'orangehrmsnew/hs_hr_geninfo', 1, 6, 499, 'Antelope', 'Compact', 0), (514, 'orangehrmsnew/hs_hr_hcs_utility', 1, 7, 500, 'Antelope', 'Compact', 0), (515, 'orangehrmsnew/hs_hr_holidays', 1, 8, 501, 'Antelope', 'Compact', 0), (516, 'orangehrmsnew/hs_hr_hsp', 1, 15, 502, 'Antelope', 'Compact', 0), (517, 'orangehrmsnew/hs_hr_hsp_payment_request', 1, 19, 503, 'Antelope', 'Compact', 0), (518, 'orangehrmsnew/hs_hr_hsp_summary', 1, 13, 504, 'Antelope', 'Compact', 0), (520, 'orangehrmsnew/hs_hr_job_application', 1, 23, 506, 'Antelope', 'Compact', 0), (521, 'orangehrmsnew/hs_hr_job_application_events', 1, 12, 507, 'Antelope', 'Compact', 0), (522, 'orangehrmsnew/hs_hr_job_spec', 1, 7, 508, 'Antelope', 'Compact', 0), (523, 'orangehrmsnew/hs_hr_job_title', 1, 10, 509, 'Antelope', 'Compact', 0), (524, 'orangehrmsnew/hs_hr_job_vacancy', 1, 8, 510, 'Antelope', 'Compact', 0), (519, 'orangehrmsnew/hs_hr_jobtit_empstat', 1, 5, 505, 'Antelope', 'Compact', 0), (525, 'orangehrmsnew/hs_hr_kpi', 1, 10, 511, 'Antelope', 'Compact', 0), (526, 'orangehrmsnew/hs_hr_language', 1, 5, 512, 'Antelope', 'Compact', 0), (527, 'orangehrmsnew/hs_hr_leave', 1, 15, 513, 'Antelope', 'Compact', 0), (529, 'orangehrmsnew/hs_hr_leave_period', 1, 6, 515, 'Antelope', 'Compact', 0), (530, 'orangehrmsnew/hs_hr_leave_requests', 1, 10, 516, 'Antelope', 'Compact', 0), (528, 'orangehrmsnew/hs_hr_leavetype', 1, 6, 514, 'Antelope', 'Compact', 0), (531, 'orangehrmsnew/hs_hr_licenses', 1, 5, 517, 'Antelope', 'Compact', 0), (532, 'orangehrmsnew/hs_hr_location', 1, 13, 518, 'Antelope', 'Compact', 0), (533, 'orangehrmsnew/hs_hr_mailnotifications', 1, 7, 519, 'Antelope', 'Compact', 0), (534, 'orangehrmsnew/hs_hr_membership', 1, 6, 520, 'Antelope', 'Compact', 0), (535, 'orangehrmsnew/hs_hr_membership_type', 1, 5, 521, 'Antelope', 'Compact', 0), (536, 'orangehrmsnew/hs_hr_module', 1, 9, 522, 'Antelope', 'Compact', 0), (537, 'orangehrmsnew/hs_hr_nationality', 1, 5, 523, 'Antelope', 'Compact', 0), (539, 'orangehrmsnew/hs_hr_pay_period', 1, 9, 525, 'Antelope', 'Compact', 0), (538, 'orangehrmsnew/hs_hr_payperiod', 1, 5, 524, 'Antelope', 'Compact', 0), (540, 'orangehrmsnew/hs_hr_performance_review', 1, 15, 526, 'Antelope', 'Compact', 0), (541, 'orangehrmsnew/hs_hr_performance_review_comments', 1, 8, 527, 'Antelope', 'Compact', 0), (542, 'orangehrmsnew/hs_hr_project', 1, 8, 528, 'Antelope', 'Compact', 0), (543, 'orangehrmsnew/hs_hr_project_activity', 1, 7, 529, 'Antelope', 'Compact', 0), (544, 'orangehrmsnew/hs_hr_project_admin', 1, 5, 530, 'Antelope', 'Compact', 0), (545, 'orangehrmsnew/hs_hr_province', 1, 7, 531, 'Antelope', 'Compact', 0), (546, 'orangehrmsnew/hs_hr_rights', 1, 9, 532, 'Antelope', 'Compact', 0), (547, 'orangehrmsnew/hs_hr_skill', 1, 6, 533, 'Antelope', 'Compact', 0), (550, 'orangehrmsnew/hs_hr_time_event', 1, 13, 536, 'Antelope', 'Compact', 0), (548, 'orangehrmsnew/hs_hr_timesheet', 1, 10, 534, 'Antelope', 'Compact', 0), (549, 'orangehrmsnew/hs_hr_timesheet_submission_period', 1, 10, 535, 'Antelope', 'Compact', 0), (551, 'orangehrmsnew/hs_hr_unique_id', 1, 7, 537, 'Antelope', 'Compact', 0), (553, 'orangehrmsnew/hs_hr_user_group', 1, 6, 539, 'Antelope', 'Compact', 0), (552, 'orangehrmsnew/hs_hr_users', 1, 36, 538, 'Antelope', 'Compact', 0), (554, 'orangehrmsnew/hs_hr_versions', 1, 13, 540, 'Antelope', 'Compact', 0), (555, 'orangehrmsnew/hs_hr_weekends', 1, 5, 541, 'Antelope', 'Compact', 0), (556, 'orangehrmsnew/hs_hr_workshift', 1, 6, 542, 'Antelope', 'Compact', 0), (557, 'orangehrmsnew/hs_pr_salary_currency_detail', 1, 8, 543, 'Antelope', 'Compact', 0), (558, 'orangehrmsnew/hs_pr_salary_grade', 1, 5, 544, 'Antelope', 'Compact', 0), (559, 'orangehrmsnew/testtable', 1, 5, 545, 'Antelope', 'Compact', 0), (893, 'safedrive/drive_list', 1, 8, 879, 'Antelope', 'Compact', 0);


# Dumping structure for table information_schema.INNODB_SYS_TABLESPACES
CREATE TEMPORARY TABLE IF NOT EXISTS `INNODB_SYS_TABLESPACES` (
  `SPACE` int(11) unsigned NOT NULL DEFAULT '0',
  `NAME` varchar(655) NOT NULL DEFAULT '',
  `FLAG` int(11) unsigned NOT NULL DEFAULT '0',
  `FILE_FORMAT` varchar(10) DEFAULT NULL,
  `ROW_FORMAT` varchar(22) DEFAULT NULL,
  `PAGE_SIZE` int(11) unsigned NOT NULL DEFAULT '0',
  `ZIP_PAGE_SIZE` int(11) unsigned NOT NULL DEFAULT '0'
) TYPE=MEMORY;

# Dumping data for table information_schema.INNODB_SYS_TABLESPACES: -1 rows
DELETE FROM `INNODB_SYS_TABLESPACES`;
INSERT INTO `INNODB_SYS_TABLESPACES` (`SPACE`, `NAME`, `FLAG`, `FILE_FORMAT`, `ROW_FORMAT`, `PAGE_SIZE`, `ZIP_PAGE_SIZE`) VALUES (1, 'mysql/innodb_table_stats', 0, 'Antelope', 'Compact or Redundant', 16384, 0), (2, 'mysql/innodb_index_stats', 0, 'Antelope', 'Compact or Redundant', 16384, 0), (3, 'mysql/slave_relay_log_info', 0, 'Antelope', 'Compact or Redundant', 16384, 0), (4, 'mysql/slave_master_info', 0, 'Antelope', 'Compact or Redundant', 16384, 0), (5, 'mysql/slave_worker_info', 0, 'Antelope', 'Compact or Redundant', 16384, 0), (170, 'biec_application/biec_email_message', 0, 'Antelope', 'Compact or Redundant', 16384, 0), (194, 'biec_application/biec_firms', 0, 'Antelope', 'Compact or Redundant', 16384, 0), (195, 'biec_application/biec_indirect_exhibitor_product', 0, 'Antelope', 'Compact or Redundant', 16384, 0), (198, 'biec_application/biec_master_products', 0, 'Antelope', 'Compact or Redundant', 16384, 0), (199, 'biec_application/biec_master_prod_category', 0, 'Antelope', 'Compact or Redundant', 16384, 0), (200, 'biec_application/biec_master_signature_logo', 0, 'Antelope', 'Compact or Redundant', 16384, 0), (201, 'biec_application/biec_master_status', 0, 'Antelope', 'Compact or Redundant', 16384, 0), (206, 'biec_application/biec_members_collaboration', 0, 'Antelope', 'Compact or Redundant', 16384, 0), (207, 'biec_application/biec_members_documents', 0, 'Antelope', 'Compact or Redundant', 16384, 0), (209, 'biec_application/biec_members_foreign_collaboration', 0, 'Antelope', 'Compact or Redundant', 16384, 0), (210, 'biec_application/biec_members_imtma_activities_backup', 0, 'Antelope', 'Compact or Redundant', 16384, 0), (213, 'biec_application/biec_members_invoice_arrears', 0, 'Antelope', 'Compact or Redundant', 16384, 0), (214, 'biec_application/biec_members_production_data', 0, 'Antelope', 'Compact or Redundant', 16384, 0), (215, 'biec_application/biec_members_proposer_entries', 0, 'Antelope', 'Compact or Redundant', 16384, 0), (217, 'biec_application/biec_roles', 0, 'Antelope', 'Compact or Redundant', 16384, 0), (222, 'biec_application/reg_office_address', 0, 'Antelope', 'Compact or Redundant', 16384, 0), (225, 'biec_application/biec_exhibition_catalogue', 0, 'Antelope', 'Compact or Redundant', 16384, 0), (232, 'biec_application/biec_exhibition_misc_entries', 0, 'Antelope', 'Compact or Redundant', 16384, 0), (233, 'biec_application/biec_exhibition_security', 0, 'Antelope', 'Compact or Redundant', 16384, 0), (235, 'biec_application/biec_catalogue_rate_entry', 0, 'Antelope', 'Compact or Redundant', 16384, 0), (242, 'biec_application/biec_exhibitor_misc_payment_data', 0, 'Antelope', 'Compact or Redundant', 16384, 0), (248, 'biec_application/biec_misc_exhibitor_refund', 0, 'Antelope', 'Compact or Redundant', 16384, 0), (249, 'biec_application/biec_user_sessions', 0, 'Antelope', 'Compact or Redundant', 16384, 0), (251, 'biec_application/biec_users', 0, 'Antelope', 'Compact or Redundant', 16384, 0), (451, 'orangehrmsnew/hs_hr_attendance', 0, 'Antelope', 'Compact or Redundant', 16384, 0), (452, 'orangehrmsnew/hs_hr_compstructtree', 0, 'Antelope', 'Compact or Redundant', 16384, 0), (453, 'orangehrmsnew/hs_hr_comp_property', 0, 'Antelope', 'Compact or Redundant', 16384, 0), (454, 'orangehrmsnew/hs_hr_config', 0, 'Antelope', 'Compact or Redundant', 16384, 0), (455, 'orangehrmsnew/hs_hr_country', 0, 'Antelope', 'Compact or Redundant', 16384, 0), (456, 'orangehrmsnew/hs_hr_currency_type', 0, 'Antelope', 'Compact or Redundant', 16384, 0), (457, 'orangehrmsnew/hs_hr_customer', 0, 'Antelope', 'Compact or Redundant', 16384, 0), (458, 'orangehrmsnew/hs_hr_custom_export', 0, 'Antelope', 'Compact or Redundant', 16384, 0), (459, 'orangehrmsnew/hs_hr_custom_fields', 0, 'Antelope', 'Compact or Redundant', 16384, 0), (460, 'orangehrmsnew/hs_hr_custom_import', 0, 'Antelope', 'Compact or Redundant', 16384, 0), (461, 'orangehrmsnew/hs_hr_db_version', 0, 'Antelope', 'Compact or Redundant', 16384, 0), (462, 'orangehrmsnew/hs_hr_developer', 0, 'Antelope', 'Compact or Redundant', 16384, 0), (463, 'orangehrmsnew/hs_hr_district', 0, 'Antelope', 'Compact or Redundant', 16384, 0), (464, 'orangehrmsnew/hs_hr_education', 0, 'Antelope', 'Compact or Redundant', 16384, 0), (465, 'orangehrmsnew/hs_hr_eec', 0, 'Antelope', 'Compact or Redundant', 16384, 0), (466, 'orangehrmsnew/hs_hr_employee', 0, 'Antelope', 'Compact or Redundant', 16384, 0), (467, 'orangehrmsnew/hs_hr_employee_leave_quota', 0, 'Antelope', 'Compact or Redundant', 16384, 0), (468, 'orangehrmsnew/hs_hr_employee_timesheet_period', 0, 'Antelope', 'Compact or Redundant', 16384, 0), (469, 'orangehrmsnew/hs_hr_employee_workshift', 0, 'Antelope', 'Compact or Redundant', 16384, 0), (470, 'orangehrmsnew/hs_hr_empreport', 0, 'Antelope', 'Compact or Redundant', 16384, 0), (471, 'orangehrmsnew/hs_hr_emprep_usergroup', 0, 'Antelope', 'Compact or Redundant', 16384, 0), (472, 'orangehrmsnew/hs_hr_empstat', 0, 'Antelope', 'Compact or Redundant', 16384, 0), (473, 'orangehrmsnew/hs_hr_emp_attachment', 0, 'Antelope', 'Compact or Redundant', 16384, 0), (474, 'orangehrmsnew/hs_hr_emp_basicsalary', 0, 'Antelope', 'Compact or Redundant', 16384, 0), (475, 'orangehrmsnew/hs_hr_emp_children', 0, 'Antelope', 'Compact or Redundant', 16384, 0), (476, 'orangehrmsnew/hs_hr_emp_contract_extend', 0, 'Antelope', 'Compact or Redundant', 16384, 0), (477, 'orangehrmsnew/hs_hr_emp_dependents', 0, 'Antelope', 'Compact or Redundant', 16384, 0), (478, 'orangehrmsnew/hs_hr_emp_directdebit', 0, 'Antelope', 'Compact or Redundant', 16384, 0), (479, 'orangehrmsnew/hs_hr_emp_education', 0, 'Antelope', 'Compact or Redundant', 16384, 0), (480, 'orangehrmsnew/hs_hr_emp_emergency_contacts', 0, 'Antelope', 'Compact or Redundant', 16384, 0), (481, 'orangehrmsnew/hs_hr_emp_history_of_ealier_pos', 0, 'Antelope', 'Compact or Redundant', 16384, 0), (482, 'orangehrmsnew/hs_hr_emp_jobtitle_history', 0, 'Antelope', 'Compact or Redundant', 16384, 0), (483, 'orangehrmsnew/hs_hr_emp_language', 0, 'Antelope', 'Compact or Redundant', 16384, 0), (484, 'orangehrmsnew/hs_hr_emp_licenses', 0, 'Antelope', 'Compact or Redundant', 16384, 0), (485, 'orangehrmsnew/hs_hr_emp_locations', 0, 'Antelope', 'Compact or Redundant', 16384, 0), (486, 'orangehrmsnew/hs_hr_emp_location_history', 0, 'Antelope', 'Compact or Redundant', 16384, 0), (487, 'orangehrmsnew/hs_hr_emp_member_detail', 0, 'Antelope', 'Compact or Redundant', 16384, 0), (488, 'orangehrmsnew/hs_hr_emp_passport', 0, 'Antelope', 'Compact or Redundant', 16384, 0), (489, 'orangehrmsnew/hs_hr_emp_picture', 0, 'Antelope', 'Compact or Redundant', 16384, 0), (490, 'orangehrmsnew/hs_hr_emp_reportto', 0, 'Antelope', 'Compact or Redundant', 16384, 0), (491, 'orangehrmsnew/hs_hr_emp_skill', 0, 'Antelope', 'Compact or Redundant', 16384, 0), (492, 'orangehrmsnew/hs_hr_emp_somu', 0, 'Antelope', 'Compact or Redundant', 16384, 0), (493, 'orangehrmsnew/hs_hr_emp_subdivision_history', 0, 'Antelope', 'Compact or Redundant', 16384, 0), (494, 'orangehrmsnew/hs_hr_emp_us_tax', 0, 'Antelope', 'Compact or Redundant', 16384, 0), (495, 'orangehrmsnew/hs_hr_emp_work_experience', 0, 'Antelope', 'Compact or Redundant', 16384, 0), (496, 'orangehrmsnew/hs_hr_ethnic_race', 0, 'Antelope', 'Compact or Redundant', 16384, 0), (497, 'orangehrmsnew/hs_hr_file_version', 0, 'Antelope', 'Compact or Redundant', 16384, 0), (498, 'orangehrmsnew/hs_hr_genderinfo', 0, 'Antelope', 'Compact or Redundant', 16384, 0), (499, 'orangehrmsnew/hs_hr_geninfo', 0, 'Antelope', 'Compact or Redundant', 16384, 0), (500, 'orangehrmsnew/hs_hr_hcs_utility', 0, 'Antelope', 'Compact or Redundant', 16384, 0), (501, 'orangehrmsnew/hs_hr_holidays', 0, 'Antelope', 'Compact or Redundant', 16384, 0), (502, 'orangehrmsnew/hs_hr_hsp', 0, 'Antelope', 'Compact or Redundant', 16384, 0), (503, 'orangehrmsnew/hs_hr_hsp_payment_request', 0, 'Antelope', 'Compact or Redundant', 16384, 0), (504, 'orangehrmsnew/hs_hr_hsp_summary', 0, 'Antelope', 'Compact or Redundant', 16384, 0), (505, 'orangehrmsnew/hs_hr_jobtit_empstat', 0, 'Antelope', 'Compact or Redundant', 16384, 0), (506, 'orangehrmsnew/hs_hr_job_application', 0, 'Antelope', 'Compact or Redundant', 16384, 0), (507, 'orangehrmsnew/hs_hr_job_application_events', 0, 'Antelope', 'Compact or Redundant', 16384, 0), (508, 'orangehrmsnew/hs_hr_job_spec', 0, 'Antelope', 'Compact or Redundant', 16384, 0), (509, 'orangehrmsnew/hs_hr_job_title', 0, 'Antelope', 'Compact or Redundant', 16384, 0), (510, 'orangehrmsnew/hs_hr_job_vacancy', 0, 'Antelope', 'Compact or Redundant', 16384, 0), (511, 'orangehrmsnew/hs_hr_kpi', 0, 'Antelope', 'Compact or Redundant', 16384, 0), (512, 'orangehrmsnew/hs_hr_language', 0, 'Antelope', 'Compact or Redundant', 16384, 0), (513, 'orangehrmsnew/hs_hr_leave', 0, 'Antelope', 'Compact or Redundant', 16384, 0), (514, 'orangehrmsnew/hs_hr_leavetype', 0, 'Antelope', 'Compact or Redundant', 16384, 0), (515, 'orangehrmsnew/hs_hr_leave_period', 0, 'Antelope', 'Compact or Redundant', 16384, 0), (516, 'orangehrmsnew/hs_hr_leave_requests', 0, 'Antelope', 'Compact or Redundant', 16384, 0), (517, 'orangehrmsnew/hs_hr_licenses', 0, 'Antelope', 'Compact or Redundant', 16384, 0), (518, 'orangehrmsnew/hs_hr_location', 0, 'Antelope', 'Compact or Redundant', 16384, 0), (519, 'orangehrmsnew/hs_hr_mailnotifications', 0, 'Antelope', 'Compact or Redundant', 16384, 0), (520, 'orangehrmsnew/hs_hr_membership', 0, 'Antelope', 'Compact or Redundant', 16384, 0), (521, 'orangehrmsnew/hs_hr_membership_type', 0, 'Antelope', 'Compact or Redundant', 16384, 0), (522, 'orangehrmsnew/hs_hr_module', 0, 'Antelope', 'Compact or Redundant', 16384, 0), (523, 'orangehrmsnew/hs_hr_nationality', 0, 'Antelope', 'Compact or Redundant', 16384, 0), (524, 'orangehrmsnew/hs_hr_payperiod', 0, 'Antelope', 'Compact or Redundant', 16384, 0), (525, 'orangehrmsnew/hs_hr_pay_period', 0, 'Antelope', 'Compact or Redundant', 16384, 0), (526, 'orangehrmsnew/hs_hr_performance_review', 0, 'Antelope', 'Compact or Redundant', 16384, 0), (527, 'orangehrmsnew/hs_hr_performance_review_comments', 0, 'Antelope', 'Compact or Redundant', 16384, 0), (528, 'orangehrmsnew/hs_hr_project', 0, 'Antelope', 'Compact or Redundant', 16384, 0), (529, 'orangehrmsnew/hs_hr_project_activity', 0, 'Antelope', 'Compact or Redundant', 16384, 0), (530, 'orangehrmsnew/hs_hr_project_admin', 0, 'Antelope', 'Compact or Redundant', 16384, 0), (531, 'orangehrmsnew/hs_hr_province', 0, 'Antelope', 'Compact or Redundant', 16384, 0), (532, 'orangehrmsnew/hs_hr_rights', 0, 'Antelope', 'Compact or Redundant', 16384, 0), (533, 'orangehrmsnew/hs_hr_skill', 0, 'Antelope', 'Compact or Redundant', 16384, 0), (534, 'orangehrmsnew/hs_hr_timesheet', 0, 'Antelope', 'Compact or Redundant', 16384, 0), (535, 'orangehrmsnew/hs_hr_timesheet_submission_period', 0, 'Antelope', 'Compact or Redundant', 16384, 0), (536, 'orangehrmsnew/hs_hr_time_event', 0, 'Antelope', 'Compact or Redundant', 16384, 0), (537, 'orangehrmsnew/hs_hr_unique_id', 0, 'Antelope', 'Compact or Redundant', 16384, 0), (538, 'orangehrmsnew/hs_hr_users', 0, 'Antelope', 'Compact or Redundant', 16384, 0), (539, 'orangehrmsnew/hs_hr_user_group', 0, 'Antelope', 'Compact or Redundant', 16384, 0), (540, 'orangehrmsnew/hs_hr_versions', 0, 'Antelope', 'Compact or Redundant', 16384, 0), (541, 'orangehrmsnew/hs_hr_weekends', 0, 'Antelope', 'Compact or Redundant', 16384, 0), (542, 'orangehrmsnew/hs_hr_workshift', 0, 'Antelope', 'Compact or Redundant', 16384, 0), (543, 'orangehrmsnew/hs_pr_salary_currency_detail', 0, 'Antelope', 'Compact or Redundant', 16384, 0), (544, 'orangehrmsnew/hs_pr_salary_grade', 0, 'Antelope', 'Compact or Redundant', 16384, 0), (545, 'orangehrmsnew/testtable', 0, 'Antelope', 'Compact or Redundant', 16384, 0), (548, 'biec_application/master_states', 0, 'Antelope', 'Compact or Redundant', 16384, 0), (644, 'biec_application/biec_members_executive_council', 0, 'Antelope', 'Compact or Redundant', 16384, 0), (655, 'biec_application/biec_members_ref_documents', 0, 'Antelope', 'Compact or Redundant', 16384, 0), (736, 'biec_application/biec_financial_invoice', 0, 'Antelope', 'Compact or Redundant', 16384, 0), (743, 'biec_application/biec_members_activity', 0, 'Antelope', 'Compact or Redundant', 16384, 0), (744, 'biec_billing/billing_roles', 0, 'Antelope', 'Compact or Redundant', 16384, 0), (747, 'biec_billing/billing_shows_conference_center', 0, 'Antelope', 'Compact or Redundant', 16384, 0), (748, 'biec_billing/billing_shows_deffer_payment_tracking', 0, 'Antelope', 'Compact or Redundant', 16384, 0), (752, 'biec_billing/billing_shows_payment_tracking', 0, 'Antelope', 'Compact or Redundant', 16384, 0), (754, 'biec_billing/billing_shows_utilities_serivices', 0, 'Antelope', 'Compact or Redundant', 16384, 0), (755, 'biec_billing/logins', 0, 'Antelope', 'Compact or Redundant', 16384, 0), (756, 'biec_billing/login_sessions', 0, 'Antelope', 'Compact or Redundant', 16384, 0), (757, 'biec_billing/master_bank_name', 0, 'Antelope', 'Compact or Redundant', 16384, 0), (761, 'biec_billing/master_modules', 0, 'Antelope', 'Compact or Redundant', 16384, 0), (762, 'biec_billing/master_module_items', 0, 'Antelope', 'Compact or Redundant', 16384, 0), (766, 'biec_billing/master_states', 0, 'Antelope', 'Compact or Redundant', 16384, 0), (769, 'biec_billing/users', 0, 'Antelope', 'Compact or Redundant', 16384, 0), (774, 'biec_application/biec_exhibitor_billing_address', 0, 'Antelope', 'Compact or Redundant', 16384, 0), (779, 'biec_application/biec_exhibitor_payment_schedule', 0, 'Antelope', 'Compact or Redundant', 16384, 0), (780, 'biec_application/biec_master_bank_name', 0, 'Antelope', 'Compact or Redundant', 16384, 0), (781, 'biec_application/biec_master_state_list', 0, 'Antelope', 'Compact or Redundant', 16384, 0), (788, 'biec_billing/billing_shows_number', 0, 'Antelope', 'Compact or Redundant', 16384, 0), (790, 'biec_billing/billing_shows_open_area', 0, 'Antelope', 'Compact or Redundant', 16384, 0), (791, 'biec_application/biec_graph_invoices', 0, 'Antelope', 'Compact or Redundant', 16384, 0), (807, 'biec_application/temp_representatives', 0, 'Antelope', 'Compact or Redundant', 16384, 0), (809, 'bms/admin_logins', 0, 'Antelope', 'Compact or Redundant', 16384, 0), (810, 'bms/admin_login_sessions', 0, 'Antelope', 'Compact or Redundant', 16384, 0), (811, 'bms/admin_modules', 0, 'Antelope', 'Compact or Redundant', 16384, 0), (813, 'bms/admin_roles', 0, 'Antelope', 'Compact or Redundant', 16384, 0), (814, 'bms/admin_users', 0, 'Antelope', 'Compact or Redundant', 16384, 0), (818, 'bms/master_exhibitions', 0, 'Antelope', 'Compact or Redundant', 16384, 0), (819, 'bms/master_subcategories', 0, 'Antelope', 'Compact or Redundant', 16384, 0), (820, 'bms/master_subsubcategories', 0, 'Antelope', 'Compact or Redundant', 16384, 0), (821, 'bms/payment_authorisation', 0, 'Antelope', 'Compact or Redundant', 16384, 0), (824, 'bms/admin_module_items', 0, 'Antelope', 'Compact or Redundant', 16384, 0), (835, 'bms/vendor', 0, 'Antelope', 'Compact or Redundant', 16384, 0), (836, 'bms/master_vendor_categories', 0, 'Antelope', 'Compact or Redundant', 16384, 0), (838, 'bms/budget_payment', 0, 'Antelope', 'Compact or Redundant', 16384, 0), (840, 'bms/ind_frn_income_summary', 0, 'Antelope', 'Compact or Redundant', 16384, 0), (841, 'bms/raw_shell_income_summary', 0, 'Antelope', 'Compact or Redundant', 16384, 0), (842, 'bms/income_summary', 0, 'Antelope', 'Compact or Redundant', 16384, 0), (843, 'biec_application/temp_join_date', 0, 'Antelope', 'Compact or Redundant', 16384, 0), (854, 'biec_billing/billing_shows_signage', 0, 'Antelope', 'Compact or Redundant', 16384, 0), (855, 'bms/master_categories', 0, 'Antelope', 'Compact or Redundant', 16384, 0), (857, 'bms/budget_list', 0, 'Antelope', 'Compact or Redundant', 16384, 0), (858, 'bms/budget_head_types', 0, 'Antelope', 'Compact or Redundant', 16384, 0), (859, 'biec_application/biec_compaints_user_sessions', 0, 'Antelope', 'Compact or Redundant', 16384, 0), (860, 'biec_application/biec_complaints_roles', 0, 'Antelope', 'Compact or Redundant', 16384, 0), (861, 'biec_application/biec_complaints_users', 0, 'Antelope', 'Compact or Redundant', 16384, 0), (862, 'biec_application/complaint_categories', 0, 'Antelope', 'Compact or Redundant', 16384, 0), (864, 'biec_application/master_complaint_modules', 0, 'Antelope', 'Compact or Redundant', 16384, 0), (865, 'biec_application/master_complaint_module_items', 0, 'Antelope', 'Compact or Redundant', 16384, 0), (866, 'biec_application/master_halls', 0, 'Antelope', 'Compact or Redundant', 16384, 0), (869, 'bms/invoice_soft_copies', 0, 'Antelope', 'Compact or Redundant', 16384, 0), (870, 'bms/invoice_soft_copy_attachments', 0, 'Antelope', 'Compact or Redundant', 16384, 0), (873, 'biec_application/complaint_attachements', 0, 'Antelope', 'Compact or Redundant', 16384, 0), (874, 'biec_application/exhibition_complaints', 0, 'Antelope', 'Compact or Redundant', 16384, 0), (879, 'safedrive/drive_list', 0, 'Antelope', 'Compact or Redundant', 16384, 0), (884, 'biec_dmtx/biec_catalogue_rate_entry', 0, 'Antelope', 'Compact or Redundant', 16384, 0), (885, 'biec_dmtx/biec_currency_master', 0, 'Antelope', 'Compact or Redundant', 16384, 0), (886, 'biec_dmtx/biec_email_message', 0, 'Antelope', 'Compact or Redundant', 16384, 0), (888, 'biec_dmtx/biec_exhibition_catalogue', 0, 'Antelope', 'Compact or Redundant', 16384, 0), (894, 'biec_dmtx/biec_exhibition_misc_entries', 0, 'Antelope', 'Compact or Redundant', 16384, 0), (895, 'biec_dmtx/biec_exhibition_security', 0, 'Antelope', 'Compact or Redundant', 16384, 0), (904, 'biec_dmtx/biec_exhibitor_misc_payment_data', 0, 'Antelope', 'Compact or Redundant', 16384, 0), (906, 'biec_dmtx/biec_exhibitor_payment_schedule', 0, 'Antelope', 'Compact or Redundant', 16384, 0), (911, 'biec_dmtx/biec_financial_invoice', 0, 'Antelope', 'Compact or Redundant', 16384, 0), (912, 'biec_dmtx/biec_firms', 0, 'Antelope', 'Compact or Redundant', 16384, 0), (913, 'biec_dmtx/biec_graph_invoices', 0, 'Antelope', 'Compact or Redundant', 16384, 0), (914, 'biec_dmtx/biec_indirect_exhibitor_product', 0, 'Antelope', 'Compact or Redundant', 16384, 0), (915, 'biec_dmtx/biec_master_bank_name', 0, 'Antelope', 'Compact or Redundant', 16384, 0), (916, 'biec_dmtx/biec_master_halls', 0, 'Antelope', 'Compact or Redundant', 16384, 0), (917, 'biec_dmtx/biec_master_products', 0, 'Antelope', 'Compact or Redundant', 16384, 0), (918, 'biec_dmtx/biec_master_prod_category', 0, 'Antelope', 'Compact or Redundant', 16384, 0), (919, 'biec_dmtx/biec_master_signature_logo', 0, 'Antelope', 'Compact or Redundant', 16384, 0), (920, 'biec_dmtx/biec_master_state_list', 0, 'Antelope', 'Compact or Redundant', 16384, 0), (921, 'biec_dmtx/biec_master_tax', 0, 'Antelope', 'Compact or Redundant', 16384, 0);
INSERT INTO `INNODB_SYS_TABLESPACES` (`SPACE`, `NAME`, `FLAG`, `FILE_FORMAT`, `ROW_FORMAT`, `PAGE_SIZE`, `ZIP_PAGE_SIZE`) VALUES (922, 'biec_dmtx/biec_misc_exhibitor_refund', 0, 'Antelope', 'Compact or Redundant', 16384, 0), (923, 'biec_dmtx/biec_roles', 0, 'Antelope', 'Compact or Redundant', 16384, 0), (924, 'biec_dmtx/biec_users', 0, 'Antelope', 'Compact or Redundant', 16384, 0), (925, 'biec_dmtx/biec_user_sessions', 0, 'Antelope', 'Compact or Redundant', 16384, 0), (926, 'biec_dmtx/master_halls', 0, 'Antelope', 'Compact or Redundant', 16384, 0), (927, 'biec_dmtx/master_modules', 0, 'Antelope', 'Compact or Redundant', 16384, 0), (928, 'biec_dmtx/master_module_items', 0, 'Antelope', 'Compact or Redundant', 16384, 0), (929, 'biec_dmtx/master_states', 0, 'Antelope', 'Compact or Redundant', 16384, 0), (930, 'biec_dmtx/reg_office_address', 0, 'Antelope', 'Compact or Redundant', 16384, 0), (937, 'biec_dmtx/biec_exhibitor_billing_address', 0, 'Antelope', 'Compact or Redundant', 16384, 0), (941, 'biec_application/biec_master_halls', 0, 'Antelope', 'Compact or Redundant', 16384, 0), (967, 'bms/purchase_order', 0, 'Antelope', 'Compact or Redundant', 16384, 0), (968, 'biec_billing/billing_shows_hall_details', 0, 'Antelope', 'Compact or Redundant', 16384, 0), (969, 'biec_billing/billing_shows_reduce_space', 0, 'Antelope', 'Compact or Redundant', 16384, 0), (986, 'biec_dmtx/biec_exhibitor_product', 0, 'Antelope', 'Compact or Redundant', 16384, 0), (987, 'biec_application/biec_exhibitor_product', 0, 'Antelope', 'Compact or Redundant', 16384, 0), (1021, 'biec_billing/billing_shows_miscellaneous', 0, 'Antelope', 'Compact or Redundant', 16384, 0), (1049, 'hrms_db/departments', 0, 'Antelope', 'Compact or Redundant', 16384, 0), (1050, 'hrms_db/employees', 0, 'Antelope', 'Compact or Redundant', 16384, 0), (1051, 'hrms_db/employee_admin_hod_link', 0, 'Antelope', 'Compact or Redundant', 16384, 0), (1052, 'hrms_db/employee_hod_link', 0, 'Antelope', 'Compact or Redundant', 16384, 0), (1053, 'hrms_db/hs_hr_compstructtree', 0, 'Antelope', 'Compact or Redundant', 16384, 0), (1054, 'hrms_db/hs_hr_employee', 0, 'Antelope', 'Compact or Redundant', 16384, 0), (1055, 'hrms_db/hs_hr_job_title', 0, 'Antelope', 'Compact or Redundant', 16384, 0), (1056, 'hrms_db/master_designation', 0, 'Antelope', 'Compact or Redundant', 16384, 0), (1057, 'biec_application/biec_exhibition_sponsorship_rate_entry', 0, 'Antelope', 'Compact or Redundant', 16384, 0), (1058, 'biec_dmtx/biec_exhibition_sponsorship_rate_entry', 0, 'Antelope', 'Compact or Redundant', 16384, 0), (1068, 'biec_application/biec_exhibitor_refund', 0, 'Antelope', 'Compact or Redundant', 16384, 0), (1069, 'biec_dmtx/biec_exhibitor_refund', 0, 'Antelope', 'Compact or Redundant', 16384, 0), (1071, 'biec_travel/app_logins', 0, 'Antelope', 'Compact or Redundant', 16384, 0), (1072, 'biec_travel/app_login_sessions', 0, 'Antelope', 'Compact or Redundant', 16384, 0), (1073, 'biec_travel/app_modules', 0, 'Antelope', 'Compact or Redundant', 16384, 0), (1074, 'biec_travel/app_module_items', 0, 'Antelope', 'Compact or Redundant', 16384, 0), (1075, 'biec_travel/app_roles', 0, 'Antelope', 'Compact or Redundant', 16384, 0), (1076, 'biec_travel/designations', 0, 'Antelope', 'Compact or Redundant', 16384, 0), (1077, 'biec_travel/error_messages', 0, 'Antelope', 'Compact or Redundant', 16384, 0), (1078, 'biec_travel/invoice_soft_copies', 0, 'Antelope', 'Compact or Redundant', 16384, 0), (1079, 'biec_travel/invoice_soft_copy_attachments', 0, 'Antelope', 'Compact or Redundant', 16384, 0), (1080, 'biec_travel/master_email_messages', 0, 'Antelope', 'Compact or Redundant', 16384, 0), (1081, 'biec_travel/master_requisitions_list', 0, 'Antelope', 'Compact or Redundant', 16384, 0), (1082, 'biec_travel/master_vehicle_details', 0, 'Antelope', 'Compact or Redundant', 16384, 0), (1083, 'biec_travel/payment_authorisation', 0, 'Antelope', 'Compact or Redundant', 16384, 0), (1084, 'biec_travel/purchase_orders', 0, 'Antelope', 'Compact or Redundant', 16384, 0), (1087, 'biec_travel/requisition_status', 0, 'Antelope', 'Compact or Redundant', 16384, 0), (1088, 'biec_travel/transports', 0, 'Antelope', 'Compact or Redundant', 16384, 0), (1089, 'biec_travel/transport_vehicle_link', 0, 'Antelope', 'Compact or Redundant', 16384, 0), (1090, 'biec_travel/users', 0, 'Antelope', 'Compact or Redundant', 16384, 0), (1091, 'biec_travel/vendors', 0, 'Antelope', 'Compact or Redundant', 16384, 0), (1095, 'biec_travel/requisitions_items', 0, 'Antelope', 'Compact or Redundant', 16384, 0), (1096, 'biec_travel/requisitions', 0, 'Antelope', 'Compact or Redundant', 16384, 0), (1097, 'biec_travel/master_requisitions_status', 0, 'Antelope', 'Compact or Redundant', 16384, 0), (1100, 'biec_application/biec_exhibition_catalogue_details', 0, 'Antelope', 'Compact or Redundant', 16384, 0), (1104, 'biec_application/biec_exhibition_sponsorship_details', 0, 'Antelope', 'Compact or Redundant', 16384, 0), (1107, 'biec_dmtx/biec_exhibition_catalogue_details', 0, 'Antelope', 'Compact or Redundant', 16384, 0), (1109, 'biec_dmtx/biec_exhibition_sponsorship_details', 0, 'Antelope', 'Compact or Redundant', 16384, 0), (1118, 'imtma_budget_mgmt/activities', 0, 'Antelope', 'Compact or Redundant', 16384, 0), (1119, 'imtma_budget_mgmt/app_logins', 0, 'Antelope', 'Compact or Redundant', 16384, 0), (1120, 'imtma_budget_mgmt/app_login_sessions', 0, 'Antelope', 'Compact or Redundant', 16384, 0), (1121, 'imtma_budget_mgmt/app_modules', 0, 'Antelope', 'Compact or Redundant', 16384, 0), (1122, 'imtma_budget_mgmt/app_module_items', 0, 'Antelope', 'Compact or Redundant', 16384, 0), (1123, 'imtma_budget_mgmt/app_roles', 0, 'Antelope', 'Compact or Redundant', 16384, 0), (1124, 'imtma_budget_mgmt/budget_allotment', 0, 'Antelope', 'Compact or Redundant', 16384, 0), (1125, 'imtma_budget_mgmt/departments', 0, 'Antelope', 'Compact or Redundant', 16384, 0), (1126, 'imtma_budget_mgmt/departments_heads_link', 0, 'Antelope', 'Compact or Redundant', 16384, 0), (1127, 'imtma_budget_mgmt/error_messages', 0, 'Antelope', 'Compact or Redundant', 16384, 0), (1128, 'imtma_budget_mgmt/invoices', 0, 'Antelope', 'Compact or Redundant', 16384, 0), (1129, 'imtma_budget_mgmt/invoice_soft_copies', 0, 'Antelope', 'Compact or Redundant', 16384, 0), (1130, 'imtma_budget_mgmt/invoice_soft_copy_attachments', 0, 'Antelope', 'Compact or Redundant', 16384, 0), (1131, 'imtma_budget_mgmt/master_email_messages', 0, 'Antelope', 'Compact or Redundant', 16384, 0), (1132, 'imtma_budget_mgmt/master_heads', 0, 'Antelope', 'Compact or Redundant', 16384, 0), (1133, 'imtma_budget_mgmt/master_job_titles', 0, 'Antelope', 'Compact or Redundant', 16384, 0), (1134, 'imtma_budget_mgmt/master_vendor_types', 0, 'Antelope', 'Compact or Redundant', 16384, 0), (1135, 'imtma_budget_mgmt/purchase_orders', 0, 'Antelope', 'Compact or Redundant', 16384, 0), (1136, 'imtma_budget_mgmt/templates', 0, 'Antelope', 'Compact or Redundant', 16384, 0), (1137, 'imtma_budget_mgmt/templates_heads_link', 0, 'Antelope', 'Compact or Redundant', 16384, 0), (1138, 'imtma_budget_mgmt/users', 0, 'Antelope', 'Compact or Redundant', 16384, 0), (1139, 'imtma_budget_mgmt/vendors', 0, 'Antelope', 'Compact or Redundant', 16384, 0), (1140, 'imtma_budget_mgmt/vendor_branches', 0, 'Antelope', 'Compact or Redundant', 16384, 0), (1142, 'biec_application/biec_miscellaneous_data_details', 0, 'Antelope', 'Compact or Redundant', 16384, 0), (1145, 'biec_application/biec_miscellaneous_rate_entry', 0, 'Antelope', 'Compact or Redundant', 16384, 0), (1147, 'biec_dmtx/biec_miscellaneous_data_details', 0, 'Antelope', 'Compact or Redundant', 16384, 0), (1150, 'biec_dmtx/biec_miscellaneous_rate_entry', 0, 'Antelope', 'Compact or Redundant', 16384, 0), (1160, 'biec_billing/master_halls', 0, 'Antelope', 'Compact or Redundant', 16384, 0), (1161, 'biec_billing/master_open_area', 0, 'Antelope', 'Compact or Redundant', 16384, 0), (1162, 'biec_billing/master_conference_center', 0, 'Antelope', 'Compact or Redundant', 16384, 0), (1163, 'biec_billing/master_utilities_services', 0, 'Antelope', 'Compact or Redundant', 16384, 0), (1164, 'biec_billing/master_signage', 0, 'Antelope', 'Compact or Redundant', 16384, 0), (1165, 'biec_billing/master_signage_charges', 0, 'Antelope', 'Compact or Redundant', 16384, 0), (1166, 'biec_billing/master_hall_additional_facilities', 0, 'Antelope', 'Compact or Redundant', 16384, 0), (1169, 'biec_billing/master_accounts', 0, 'Antelope', 'Compact or Redundant', 16384, 0), (1297, 'biec_application_staging/biec_catalogue_rate_entry', 0, 'Antelope', 'Compact or Redundant', 16384, 0), (1298, 'biec_application_staging/biec_compaints_user_sessions', 0, 'Antelope', 'Compact or Redundant', 16384, 0), (1299, 'biec_application_staging/biec_complaints_roles', 0, 'Antelope', 'Compact or Redundant', 16384, 0), (1300, 'biec_application_staging/biec_complaints_users', 0, 'Antelope', 'Compact or Redundant', 16384, 0), (1302, 'biec_application_staging/biec_email_message', 0, 'Antelope', 'Compact or Redundant', 16384, 0), (1304, 'biec_application_staging/biec_exhibition_catalogue', 0, 'Antelope', 'Compact or Redundant', 16384, 0), (1305, 'biec_application_staging/biec_exhibition_catalogue_details', 0, 'Antelope', 'Compact or Redundant', 16384, 0), (1307, 'biec_application_staging/biec_exhibition_charges', 0, 'Antelope', 'Compact or Redundant', 16384, 0), (1308, 'biec_application_staging/biec_exhibition_conversion_rate', 0, 'Antelope', 'Compact or Redundant', 16384, 0), (1310, 'biec_application_staging/biec_exhibition_logo', 0, 'Antelope', 'Compact or Redundant', 16384, 0), (1311, 'biec_application_staging/biec_exhibition_misc_entries', 0, 'Antelope', 'Compact or Redundant', 16384, 0), (1312, 'biec_application_staging/biec_exhibition_security', 0, 'Antelope', 'Compact or Redundant', 16384, 0), (1315, 'biec_application_staging/biec_exhibition_sponsorship_details', 0, 'Antelope', 'Compact or Redundant', 16384, 0), (1317, 'biec_application_staging/biec_exhibition_sponsorship_rate_entry', 0, 'Antelope', 'Compact or Redundant', 16384, 0), (1321, 'biec_application_staging/biec_exhibitor_billing_address', 0, 'Antelope', 'Compact or Redundant', 16384, 0), (1322, 'biec_application_staging/biec_exhibitor_misc_payment_data', 0, 'Antelope', 'Compact or Redundant', 16384, 0), (1323, 'biec_application_staging/biec_exhibitor_payment', 0, 'Antelope', 'Compact or Redundant', 16384, 0), (1324, 'biec_application_staging/biec_exhibitor_payment_schedule', 0, 'Antelope', 'Compact or Redundant', 16384, 0), (1325, 'biec_application_staging/biec_exhibitor_product', 0, 'Antelope', 'Compact or Redundant', 16384, 0), (1326, 'biec_application_staging/biec_exhibitor_refund', 0, 'Antelope', 'Compact or Redundant', 16384, 0), (1328, 'biec_application_staging/biec_exibitor_allocation', 0, 'Antelope', 'Compact or Redundant', 16384, 0), (1329, 'biec_application_staging/biec_financial_invoice', 0, 'Antelope', 'Compact or Redundant', 16384, 0), (1330, 'biec_application_staging/biec_firms', 0, 'Antelope', 'Compact or Redundant', 16384, 0), (1331, 'biec_application_staging/biec_graph_invoices', 0, 'Antelope', 'Compact or Redundant', 16384, 0), (1332, 'biec_application_staging/biec_indirect_exhibitor_product', 0, 'Antelope', 'Compact or Redundant', 16384, 0), (1333, 'biec_application_staging/biec_master_bank_name', 0, 'Antelope', 'Compact or Redundant', 16384, 0), (1334, 'biec_application_staging/biec_master_halls', 0, 'Antelope', 'Compact or Redundant', 16384, 0), (1336, 'biec_application_staging/biec_master_products', 0, 'Antelope', 'Compact or Redundant', 16384, 0), (1337, 'biec_application_staging/biec_master_prod_category', 0, 'Antelope', 'Compact or Redundant', 16384, 0), (1338, 'biec_application_staging/biec_master_signature_logo', 0, 'Antelope', 'Compact or Redundant', 16384, 0), (1339, 'biec_application_staging/biec_master_state_list', 0, 'Antelope', 'Compact or Redundant', 16384, 0), (1340, 'biec_application_staging/biec_master_status', 0, 'Antelope', 'Compact or Redundant', 16384, 0), (1341, 'biec_application_staging/biec_master_tax', 0, 'Antelope', 'Compact or Redundant', 16384, 0), (1343, 'biec_application_staging/biec_members_activity', 0, 'Antelope', 'Compact or Redundant', 16384, 0), (1344, 'biec_application_staging/biec_members_address', 0, 'Antelope', 'Compact or Redundant', 16384, 0), (1345, 'biec_application_staging/biec_members_collaboration', 0, 'Antelope', 'Compact or Redundant', 16384, 0), (1346, 'biec_application_staging/biec_members_documents', 0, 'Antelope', 'Compact or Redundant', 16384, 0), (1347, 'biec_application_staging/biec_members_executive_council', 0, 'Antelope', 'Compact or Redundant', 16384, 0), (1348, 'biec_application_staging/biec_members_foreign_collaboration', 0, 'Antelope', 'Compact or Redundant', 16384, 0), (1349, 'biec_application_staging/biec_members_imtma_activities', 0, 'Antelope', 'Compact or Redundant', 16384, 0), (1350, 'biec_application_staging/biec_members_imtma_secretariat_visit_list', 0, 'Antelope', 'Compact or Redundant', 16384, 0), (1351, 'biec_application_staging/biec_members_invoice', 0, 'Antelope', 'Compact or Redundant', 16384, 0), (1352, 'biec_application_staging/biec_members_invoice_arrears', 0, 'Antelope', 'Compact or Redundant', 16384, 0), (1353, 'biec_application_staging/biec_members_production_data', 0, 'Antelope', 'Compact or Redundant', 16384, 0), (1354, 'biec_application_staging/biec_members_proposer_entries', 0, 'Antelope', 'Compact or Redundant', 16384, 0), (1355, 'biec_application_staging/biec_members_ref_documents', 0, 'Antelope', 'Compact or Redundant', 16384, 0), (1356, 'biec_application_staging/biec_miscellaneous_data_details', 0, 'Antelope', 'Compact or Redundant', 16384, 0), (1359, 'biec_application_staging/biec_miscellaneous_rate_entry', 0, 'Antelope', 'Compact or Redundant', 16384, 0), (1360, 'biec_application_staging/biec_misc_exhibitor_refund', 0, 'Antelope', 'Compact or Redundant', 16384, 0), (1361, 'biec_application_staging/biec_roles', 0, 'Antelope', 'Compact or Redundant', 16384, 0), (1362, 'biec_application_staging/biec_users', 0, 'Antelope', 'Compact or Redundant', 16384, 0), (1363, 'biec_application_staging/biec_user_sessions', 0, 'Antelope', 'Compact or Redundant', 16384, 0), (1364, 'biec_application_staging/complaint_attachements', 0, 'Antelope', 'Compact or Redundant', 16384, 0), (1365, 'biec_application_staging/complaint_categories', 0, 'Antelope', 'Compact or Redundant', 16384, 0), (1366, 'biec_application_staging/exhibition_complaints', 0, 'Antelope', 'Compact or Redundant', 16384, 0), (1367, 'biec_application_staging/master_complaint_modules', 0, 'Antelope', 'Compact or Redundant', 16384, 0), (1368, 'biec_application_staging/master_complaint_module_items', 0, 'Antelope', 'Compact or Redundant', 16384, 0), (1369, 'biec_application_staging/master_halls', 0, 'Antelope', 'Compact or Redundant', 16384, 0), (1372, 'biec_application_staging/master_states', 0, 'Antelope', 'Compact or Redundant', 16384, 0), (1373, 'biec_application_staging/reg_office_address', 0, 'Antelope', 'Compact or Redundant', 16384, 0), (1374, 'biec_application_staging/temp_join_date', 0, 'Antelope', 'Compact or Redundant', 16384, 0), (1375, 'biec_application_staging/temp_representatives', 0, 'Antelope', 'Compact or Redundant', 16384, 0), (1376, 'biec_dmtx_staging/biec_catalogue_rate_entry', 0, 'Antelope', 'Compact or Redundant', 16384, 0), (1377, 'biec_dmtx_staging/biec_currency_master', 0, 'Antelope', 'Compact or Redundant', 16384, 0), (1378, 'biec_dmtx_staging/biec_email_message', 0, 'Antelope', 'Compact or Redundant', 16384, 0), (1380, 'biec_dmtx_staging/biec_exhibition_catalogue', 0, 'Antelope', 'Compact or Redundant', 16384, 0), (1381, 'biec_dmtx_staging/biec_exhibition_catalogue_details', 0, 'Antelope', 'Compact or Redundant', 16384, 0), (1383, 'biec_dmtx_staging/biec_exhibition_charges', 0, 'Antelope', 'Compact or Redundant', 16384, 0), (1384, 'biec_dmtx_staging/biec_exhibition_conversion_rate', 0, 'Antelope', 'Compact or Redundant', 16384, 0), (1386, 'biec_dmtx_staging/biec_exhibition_logo', 0, 'Antelope', 'Compact or Redundant', 16384, 0), (1387, 'biec_dmtx_staging/biec_exhibition_misc_entries', 0, 'Antelope', 'Compact or Redundant', 16384, 0), (1388, 'biec_dmtx_staging/biec_exhibition_security', 0, 'Antelope', 'Compact or Redundant', 16384, 0), (1389, 'biec_dmtx_staging/biec_exhibition_space_rent', 0, 'Antelope', 'Compact or Redundant', 16384, 0), (1391, 'biec_dmtx_staging/biec_exhibition_sponsorship_details', 0, 'Antelope', 'Compact or Redundant', 16384, 0), (1393, 'biec_dmtx_staging/biec_exhibition_sponsorship_rate_entry', 0, 'Antelope', 'Compact or Redundant', 16384, 0), (1397, 'biec_dmtx_staging/biec_exhibitor_billing_address', 0, 'Antelope', 'Compact or Redundant', 16384, 0), (1398, 'biec_dmtx_staging/biec_exhibitor_misc_payment_data', 0, 'Antelope', 'Compact or Redundant', 16384, 0), (1399, 'biec_dmtx_staging/biec_exhibitor_payment', 0, 'Antelope', 'Compact or Redundant', 16384, 0), (1400, 'biec_dmtx_staging/biec_exhibitor_payment_schedule', 0, 'Antelope', 'Compact or Redundant', 16384, 0), (1401, 'biec_dmtx_staging/biec_exhibitor_product', 0, 'Antelope', 'Compact or Redundant', 16384, 0), (1402, 'biec_dmtx_staging/biec_exhibitor_refund', 0, 'Antelope', 'Compact or Redundant', 16384, 0), (1404, 'biec_dmtx_staging/biec_exibitor_allocation', 0, 'Antelope', 'Compact or Redundant', 16384, 0), (1405, 'biec_dmtx_staging/biec_financial_invoice', 0, 'Antelope', 'Compact or Redundant', 16384, 0), (1406, 'biec_dmtx_staging/biec_firms', 0, 'Antelope', 'Compact or Redundant', 16384, 0), (1407, 'biec_dmtx_staging/biec_graph_invoices', 0, 'Antelope', 'Compact or Redundant', 16384, 0), (1408, 'biec_dmtx_staging/biec_indirect_exhibitor_product', 0, 'Antelope', 'Compact or Redundant', 16384, 0), (1409, 'biec_dmtx_staging/biec_master_bank_name', 0, 'Antelope', 'Compact or Redundant', 16384, 0), (1410, 'biec_dmtx_staging/biec_master_halls', 0, 'Antelope', 'Compact or Redundant', 16384, 0), (1411, 'biec_dmtx_staging/biec_master_products', 0, 'Antelope', 'Compact or Redundant', 16384, 0), (1412, 'biec_dmtx_staging/biec_master_prod_category', 0, 'Antelope', 'Compact or Redundant', 16384, 0), (1413, 'biec_dmtx_staging/biec_master_signature_logo', 0, 'Antelope', 'Compact or Redundant', 16384, 0), (1414, 'biec_dmtx_staging/biec_master_state_list', 0, 'Antelope', 'Compact or Redundant', 16384, 0), (1415, 'biec_dmtx_staging/biec_master_tax', 0, 'Antelope', 'Compact or Redundant', 16384, 0), (1416, 'biec_dmtx_staging/biec_miscellaneous_data_details', 0, 'Antelope', 'Compact or Redundant', 16384, 0), (1419, 'biec_dmtx_staging/biec_miscellaneous_rate_entry', 0, 'Antelope', 'Compact or Redundant', 16384, 0), (1420, 'biec_dmtx_staging/biec_misc_exhibitor_refund', 0, 'Antelope', 'Compact or Redundant', 16384, 0), (1421, 'biec_dmtx_staging/biec_roles', 0, 'Antelope', 'Compact or Redundant', 16384, 0), (1422, 'biec_dmtx_staging/biec_users', 0, 'Antelope', 'Compact or Redundant', 16384, 0), (1423, 'biec_dmtx_staging/biec_user_sessions', 0, 'Antelope', 'Compact or Redundant', 16384, 0), (1424, 'biec_dmtx_staging/master_halls', 0, 'Antelope', 'Compact or Redundant', 16384, 0), (1425, 'biec_dmtx_staging/master_modules', 0, 'Antelope', 'Compact or Redundant', 16384, 0), (1426, 'biec_dmtx_staging/master_module_items', 0, 'Antelope', 'Compact or Redundant', 16384, 0), (1427, 'biec_dmtx_staging/master_states', 0, 'Antelope', 'Compact or Redundant', 16384, 0), (1428, 'biec_dmtx_staging/reg_office_address', 0, 'Antelope', 'Compact or Redundant', 16384, 0), (1429, 'biec_customers/cities', 0, 'Antelope', 'Compact or Redundant', 16384, 0), (1431, 'biec_customers/import_customer_data', 0, 'Antelope', 'Compact or Redundant', 16384, 0), (1432, 'biec_customers/master_country', 0, 'Antelope', 'Compact or Redundant', 16384, 0), (1433, 'biec_customers/master_state_list', 0, 'Antelope', 'Compact or Redundant', 16384, 0), (1434, 'biec_customers/states', 0, 'Antelope', 'Compact or Redundant', 16384, 0), (1435, 'biec_customers_staging/cities', 0, 'Antelope', 'Compact or Redundant', 16384, 0), (1436, 'biec_customers_staging/customers', 0, 'Antelope', 'Compact or Redundant', 16384, 0);
INSERT INTO `INNODB_SYS_TABLESPACES` (`SPACE`, `NAME`, `FLAG`, `FILE_FORMAT`, `ROW_FORMAT`, `PAGE_SIZE`, `ZIP_PAGE_SIZE`) VALUES (1437, 'biec_customers_staging/import_customer_data', 0, 'Antelope', 'Compact or Redundant', 16384, 0), (1438, 'biec_customers_staging/master_country', 0, 'Antelope', 'Compact or Redundant', 16384, 0), (1439, 'biec_customers_staging/master_state_list', 0, 'Antelope', 'Compact or Redundant', 16384, 0), (1440, 'biec_customers_staging/states', 0, 'Antelope', 'Compact or Redundant', 16384, 0), (1441, 'biec_billing_staging/billing_roles', 0, 'Antelope', 'Compact or Redundant', 16384, 0), (1442, 'biec_billing_staging/billing_shows', 0, 'Antelope', 'Compact or Redundant', 16384, 0), (1443, 'biec_billing_staging/billing_shows_additional_facilities', 0, 'Antelope', 'Compact or Redundant', 16384, 0), (1444, 'biec_billing_staging/billing_shows_conference_center', 0, 'Antelope', 'Compact or Redundant', 16384, 0), (1445, 'biec_billing_staging/billing_shows_deffer_payment_tracking', 0, 'Antelope', 'Compact or Redundant', 16384, 0), (1446, 'biec_billing_staging/billing_shows_hall_details', 0, 'Antelope', 'Compact or Redundant', 16384, 0), (1447, 'biec_billing_staging/billing_shows_miscellaneous', 0, 'Antelope', 'Compact or Redundant', 16384, 0), (1448, 'biec_billing_staging/billing_shows_number', 0, 'Antelope', 'Compact or Redundant', 16384, 0), (1449, 'biec_billing_staging/billing_shows_open_area', 0, 'Antelope', 'Compact or Redundant', 16384, 0), (1451, 'biec_billing_staging/billing_shows_payment_tracking', 0, 'Antelope', 'Compact or Redundant', 16384, 0), (1452, 'biec_billing_staging/billing_shows_reduce_space', 0, 'Antelope', 'Compact or Redundant', 16384, 0), (1453, 'biec_billing_staging/billing_shows_signage', 0, 'Antelope', 'Compact or Redundant', 16384, 0), (1454, 'biec_billing_staging/billing_shows_utilities_serivices', 0, 'Antelope', 'Compact or Redundant', 16384, 0), (1455, 'biec_billing_staging/logins', 0, 'Antelope', 'Compact or Redundant', 16384, 0), (1456, 'biec_billing_staging/login_sessions', 0, 'Antelope', 'Compact or Redundant', 16384, 0), (1457, 'biec_billing_staging/master_accounts', 0, 'Antelope', 'Compact or Redundant', 16384, 0), (1458, 'biec_billing_staging/master_bank_name', 0, 'Antelope', 'Compact or Redundant', 16384, 0), (1459, 'biec_billing_staging/master_conference_center', 0, 'Antelope', 'Compact or Redundant', 16384, 0), (1460, 'biec_billing_staging/master_halls', 0, 'Antelope', 'Compact or Redundant', 16384, 0), (1461, 'biec_billing_staging/master_hall_additional_facilities', 0, 'Antelope', 'Compact or Redundant', 16384, 0), (1462, 'biec_billing_staging/master_modules', 0, 'Antelope', 'Compact or Redundant', 16384, 0), (1463, 'biec_billing_staging/master_module_items', 0, 'Antelope', 'Compact or Redundant', 16384, 0), (1464, 'biec_billing_staging/master_open_area', 0, 'Antelope', 'Compact or Redundant', 16384, 0), (1465, 'biec_billing_staging/master_signage', 0, 'Antelope', 'Compact or Redundant', 16384, 0), (1466, 'biec_billing_staging/master_signage_charges', 0, 'Antelope', 'Compact or Redundant', 16384, 0), (1467, 'biec_billing_staging/master_states', 0, 'Antelope', 'Compact or Redundant', 16384, 0), (1468, 'biec_billing_staging/master_tax', 0, 'Antelope', 'Compact or Redundant', 16384, 0), (1469, 'biec_billing_staging/master_utilities_services', 0, 'Antelope', 'Compact or Redundant', 16384, 0), (1470, 'biec_billing_staging/users', 0, 'Antelope', 'Compact or Redundant', 16384, 0), (1471, 'biec_application_staging/temp_mem_category', 0, 'Antelope', 'Compact or Redundant', 16384, 0), (1475, 'biec_application_staging/biec_master_mem_category', 0, 'Antelope', 'Compact or Redundant', 16384, 0), (1478, 'biec_application/biec_master_mem_category', 0, 'Antelope', 'Compact or Redundant', 16384, 0), (1479, 'biec_application/temp_mem_category', 0, 'Antelope', 'Compact or Redundant', 16384, 0), (1489, 'biec_application_staging/biec_exhibition', 0, 'Antelope', 'Compact or Redundant', 16384, 0), (1491, 'biec_dmtx_staging/biec_exhibition', 0, 'Antelope', 'Compact or Redundant', 16384, 0), (1493, 'biec_application_staging/biec_exhibition_space_rent', 0, 'Antelope', 'Compact or Redundant', 16384, 0), (1512, 'biec_customers/customers', 0, 'Antelope', 'Compact or Redundant', 16384, 0), (1516, 'biec_application/temp_exhibitor_19_07_2016', 0, 'Antelope', 'Compact or Redundant', 16384, 0), (1627, 'biec_application_staging/biec_members', 0, 'Antelope', 'Compact or Redundant', 16384, 0), (1638, 'biec_customers/new_code_update', 0, 'Antelope', 'Compact or Redundant', 16384, 0), (1644, 'biec_application/biec_members_information_directory_address', 0, 'Antelope', 'Compact or Redundant', 16384, 0), (1743, 'biec_application/biec_exhibitor_old', 0, 'Antelope', 'Compact or Redundant', 16384, 0), (1747, 'biec_application/biec_exhibition_description', 0, 'Antelope', 'Compact or Redundant', 16384, 0), (1748, 'biec_application_staging/biec_exhibition_description', 0, 'Antelope', 'Compact or Redundant', 16384, 0), (1749, 'biec_dmtx/biec_exhibition_description', 0, 'Antelope', 'Compact or Redundant', 16384, 0), (1750, 'biec_dmtx_staging/biec_exhibition_description', 0, 'Antelope', 'Compact or Redundant', 16384, 0), (1773, 'biec_application/biec_currency_master', 0, 'Antelope', 'Compact or Redundant', 16384, 0), (1774, 'biec_application_staging/biec_currency_master', 0, 'Antelope', 'Compact or Redundant', 16384, 0), (1777, 'biec_application/master_module_items', 0, 'Antelope', 'Compact or Redundant', 16384, 0), (1780, 'biec_application/master_modules', 0, 'Antelope', 'Compact or Redundant', 16384, 0), (1783, 'biec_application_staging/master_modules', 0, 'Antelope', 'Compact or Redundant', 16384, 0), (1786, 'biec_application_staging/master_module_items', 0, 'Antelope', 'Compact or Redundant', 16384, 0), (1789, 'biec_application_staging/biec_exhibition_sponsorship_data_entry', 0, 'Antelope', 'Compact or Redundant', 16384, 0), (1790, 'biec_application_staging/biec_exibition_catalouge_data_entry', 0, 'Antelope', 'Compact or Redundant', 16384, 0), (1793, 'biec_dmtx_staging/biec_exhibition_sponsorship_data_entry', 0, 'Antelope', 'Compact or Redundant', 16384, 0), (1794, 'biec_dmtx_staging/biec_exibition_catalouge_data_entry', 0, 'Antelope', 'Compact or Redundant', 16384, 0), (1795, 'biec_dmtx_staging/biec_miscellaneous_data_entry', 0, 'Antelope', 'Compact or Redundant', 16384, 0), (1798, 'biec_application_staging/biec_miscellaneous_data_entry', 0, 'Antelope', 'Compact or Redundant', 16384, 0), (1908, 'biec_application/xxx_update_member_category', 0, 'Antelope', 'Compact or Redundant', 16384, 0), (2007, 'biec_application_staging/biec_exhibition_catalogue_payment_entry', 0, 'Antelope', 'Compact or Redundant', 16384, 0), (2009, 'biec_dmtx_staging/biec_exhibition_catalogue_payment_entry', 0, 'Antelope', 'Compact or Redundant', 16384, 0), (2010, 'biec_dmtx_staging/biec_exhibition_sponsorship_payment_entry', 0, 'Antelope', 'Compact or Redundant', 16384, 0), (2011, 'biec_dmtx/biec_exhibition_sponsorship_payment_entry', 0, 'Antelope', 'Compact or Redundant', 16384, 0), (2012, 'biec_application_staging/biec_exhibition_sponsorship_payment_entry', 0, 'Antelope', 'Compact or Redundant', 16384, 0), (2013, 'biec_application/biec_exhibition_sponsorship_payment_entry', 0, 'Antelope', 'Compact or Redundant', 16384, 0), (2024, 'biec_dmtx_staging/biec_exhibitors_entry', 0, 'Antelope', 'Compact or Redundant', 16384, 0), (2027, 'biec_dmtx/biec_exhibitors_entry', 0, 'Antelope', 'Compact or Redundant', 16384, 0), (2030, 'biec_application/biec_exhibitors_entry', 0, 'Antelope', 'Compact or Redundant', 16384, 0), (2033, 'biec_application_staging/biec_exhibitors_entry', 0, 'Antelope', 'Compact or Redundant', 16384, 0), (2035, 'biec_application_staging/biec_exhibition_starting_no', 0, 'Antelope', 'Compact or Redundant', 16384, 0), (2037, 'biec_dmtx_staging/biec_exhibition_starting_no', 0, 'Antelope', 'Compact or Redundant', 16384, 0), (2043, 'biec_dmtx_staging/biec_workshop_rate_entry', 0, 'Antelope', 'Compact or Redundant', 16384, 0), (2046, 'biec_dmtx_staging/biec_exibition_workshop_data_entry', 0, 'Antelope', 'Compact or Redundant', 16384, 0), (2049, 'biec_dmtx_staging/biec_exhibition_workshop_details', 0, 'Antelope', 'Compact or Redundant', 16384, 0), (2055, 'biec_dmtx/biec_workshop_rate_entry', 0, 'Antelope', 'Compact or Redundant', 16384, 0), (2061, 'biec_dmtx/biec_exhibition_workshop_details', 0, 'Antelope', 'Compact or Redundant', 16384, 0), (2079, 'biec_application_staging/biec_workshop_rate_entry', 0, 'Antelope', 'Compact or Redundant', 16384, 0), (2082, 'biec_application_staging/biec_exibition_workshop_data_entry', 0, 'Antelope', 'Compact or Redundant', 16384, 0), (2085, 'biec_application_staging/biec_exhibition_workshop_details', 0, 'Antelope', 'Compact or Redundant', 16384, 0), (2091, 'biec_application/biec_workshop_rate_entry', 0, 'Antelope', 'Compact or Redundant', 16384, 0), (2097, 'biec_application/biec_exhibition_workshop_details', 0, 'Antelope', 'Compact or Redundant', 16384, 0), (2103, 'biec_billing/master_tax', 0, 'Antelope', 'Compact or Redundant', 16384, 0), (2111, 'biec_application/biec_members_address', 0, 'Antelope', 'Compact or Redundant', 16384, 0), (2116, 'biec_dmtx/biec_exibitor_allocation', 0, 'Antelope', 'Compact or Redundant', 16384, 0), (2132, 'biec_dmtx/biec_exhibition_catalogue_payment_entry', 0, 'Antelope', 'Compact or Redundant', 16384, 0), (2135, 'biec_dmtx/biec_exhibitor_payment', 0, 'Antelope', 'Compact or Redundant', 16384, 0), (2137, 'biec_application/biec_exhibition_catalogue_payment_entry', 0, 'Antelope', 'Compact or Redundant', 16384, 0), (2148, 'biec_application/temp_payment_process', 0, 'Antelope', 'Compact or Redundant', 16384, 0), (2151, 'biec_dmtx/temp_payment_process', 0, 'Antelope', 'Compact or Redundant', 16384, 0), (2154, 'biec_application/biec_exibitor_allocation', 0, 'Antelope', 'Compact or Redundant', 16384, 0), (2162, 'biec_dmtx/temp_final_invoice_process', 0, 'Antelope', 'Compact or Redundant', 16384, 0), (2166, 'biec_billing/billing_shows_payment_receipt', 0, 'Antelope', 'Compact or Redundant', 16384, 0), (2167, 'biec_billing_staging/billing_shows_payment_receipt', 0, 'Antelope', 'Compact or Redundant', 16384, 0), (2168, 'biec_application/biec_master_tax', 0, 'Antelope', 'Compact or Redundant', 16384, 0), (2271, 'biec_application/temp_final_invoice_process', 0, 'Antelope', 'Compact or Redundant', 16384, 0), (2275, 'biec_application/temp_repush_payment_receipt', 0, 'Antelope', 'Compact or Redundant', 16384, 0), (2317, 'orange_hrms_staging/hs_hr_emp_reportto', 0, 'Antelope', 'Compact or Redundant', 16384, 0), (2318, 'orange_hrms_staging/hs_hr_emp_skill', 0, 'Antelope', 'Compact or Redundant', 16384, 0), (2319, 'orange_hrms_staging/hs_hr_emp_somu', 0, 'Antelope', 'Compact or Redundant', 16384, 0), (2320, 'orange_hrms_staging/hs_hr_emp_subdivision_history', 0, 'Antelope', 'Compact or Redundant', 16384, 0), (2321, 'orange_hrms_staging/hs_hr_emp_us_tax', 0, 'Antelope', 'Compact or Redundant', 16384, 0), (2322, 'orange_hrms_staging/hs_hr_emp_work_experience', 0, 'Antelope', 'Compact or Redundant', 16384, 0), (2323, 'orange_hrms_staging/hs_hr_ethnic_race', 0, 'Antelope', 'Compact or Redundant', 16384, 0), (2324, 'orange_hrms_staging/hs_hr_file_version', 0, 'Antelope', 'Compact or Redundant', 16384, 0), (2325, 'orange_hrms_staging/hs_hr_genderinfo', 0, 'Antelope', 'Compact or Redundant', 16384, 0), (2326, 'orange_hrms_staging/hs_hr_geninfo', 0, 'Antelope', 'Compact or Redundant', 16384, 0), (2327, 'orange_hrms_staging/hs_hr_hcs_utility', 0, 'Antelope', 'Compact or Redundant', 16384, 0), (2328, 'orange_hrms_staging/hs_hr_hod_sub_departs', 0, 'Antelope', 'Compact or Redundant', 16384, 0), (2329, 'orange_hrms_staging/hs_hr_holidays', 0, 'Antelope', 'Compact or Redundant', 16384, 0), (2334, 'orange_hrms_staging/hs_hr_job_application', 0, 'Antelope', 'Compact or Redundant', 16384, 0), (2335, 'orange_hrms_staging/hs_hr_job_application_events', 0, 'Antelope', 'Compact or Redundant', 16384, 0), (2336, 'orange_hrms_staging/hs_hr_job_spec', 0, 'Antelope', 'Compact or Redundant', 16384, 0), (2337, 'orange_hrms_staging/hs_hr_job_title', 0, 'Antelope', 'Compact or Redundant', 16384, 0), (2338, 'orange_hrms_staging/hs_hr_job_vacancy', 0, 'Antelope', 'Compact or Redundant', 16384, 0), (2339, 'orange_hrms_staging/hs_hr_kpi', 0, 'Antelope', 'Compact or Redundant', 16384, 0), (2340, 'orange_hrms_staging/hs_hr_language', 0, 'Antelope', 'Compact or Redundant', 16384, 0), (2341, 'orange_hrms_staging/hs_hr_leave', 0, 'Antelope', 'Compact or Redundant', 16384, 0), (2342, 'orange_hrms_staging/hs_hr_leavetype', 0, 'Antelope', 'Compact or Redundant', 16384, 0), (2343, 'orange_hrms_staging/hs_hr_leave_period', 0, 'Antelope', 'Compact or Redundant', 16384, 0), (2344, 'orange_hrms_staging/hs_hr_leave_requests', 0, 'Antelope', 'Compact or Redundant', 16384, 0), (2345, 'orange_hrms_staging/hs_hr_licenses', 0, 'Antelope', 'Compact or Redundant', 16384, 0), (2346, 'orange_hrms_staging/hs_hr_location', 0, 'Antelope', 'Compact or Redundant', 16384, 0), (2347, 'orange_hrms_staging/hs_hr_mailnotifications', 0, 'Antelope', 'Compact or Redundant', 16384, 0), (2348, 'orange_hrms_staging/hs_hr_membership', 0, 'Antelope', 'Compact or Redundant', 16384, 0), (2349, 'orange_hrms_staging/hs_hr_membership_type', 0, 'Antelope', 'Compact or Redundant', 16384, 0), (2350, 'orange_hrms_staging/hs_hr_module', 0, 'Antelope', 'Compact or Redundant', 16384, 0), (2351, 'orange_hrms_staging/hs_hr_nationality', 0, 'Antelope', 'Compact or Redundant', 16384, 0), (2352, 'orange_hrms_staging/hs_hr_payperiod', 0, 'Antelope', 'Compact or Redundant', 16384, 0), (2353, 'orange_hrms_staging/hs_hr_pay_period', 0, 'Antelope', 'Compact or Redundant', 16384, 0), (2354, 'orange_hrms_staging/hs_hr_performance_review', 0, 'Antelope', 'Compact or Redundant', 16384, 0), (2355, 'orange_hrms_staging/hs_hr_performance_review_comments', 0, 'Antelope', 'Compact or Redundant', 16384, 0), (2356, 'orange_hrms_staging/hs_hr_project', 0, 'Antelope', 'Compact or Redundant', 16384, 0), (2357, 'orange_hrms_staging/hs_hr_project_activity', 0, 'Antelope', 'Compact or Redundant', 16384, 0), (2358, 'orange_hrms_staging/hs_hr_project_admin', 0, 'Antelope', 'Compact or Redundant', 16384, 0), (2359, 'orange_hrms_staging/hs_hr_province', 0, 'Antelope', 'Compact or Redundant', 16384, 0), (2360, 'orange_hrms_staging/hs_hr_rights', 0, 'Antelope', 'Compact or Redundant', 16384, 0), (2361, 'orange_hrms_staging/hs_hr_skill', 0, 'Antelope', 'Compact or Redundant', 16384, 0), (2362, 'orange_hrms_staging/hs_hr_timesheet', 0, 'Antelope', 'Compact or Redundant', 16384, 0), (2363, 'orange_hrms_staging/hs_hr_timesheet_submission_period', 0, 'Antelope', 'Compact or Redundant', 16384, 0), (2364, 'orange_hrms_staging/hs_hr_time_event', 0, 'Antelope', 'Compact or Redundant', 16384, 0), (2365, 'orange_hrms_staging/hs_hr_unique_id', 0, 'Antelope', 'Compact or Redundant', 16384, 0), (2366, 'orange_hrms_staging/hs_hr_users', 0, 'Antelope', 'Compact or Redundant', 16384, 0), (2367, 'orange_hrms_staging/hs_hr_user_group', 0, 'Antelope', 'Compact or Redundant', 16384, 0), (2368, 'orange_hrms_staging/hs_hr_versions', 0, 'Antelope', 'Compact or Redundant', 16384, 0), (2369, 'orange_hrms_staging/hs_hr_weekends', 0, 'Antelope', 'Compact or Redundant', 16384, 0), (2370, 'orange_hrms_staging/hs_hr_workshift', 0, 'Antelope', 'Compact or Redundant', 16384, 0), (2371, 'orange_hrms_staging/hs_pr_salary_currency_detail', 0, 'Antelope', 'Compact or Redundant', 16384, 0), (2372, 'orange_hrms_staging/hs_pr_salary_grade', 0, 'Antelope', 'Compact or Redundant', 16384, 0), (2373, 'orange_hrms_staging/testtable', 0, 'Antelope', 'Compact or Redundant', 16384, 0), (2376, 'biec_application/biec_mmi_magazines', 0, 'Antelope', 'Compact or Redundant', 16384, 0), (2382, 'biec_application/biec_mmi_magazine_catalogue_details', 0, 'Antelope', 'Compact or Redundant', 16384, 0), (2388, 'biec_application/biec_mmi_magazine_catalogue_payment_entry', 0, 'Antelope', 'Compact or Redundant', 16384, 0), (2391, 'biec_application/biec_mmi_rate_entry', 0, 'Antelope', 'Compact or Redundant', 16384, 0), (2394, 'biec_customers/master_vendors', 0, 'Antelope', 'Compact or Redundant', 16384, 0), (2397, 'biec_dmtx_staging/biec_exhibitor', 0, 'Antelope', 'Compact or Redundant', 16384, 0), (2398, 'biec_customers/master_vendors_address', 0, 'Antelope', 'Compact or Redundant', 16384, 0), (2402, 'biec_application/xxx_payment_journal', 0, 'Antelope', 'Compact or Redundant', 16384, 0), (2411, 'biec_dmtx/biec_exhibition_logo', 0, 'Antelope', 'Compact or Redundant', 16384, 0), (2412, 'biec_dmtx/biec_exhibition_starting_no', 0, 'Antelope', 'Compact or Redundant', 16384, 0), (2416, 'biec_application/biec_members_information_directory', 0, 'Antelope', 'Compact or Redundant', 16384, 0), (2426, 'biec_dmtx/biec_exhibition_charges', 0, 'Antelope', 'Compact or Redundant', 16384, 0), (2449, 'biec_dmtx/biec_exhibition_sponsorship_data_entry', 0, 'Antelope', 'Compact or Redundant', 16384, 0), (2450, 'biec_dmtx/biec_exibition_catalouge_data_entry', 0, 'Antelope', 'Compact or Redundant', 16384, 0), (2451, 'biec_dmtx/biec_miscellaneous_data_entry', 0, 'Antelope', 'Compact or Redundant', 16384, 0), (2452, 'biec_billing/billing_shows_additional_facilities', 0, 'Antelope', 'Compact or Redundant', 16384, 0), (2454, 'biec_application/imtma_login_log', 0, 'Antelope', 'Compact or Redundant', 16384, 0), (2457, 'biec_application/imtma_test', 0, 'Antelope', 'Compact or Redundant', 16384, 0), (2460, 'biec_dmtx/biec_exibition_workshop_data_entry', 0, 'Antelope', 'Compact or Redundant', 16384, 0), (2463, 'biec_dmtx/biec_exhibition_space_rent', 0, 'Antelope', 'Compact or Redundant', 16384, 0), (2466, 'biec_application/biec_exhibition_workshop_payment_entry', 0, 'Antelope', 'Compact or Redundant', 16384, 0), (2467, 'biec_dmtx/biec_exhibition_workshop_payment_entry', 0, 'Antelope', 'Compact or Redundant', 16384, 0), (2468, 'biec_dmtx_staging/biec_exhibition_workshop_payment_entry', 0, 'Antelope', 'Compact or Redundant', 16384, 0), (2469, 'biec_application_staging/biec_exhibition_workshop_payment_entry', 0, 'Antelope', 'Compact or Redundant', 16384, 0), (2471, 'biec_application/biec_exibition_workshop_data_entry', 0, 'Antelope', 'Compact or Redundant', 16384, 0), (2477, 'biec_application/biec_members_imtma_activities', 0, 'Antelope', 'Compact or Redundant', 16384, 0), (2489, 'biec_dmtx/biec_exhibition_main_space_rent', 0, 'Antelope', 'Compact or Redundant', 16384, 0), (2492, 'biec_dmtx/biec_exhibition_ame_space_rent', 0, 'Antelope', 'Compact or Redundant', 16384, 0), (2495, 'biec_dmtx/biec_exhibition_industry_space_rent', 0, 'Antelope', 'Compact or Redundant', 16384, 0), (2561, 'orange_hrms_staging/hs_hr_emp_picture', 0, 'Antelope', 'Compact or Redundant', 16384, 0), (3077, 'biec_application/biec_secretariat_visitors_target', 0, 'Antelope', 'Compact or Redundant', 16384, 0), (3079, 'biec_application/biec_secretariat_visitors', 0, 'Antelope', 'Compact or Redundant', 16384, 0), (3080, 'biec_application/biec_members_imtma_secretariat_visit_list', 0, 'Antelope', 'Compact or Redundant', 16384, 0), (3084, 'biec_dmtx/biec_miscellaneous_payment_entry', 0, 'Antelope', 'Compact or Redundant', 16384, 0), (3085, 'biec_application/biec_miscellaneous_payment_entry', 0, 'Antelope', 'Compact or Redundant', 16384, 0), (3086, 'biec_dmtx_staging/biec_miscellaneous_payment_entry', 0, 'Antelope', 'Compact or Redundant', 16384, 0), (3087, 'biec_application_staging/biec_miscellaneous_payment_entry', 0, 'Antelope', 'Compact or Redundant', 16384, 0), (3126, 'biec_application/biec_event_catalogue_details', 0, 'Antelope', 'Compact or Redundant', 16384, 0), (3129, 'biec_application/biec_events', 0, 'Antelope', 'Compact or Redundant', 16384, 0), (3254, 'biec_dmtx/biec_exhibition_conversion_rate', 0, 'Antelope', 'Compact or Redundant', 16384, 0), (3255, 'biec_application/biec_exhibition_conversion_rate', 0, 'Antelope', 'Compact or Redundant', 16384, 0), (3805, 'orange_hrms_staging/areas', 0, 'Antelope', 'Compact or Redundant', 16384, 0), (3806, 'orange_hrms_staging/areas_confirm', 0, 'Antelope', 'Compact or Redundant', 16384, 0), (3807, 'orange_hrms_staging/competency_rating', 0, 'Antelope', 'Compact or Redundant', 16384, 0), (3808, 'orange_hrms_staging/hs_hr_attendance', 0, 'Antelope', 'Compact or Redundant', 16384, 0), (3809, 'orange_hrms_staging/hs_hr_blood_grp_type', 0, 'Antelope', 'Compact or Redundant', 16384, 0), (3810, 'orange_hrms_staging/hs_hr_compstructtree', 0, 'Antelope', 'Compact or Redundant', 16384, 0), (3811, 'orange_hrms_staging/hs_hr_comp_property', 0, 'Antelope', 'Compact or Redundant', 16384, 0);
INSERT INTO `INNODB_SYS_TABLESPACES` (`SPACE`, `NAME`, `FLAG`, `FILE_FORMAT`, `ROW_FORMAT`, `PAGE_SIZE`, `ZIP_PAGE_SIZE`) VALUES (3812, 'orange_hrms_staging/hs_hr_config', 0, 'Antelope', 'Compact or Redundant', 16384, 0), (3813, 'orange_hrms_staging/hs_hr_country', 0, 'Antelope', 'Compact or Redundant', 16384, 0), (3814, 'orange_hrms_staging/hs_hr_currency_type', 0, 'Antelope', 'Compact or Redundant', 16384, 0), (3815, 'orange_hrms_staging/hs_hr_customer', 0, 'Antelope', 'Compact or Redundant', 16384, 0), (3816, 'orange_hrms_staging/hs_hr_custom_export', 0, 'Antelope', 'Compact or Redundant', 16384, 0), (3817, 'orange_hrms_staging/hs_hr_custom_fields', 0, 'Antelope', 'Compact or Redundant', 16384, 0), (3818, 'orange_hrms_staging/hs_hr_custom_import', 0, 'Antelope', 'Compact or Redundant', 16384, 0), (3819, 'orange_hrms_staging/hs_hr_db_version', 0, 'Antelope', 'Compact or Redundant', 16384, 0), (3820, 'orange_hrms_staging/hs_hr_developer', 0, 'Antelope', 'Compact or Redundant', 16384, 0), (3821, 'orange_hrms_staging/hs_hr_district', 0, 'Antelope', 'Compact or Redundant', 16384, 0), (3822, 'orange_hrms_staging/hs_hr_education', 0, 'Antelope', 'Compact or Redundant', 16384, 0), (3823, 'orange_hrms_staging/hs_hr_eec', 0, 'Antelope', 'Compact or Redundant', 16384, 0), (3824, 'orange_hrms_staging/hs_hr_employee', 0, 'Antelope', 'Compact or Redundant', 16384, 0), (3825, 'orange_hrms_staging/hs_hr_employee_feedback', 0, 'Antelope', 'Compact or Redundant', 16384, 0), (3826, 'orange_hrms_staging/hs_hr_employee_leave_quota', 0, 'Antelope', 'Compact or Redundant', 16384, 0), (3827, 'orange_hrms_staging/hs_hr_employee_timesheet_period', 0, 'Antelope', 'Compact or Redundant', 16384, 0), (3828, 'orange_hrms_staging/hs_hr_employee_workshift', 0, 'Antelope', 'Compact or Redundant', 16384, 0), (3829, 'orange_hrms_staging/hs_hr_empreport', 0, 'Antelope', 'Compact or Redundant', 16384, 0), (3830, 'orange_hrms_staging/hs_hr_emprep_usergroup', 0, 'Antelope', 'Compact or Redundant', 16384, 0), (3831, 'orange_hrms_staging/hs_hr_empstat', 0, 'Antelope', 'Compact or Redundant', 16384, 0), (3832, 'orange_hrms_staging/hs_hr_emp_attachment', 0, 'Antelope', 'Compact or Redundant', 16384, 0), (3833, 'orange_hrms_staging/hs_hr_emp_basicsalary', 0, 'Antelope', 'Compact or Redundant', 16384, 0), (3834, 'orange_hrms_staging/hs_hr_emp_children', 0, 'Antelope', 'Compact or Redundant', 16384, 0), (3835, 'orange_hrms_staging/hs_hr_emp_contract_extend', 0, 'Antelope', 'Compact or Redundant', 16384, 0), (3836, 'orange_hrms_staging/hs_hr_emp_dependents', 0, 'Antelope', 'Compact or Redundant', 16384, 0), (3837, 'orange_hrms_staging/hs_hr_emp_directdebit', 0, 'Antelope', 'Compact or Redundant', 16384, 0), (3838, 'orange_hrms_staging/hs_hr_emp_education', 0, 'Antelope', 'Compact or Redundant', 16384, 0), (3839, 'orange_hrms_staging/hs_hr_emp_emergency_contacts', 0, 'Antelope', 'Compact or Redundant', 16384, 0), (3840, 'orange_hrms_staging/hs_hr_emp_history_of_ealier_pos', 0, 'Antelope', 'Compact or Redundant', 16384, 0), (3841, 'orange_hrms_staging/hs_hr_emp_jobtitle_history', 0, 'Antelope', 'Compact or Redundant', 16384, 0), (3842, 'orange_hrms_staging/hs_hr_emp_language', 0, 'Antelope', 'Compact or Redundant', 16384, 0), (3843, 'orange_hrms_staging/hs_hr_emp_licenses', 0, 'Antelope', 'Compact or Redundant', 16384, 0), (3844, 'orange_hrms_staging/hs_hr_emp_locations', 0, 'Antelope', 'Compact or Redundant', 16384, 0), (3845, 'orange_hrms_staging/hs_hr_emp_location_history', 0, 'Antelope', 'Compact or Redundant', 16384, 0), (3846, 'orange_hrms_staging/hs_hr_emp_member_detail', 0, 'Antelope', 'Compact or Redundant', 16384, 0), (3847, 'orange_hrms_staging/hs_hr_emp_passport', 0, 'Antelope', 'Compact or Redundant', 16384, 0), (3848, 'orange_hrms_staging/hs_hr_hsp', 0, 'Antelope', 'Compact or Redundant', 16384, 0), (3849, 'orange_hrms_staging/hs_hr_hsp_payment_request', 0, 'Antelope', 'Compact or Redundant', 16384, 0), (3850, 'orange_hrms_staging/hs_hr_hsp_summary', 0, 'Antelope', 'Compact or Redundant', 16384, 0), (3851, 'orange_hrms_staging/hs_hr_information_share', 0, 'Antelope', 'Compact or Redundant', 16384, 0), (3852, 'orange_hrms_staging/hs_hr_jobtit_empstat', 0, 'Antelope', 'Compact or Redundant', 16384, 0), (6727, 'biec_application/email_processing', 0, 'Antelope', 'Compact or Redundant', 16384, 0), (6730, 'biec_application/email_templates', 0, 'Antelope', 'Compact or Redundant', 16384, 0), (8800, 'biec_billing/billing_shows', 0, 'Antelope', 'Compact or Redundant', 16384, 0), (14412, 'biec_application/biec_exhibition_starting_no', 0, 'Antelope', 'Compact or Redundant', 16384, 0), (14413, 'biec_application/biec_exhibition_logo', 0, 'Antelope', 'Compact or Redundant', 16384, 0), (14414, 'biec_application/biec_members', 0, 'Antelope', 'Compact or Redundant', 16384, 0), (14844, 'biec_application/biec_event_catalogue_entry', 0, 'Antelope', 'Compact or Redundant', 16384, 0), (14856, 'biec_application/biec_mmi_magazines_settings', 0, 'Antelope', 'Compact or Redundant', 16384, 0), (14857, 'biec_application/biec_mmi_magazine_catalogue_entry', 0, 'Antelope', 'Compact or Redundant', 16384, 0), (14899, 'biec_application/biec_members_invoice', 0, 'Antelope', 'Compact or Redundant', 16384, 0), (14902, 'biec_application/biec_exhibition_space_rent', 0, 'Antelope', 'Compact or Redundant', 16384, 0), (14903, 'biec_application/biec_exhibition_charges', 0, 'Antelope', 'Compact or Redundant', 16384, 0), (15404, 'orangehrms_new/hs_hr_emp_picture', 0, 'Antelope', 'Compact or Redundant', 16384, 0), (15576, 'orangehrms_new/anon', 0, 'Antelope', 'Compact or Redundant', 16384, 0), (15577, 'orangehrms_new/areas', 0, 'Antelope', 'Compact or Redundant', 16384, 0), (15578, 'orangehrms_new/areas_confirm', 0, 'Antelope', 'Compact or Redundant', 16384, 0), (15579, 'orangehrms_new/biometricemail', 0, 'Antelope', 'Compact or Redundant', 16384, 0), (15580, 'orangehrms_new/biometricemail_all', 0, 'Antelope', 'Compact or Redundant', 16384, 0), (15581, 'orangehrms_new/competency_rating', 0, 'Antelope', 'Compact or Redundant', 16384, 0), (15582, 'orangehrms_new/hs_hr_answers', 0, 'Antelope', 'Compact or Redundant', 16384, 0), (15583, 'orangehrms_new/hs_hr_attendance', 0, 'Antelope', 'Compact or Redundant', 16384, 0), (15584, 'orangehrms_new/hs_hr_blood_grp_type', 0, 'Antelope', 'Compact or Redundant', 16384, 0), (15585, 'orangehrms_new/hs_hr_compstructtree', 0, 'Antelope', 'Compact or Redundant', 16384, 0), (15586, 'orangehrms_new/hs_hr_comp_property', 0, 'Antelope', 'Compact or Redundant', 16384, 0), (15587, 'orangehrms_new/hs_hr_config', 0, 'Antelope', 'Compact or Redundant', 16384, 0), (15588, 'orangehrms_new/hs_hr_country', 0, 'Antelope', 'Compact or Redundant', 16384, 0), (15589, 'orangehrms_new/hs_hr_currency_type', 0, 'Antelope', 'Compact or Redundant', 16384, 0), (15590, 'orangehrms_new/hs_hr_customer', 0, 'Antelope', 'Compact or Redundant', 16384, 0), (15591, 'orangehrms_new/hs_hr_custom_export', 0, 'Antelope', 'Compact or Redundant', 16384, 0), (15592, 'orangehrms_new/hs_hr_custom_fields', 0, 'Antelope', 'Compact or Redundant', 16384, 0), (15593, 'orangehrms_new/hs_hr_custom_import', 0, 'Antelope', 'Compact or Redundant', 16384, 0), (15594, 'orangehrms_new/hs_hr_db_version', 0, 'Antelope', 'Compact or Redundant', 16384, 0), (15595, 'orangehrms_new/hs_hr_developer', 0, 'Antelope', 'Compact or Redundant', 16384, 0), (15596, 'orangehrms_new/hs_hr_district', 0, 'Antelope', 'Compact or Redundant', 16384, 0), (15597, 'orangehrms_new/hs_hr_education', 0, 'Antelope', 'Compact or Redundant', 16384, 0), (15598, 'orangehrms_new/hs_hr_eec', 0, 'Antelope', 'Compact or Redundant', 16384, 0), (15599, 'orangehrms_new/hs_hr_employee', 0, 'Antelope', 'Compact or Redundant', 16384, 0), (15600, 'orangehrms_new/hs_hr_employee_feedback', 0, 'Antelope', 'Compact or Redundant', 16384, 0), (15601, 'orangehrms_new/hs_hr_employee_leave_quota', 0, 'Antelope', 'Compact or Redundant', 16384, 0), (15602, 'orangehrms_new/hs_hr_employee_timesheet_period', 0, 'Antelope', 'Compact or Redundant', 16384, 0), (15603, 'orangehrms_new/hs_hr_employee_workshift', 0, 'Antelope', 'Compact or Redundant', 16384, 0), (15604, 'orangehrms_new/hs_hr_empreport', 0, 'Antelope', 'Compact or Redundant', 16384, 0), (15605, 'orangehrms_new/hs_hr_emprep_usergroup', 0, 'Antelope', 'Compact or Redundant', 16384, 0), (15606, 'orangehrms_new/hs_hr_empstat', 0, 'Antelope', 'Compact or Redundant', 16384, 0), (15607, 'orangehrms_new/hs_hr_emp_attachment', 0, 'Antelope', 'Compact or Redundant', 16384, 0), (15608, 'orangehrms_new/hs_hr_emp_basicsalary', 0, 'Antelope', 'Compact or Redundant', 16384, 0), (15609, 'orangehrms_new/hs_hr_emp_children', 0, 'Antelope', 'Compact or Redundant', 16384, 0), (15610, 'orangehrms_new/hs_hr_emp_contract_extend', 0, 'Antelope', 'Compact or Redundant', 16384, 0), (15611, 'orangehrms_new/hs_hr_emp_dependents', 0, 'Antelope', 'Compact or Redundant', 16384, 0), (15612, 'orangehrms_new/hs_hr_emp_directdebit', 0, 'Antelope', 'Compact or Redundant', 16384, 0), (15613, 'orangehrms_new/hs_hr_emp_education', 0, 'Antelope', 'Compact or Redundant', 16384, 0), (15614, 'orangehrms_new/hs_hr_emp_emergency_contacts', 0, 'Antelope', 'Compact or Redundant', 16384, 0), (15615, 'orangehrms_new/hs_hr_emp_history_of_ealier_pos', 0, 'Antelope', 'Compact or Redundant', 16384, 0), (15616, 'orangehrms_new/hs_hr_emp_jobtitle_history', 0, 'Antelope', 'Compact or Redundant', 16384, 0), (15617, 'orangehrms_new/hs_hr_emp_language', 0, 'Antelope', 'Compact or Redundant', 16384, 0), (15618, 'orangehrms_new/hs_hr_emp_licenses', 0, 'Antelope', 'Compact or Redundant', 16384, 0), (15619, 'orangehrms_new/hs_hr_emp_locations', 0, 'Antelope', 'Compact or Redundant', 16384, 0), (15620, 'orangehrms_new/hs_hr_emp_location_history', 0, 'Antelope', 'Compact or Redundant', 16384, 0), (15621, 'orangehrms_new/hs_hr_emp_member_detail', 0, 'Antelope', 'Compact or Redundant', 16384, 0), (15622, 'orangehrms_new/hs_hr_emp_passport', 0, 'Antelope', 'Compact or Redundant', 16384, 0), (15623, 'orangehrms_new/hs_hr_emp_reportto', 0, 'Antelope', 'Compact or Redundant', 16384, 0), (15624, 'orangehrms_new/hs_hr_emp_skill', 0, 'Antelope', 'Compact or Redundant', 16384, 0), (15625, 'orangehrms_new/hs_hr_emp_somu', 0, 'Antelope', 'Compact or Redundant', 16384, 0), (15626, 'orangehrms_new/hs_hr_emp_subdivision_history', 0, 'Antelope', 'Compact or Redundant', 16384, 0), (15627, 'orangehrms_new/hs_hr_emp_us_tax', 0, 'Antelope', 'Compact or Redundant', 16384, 0), (15628, 'orangehrms_new/hs_hr_emp_work_experience', 0, 'Antelope', 'Compact or Redundant', 16384, 0), (15629, 'orangehrms_new/hs_hr_ethnic_race', 0, 'Antelope', 'Compact or Redundant', 16384, 0), (15630, 'orangehrms_new/hs_hr_file_version', 0, 'Antelope', 'Compact or Redundant', 16384, 0), (15631, 'orangehrms_new/hs_hr_genderinfo', 0, 'Antelope', 'Compact or Redundant', 16384, 0), (15632, 'orangehrms_new/hs_hr_geninfo', 0, 'Antelope', 'Compact or Redundant', 16384, 0), (15633, 'orangehrms_new/hs_hr_hcs_utility', 0, 'Antelope', 'Compact or Redundant', 16384, 0), (15634, 'orangehrms_new/hs_hr_hod_sub_departs', 0, 'Antelope', 'Compact or Redundant', 16384, 0), (15635, 'orangehrms_new/hs_hr_holidays', 0, 'Antelope', 'Compact or Redundant', 16384, 0), (15636, 'orangehrms_new/hs_hr_hsp', 0, 'Antelope', 'Compact or Redundant', 16384, 0), (15637, 'orangehrms_new/hs_hr_hsp_payment_request', 0, 'Antelope', 'Compact or Redundant', 16384, 0), (15638, 'orangehrms_new/hs_hr_hsp_summary', 0, 'Antelope', 'Compact or Redundant', 16384, 0), (15639, 'orangehrms_new/hs_hr_information_share', 0, 'Antelope', 'Compact or Redundant', 16384, 0), (15640, 'orangehrms_new/hs_hr_jobtit_empstat', 0, 'Antelope', 'Compact or Redundant', 16384, 0), (15641, 'orangehrms_new/hs_hr_job_application', 0, 'Antelope', 'Compact or Redundant', 16384, 0), (15642, 'orangehrms_new/hs_hr_job_application_events', 0, 'Antelope', 'Compact or Redundant', 16384, 0), (15643, 'orangehrms_new/hs_hr_job_spec', 0, 'Antelope', 'Compact or Redundant', 16384, 0), (15644, 'orangehrms_new/hs_hr_job_title', 0, 'Antelope', 'Compact or Redundant', 16384, 0), (15645, 'orangehrms_new/hs_hr_job_vacancy', 0, 'Antelope', 'Compact or Redundant', 16384, 0), (15646, 'orangehrms_new/hs_hr_kpi', 0, 'Antelope', 'Compact or Redundant', 16384, 0), (15647, 'orangehrms_new/hs_hr_language', 0, 'Antelope', 'Compact or Redundant', 16384, 0), (15648, 'orangehrms_new/hs_hr_leave', 0, 'Antelope', 'Compact or Redundant', 16384, 0), (15649, 'orangehrms_new/hs_hr_leavetype', 0, 'Antelope', 'Compact or Redundant', 16384, 0), (15650, 'orangehrms_new/hs_hr_leave_period', 0, 'Antelope', 'Compact or Redundant', 16384, 0), (15651, 'orangehrms_new/hs_hr_leave_requests', 0, 'Antelope', 'Compact or Redundant', 16384, 0), (15652, 'orangehrms_new/hs_hr_licenses', 0, 'Antelope', 'Compact or Redundant', 16384, 0), (15653, 'orangehrms_new/hs_hr_location', 0, 'Antelope', 'Compact or Redundant', 16384, 0), (15654, 'orangehrms_new/hs_hr_mailnotifications', 0, 'Antelope', 'Compact or Redundant', 16384, 0), (15655, 'orangehrms_new/hs_hr_membership', 0, 'Antelope', 'Compact or Redundant', 16384, 0), (15656, 'orangehrms_new/hs_hr_membership_type', 0, 'Antelope', 'Compact or Redundant', 16384, 0), (15657, 'orangehrms_new/hs_hr_module', 0, 'Antelope', 'Compact or Redundant', 16384, 0), (15658, 'orangehrms_new/hs_hr_nationality', 0, 'Antelope', 'Compact or Redundant', 16384, 0), (15659, 'orangehrms_new/hs_hr_payperiod', 0, 'Antelope', 'Compact or Redundant', 16384, 0), (15660, 'orangehrms_new/hs_hr_pay_period', 0, 'Antelope', 'Compact or Redundant', 16384, 0), (15661, 'orangehrms_new/hs_hr_performance_review', 0, 'Antelope', 'Compact or Redundant', 16384, 0), (15662, 'orangehrms_new/hs_hr_performance_review_comments', 0, 'Antelope', 'Compact or Redundant', 16384, 0), (15663, 'orangehrms_new/hs_hr_project', 0, 'Antelope', 'Compact or Redundant', 16384, 0), (15664, 'orangehrms_new/hs_hr_project_activity', 0, 'Antelope', 'Compact or Redundant', 16384, 0), (15665, 'orangehrms_new/hs_hr_project_admin', 0, 'Antelope', 'Compact or Redundant', 16384, 0), (15666, 'orangehrms_new/hs_hr_province', 0, 'Antelope', 'Compact or Redundant', 16384, 0), (15667, 'orangehrms_new/hs_hr_quiz', 0, 'Antelope', 'Compact or Redundant', 16384, 0), (15668, 'orangehrms_new/hs_hr_rights', 0, 'Antelope', 'Compact or Redundant', 16384, 0), (15669, 'orangehrms_new/hs_hr_skill', 0, 'Antelope', 'Compact or Redundant', 16384, 0), (15670, 'orangehrms_new/hs_hr_timesheet', 0, 'Antelope', 'Compact or Redundant', 16384, 0), (15671, 'orangehrms_new/hs_hr_timesheet_submission_period', 0, 'Antelope', 'Compact or Redundant', 16384, 0), (15672, 'orangehrms_new/hs_hr_time_event', 0, 'Antelope', 'Compact or Redundant', 16384, 0), (15673, 'orangehrms_new/hs_hr_unique_id', 0, 'Antelope', 'Compact or Redundant', 16384, 0), (15674, 'orangehrms_new/hs_hr_users', 0, 'Antelope', 'Compact or Redundant', 16384, 0), (15675, 'orangehrms_new/hs_hr_user_group', 0, 'Antelope', 'Compact or Redundant', 16384, 0), (15676, 'orangehrms_new/hs_hr_versions', 0, 'Antelope', 'Compact or Redundant', 16384, 0), (15677, 'orangehrms_new/hs_hr_weekends', 0, 'Antelope', 'Compact or Redundant', 16384, 0), (15678, 'orangehrms_new/hs_hr_workshift', 0, 'Antelope', 'Compact or Redundant', 16384, 0), (15679, 'orangehrms_new/hs_pr_salary_currency_detail', 0, 'Antelope', 'Compact or Redundant', 16384, 0), (15680, 'orangehrms_new/hs_pr_salary_grade', 0, 'Antelope', 'Compact or Redundant', 16384, 0), (15681, 'orangehrms_new/nonregularise', 0, 'Antelope', 'Compact or Redundant', 16384, 0), (15682, 'orangehrms_new/regulariserep', 0, 'Antelope', 'Compact or Redundant', 16384, 0), (15683, 'orangehrms_new/table1', 0, 'Antelope', 'Compact or Redundant', 16384, 0), (15684, 'orangehrms_new/testtable', 0, 'Antelope', 'Compact or Redundant', 16384, 0), (15685, 'imtma_einvoice/einvoicedata', 0, 'Antelope', 'Compact or Redundant', 16384, 0), (15686, 'imtma_einvoice/einvoicedata_dmtx_invoice', 0, 'Antelope', 'Compact or Redundant', 16384, 0), (15687, 'imtma_einvoice/einvoicedata_imtex_invoice', 0, 'Antelope', 'Compact or Redundant', 16384, 0), (15688, 'imtma_einvoice/einvoicedata_membership_invoice', 0, 'Antelope', 'Compact or Redundant', 16384, 0), (15690, 'biec_application/biec_miscellaneous_data_entry', 0, 'Antelope', 'Compact or Redundant', 16384, 0), (15691, 'biec_application/biec_exhibition_sponsorship_data_entry', 0, 'Antelope', 'Compact or Redundant', 16384, 0), (15692, 'biec_application/biec_exibition_catalouge_data_entry', 0, 'Antelope', 'Compact or Redundant', 16384, 0), (15693, 'biec_application/biec_exhibitor', 0, 'Antelope', 'Compact or Redundant', 16384, 0), (15694, 'biec_application_staging/biec_exhibitor', 0, 'Antelope', 'Compact or Redundant', 16384, 0), (15923, 'biec_application/biec_exhibition', 0, 'Antelope', 'Compact or Redundant', 16384, 0), (15924, 'biec_application/biec_event_settings', 0, 'Antelope', 'Compact or Redundant', 16384, 0), (15925, 'biec_dmtx/biec_exhibition', 0, 'Antelope', 'Compact or Redundant', 16384, 0), (15926, 'biec_dmtx/biec_exhibitor', 0, 'Antelope', 'Compact or Redundant', 16384, 0), (15927, 'biec_application/biec_event_rate_entry', 0, 'Antelope', 'Compact or Redundant', 16384, 0);


# Dumping structure for table information_schema.INNODB_SYS_TABLESTATS
